CRAN Package Check Results for Package cem

Last updated on 2015-03-29 11:51:11.

Flavor Version Tinstall Tcheck Ttotal Status Flags
r-devel-linux-x86_64-debian-clang 1.1.10 1.09 66.83 67.92 NOTE
r-devel-linux-x86_64-debian-gcc 1.1.10 1.36 64.77 66.13 NOTE
r-devel-linux-x86_64-fedora-clang 1.1.10 132.14 NOTE
r-devel-linux-x86_64-fedora-gcc 1.1.10 128.95 NOTE
r-devel-osx-x86_64-clang 1.1.10 122.17 NOTE
r-prerel-windows-ix86+x86_64 1.1.10 7.00 112.00 119.00 NOTE
r-prerel-linux-x86_64 1.1.10 1.08 64.74 65.82 NOTE
r-prerel-solaris-sparc 1.1.10 829.80 NOTE
r-prerel-solaris-x86 1.1.10 152.40 NOTE
r-release-linux-x86_64 1.1.10 1.98 75.13 77.11 NOTE
r-release-osx-x86_64-mavericks 1.1.10 NOTE
r-release-osx-x86_64-snowleopard 1.1.10 OK
r-release-windows-ix86+x86_64 1.1.10 6.00 114.00 120.00 NOTE
r-oldrel-windows-ix86+x86_64 1.1.10 5.00 121.00 126.00 OK

Check Details

Version: 1.1.10
Check: DESCRIPTION meta-information
Result: NOTE
    Malformed Description field: should contain one or more complete sentences.
Flavors: r-devel-linux-x86_64-debian-clang, r-devel-linux-x86_64-debian-gcc, r-devel-linux-x86_64-fedora-clang, r-devel-linux-x86_64-fedora-gcc, r-devel-osx-x86_64-clang, r-prerel-windows-ix86+x86_64, r-prerel-linux-x86_64, r-prerel-solaris-sparc, r-prerel-solaris-x86

Version: 1.1.10
Check: dependencies in R code
Result: NOTE
    'library' or 'require' calls in package code:
     ‘MatchIt’ ‘tcltk’
     Please use :: or requireNamespace() instead.
     See section 'Suggested packages' in the 'Writing R Extensions' manual.
Flavors: r-devel-linux-x86_64-debian-clang, r-devel-linux-x86_64-debian-gcc, r-devel-linux-x86_64-fedora-clang, r-devel-linux-x86_64-fedora-gcc, r-devel-osx-x86_64-clang, r-prerel-windows-ix86+x86_64, r-prerel-linux-x86_64, r-prerel-solaris-sparc, r-prerel-solaris-x86, r-release-linux-x86_64, r-release-windows-ix86+x86_64

Version: 1.1.10
Check: R code for possible problems
Result: NOTE
    enumerateInteractions: no visible global function definition for ‘nCm’
    imbspace.plot: no visible global function definition for ‘tcl’
    imbspace.plot: no visible binding for global variable ‘ttkbutton’
    imbspace.plot: no visible binding for global variable ‘ttkframe’
    imbspace.plot: no visible binding for global variable ‘ttklabel’
    imbspace.plot: no visible binding for global variable ‘ttkradiobutton’
    imbspace.plot: no visible global function definition for
     ‘tclServiceMode’
    imbspace.plot: no visible global function definition for ‘tktoplevel’
    imbspace.plot: no visible global function definition for ‘tkwm.title’
    imbspace.plot: no visible global function definition for ‘tclVar’
    imbspace.plot: no visible global function definition for ‘tkpack’
    imbspace.plot: no visible global function definition for ‘tkentry’
    imbspace.plot : OnOK: no visible global function definition for
     ‘tclvalue’
    imbspace.plot : OnOK: no visible global function definition for
     ‘tclServiceMode’
    imbspace.plot : update.imbplot: no visible global function definition
     for ‘tclvalue<-’
    imbspace.plot : update.imbplot: no visible global function definition
     for ‘tkfocus’
    imbspace.plot: no visible global function definition for ‘tkdestroy’
    search.match: no visible global function definition for ‘matchit’
    spacegraph.plot: no visible global function definition for ‘tcl’
    spacegraph.plot: no visible binding for global variable ‘ttkbutton’
    spacegraph.plot: no visible binding for global variable ‘ttkframe’
    spacegraph.plot: no visible binding for global variable ‘ttklabel’
    spacegraph.plot: no visible binding for global variable
     ‘ttkradiobutton’
    spacegraph.plot: no visible global function definition for
     ‘tclServiceMode’
    spacegraph.plot: no visible global function definition for ‘tktoplevel’
    spacegraph.plot: no visible global function definition for ‘tkwm.title’
    spacegraph.plot: no visible global function definition for ‘tclVar’
    spacegraph.plot: no visible global function definition for ‘tkpack’
    spacegraph.plot: no visible global function definition for ‘tkentry’
    spacegraph.plot : OnCall: no visible global function definition for
     ‘tclvalue’
    spacegraph.plot : OnCall: no visible global function definition for
     ‘tclServiceMode’
    spacegraph.plot : OnOK: no visible global function definition for
     ‘tclvalue’
    spacegraph.plot : OnOK: no visible global function definition for
     ‘tclServiceMode’
    spacegraph.plot : update.imbplot: no visible global function definition
     for ‘tclvalue<-’
    spacegraph.plot : update.imbplot: no visible global function definition
     for ‘tkfocus’
    spacegraph.plot: no visible global function definition for ‘tkdestroy’
Flavors: r-devel-linux-x86_64-debian-clang, r-devel-linux-x86_64-debian-gcc, r-devel-linux-x86_64-fedora-clang, r-devel-linux-x86_64-fedora-gcc, r-devel-osx-x86_64-clang, r-prerel-windows-ix86+x86_64, r-prerel-linux-x86_64, r-prerel-solaris-sparc, r-prerel-solaris-x86, r-release-linux-x86_64, r-release-osx-x86_64-mavericks, r-release-windows-ix86+x86_64