CRAN Package Check Results for Package cem

Last updated on 2015-07-02 17:47:06.

Flavor Version Tinstall Tcheck Ttotal Status Flags
r-devel-linux-x86_64-debian-clang 1.1.16 1.29 61.95 63.24 NOTE
r-devel-linux-x86_64-debian-gcc 1.1.16 1.30 60.99 62.29 NOTE
r-devel-linux-x86_64-fedora-clang 1.1.16 122.20 NOTE
r-devel-linux-x86_64-fedora-gcc 1.1.16 116.63 NOTE
r-devel-osx-x86_64-clang 1.1.16 113.13 NOTE
r-devel-windows-ix86+x86_64 1.1.16 5.00 90.00 95.00 NOTE
r-patched-linux-x86_64 1.1.16 1.31 60.94 62.26 OK
r-patched-solaris-sparc 1.1.16 771.50 NOTE
r-patched-solaris-x86 1.1.16 157.40 NOTE
r-release-linux-x86_64 1.1.16 1.33 62.92 64.25 OK
r-release-osx-x86_64-mavericks 1.1.16 OK
r-release-windows-ix86+x86_64 1.1.16 5.00 101.00 106.00 OK
r-oldrel-windows-ix86+x86_64 1.1.16 7.00 104.00 111.00 OK

Check Details

Version: 1.1.16
Check: R code for possible problems
Result: NOTE
    L1.meas: no visible global function definition for ‘nclass.scott’
    L1.meas: no visible global function definition for ‘na.omit’
    L1.profile: no visible global function definition for ‘txtProgressBar’
    L1.profile: no visible global function definition for
     ‘setTxtProgressBar’
    L1.profile: no visible global function definition for ‘median’
    ak2k: no visible global function definition for ‘runif’
    ak2k: no visible global function definition for ‘dist’
    att: no visible global function definition for ‘terms’
    att: no visible global function definition for ‘predict’
    att: no visible global function definition for ‘na.omit’
    att: no visible global function definition for ‘weighted.mean’
    att: no visible global function definition for ‘var’
    att: no visible global function definition for ‘pnorm’
    att: no visible global function definition for ‘update’
    att: no visible global function definition for ‘coef’
    att : <anonymous>: no visible global function definition for
     ‘weighted.mean’
    att: no visible global function definition for ‘fitted’
    att: no visible global function definition for ‘t.test’
    cem: no visible global function definition for ‘na.omit’
    cem.imbalance: no visible global function definition for ‘na.omit’
    cem.imbalance: no visible global function definition for ‘nclass.scott’
    cem.imbalance: no visible global function definition for ‘xtabs’
    cemspace: no visible global function definition for ‘median’
    cemspace: no visible global function definition for ‘txtProgressBar’
    cemspace: no visible global function definition for ‘setTxtProgressBar’
    dataPrep: no visible global function definition for ‘na.omit’
    drop.deviance.test: no visible global function definition for ‘logLik’
    drop.deviance.test: no visible global function definition for
     ‘deviance’
    drop.deviance.test: no visible global function definition for ‘pchisq’
    find.strata: no visible global function definition for ‘na.omit’
    genForm: no visible global function definition for ‘rmultinom’
    heuristicForm: no visible global function definition for ‘dpois’
    heuristicForm: no visible global function definition for ‘rmultinom’
    imbalance: no visible global function definition for ‘nclass.scott’
    imbalance: no visible global function definition for ‘na.omit’
    imbalance : stdmean: no visible global function definition for
     ‘weighted.mean’
    imbalance: no visible global function definition for ‘chisq.test’
    imbspace: no visible global function definition for ‘nclass.scott’
    imbspace: no visible global function definition for ‘na.omit’
    imbspace: no visible global function definition for ‘median’
    imbspace: no visible global function definition for ‘txtProgressBar’
    imbspace: no visible global function definition for ‘setTxtProgressBar’
    imbspace.plot: no visible global function definition for ‘rgb’
    imbspace.plot: no visible global function definition for ‘plot’
    imbspace.plot: no visible global function definition for ‘axis’
    imbspace.plot: no visible global function definition for ‘box’
    imbspace.plot: no visible global function definition for ‘points’
    imbspace.plot: no visible global function definition for ‘text’
    imbspace.plot: no visible global function definition for ‘xy.coords’
    imbspace.plot : OnOK: no visible global function definition for
     ‘xy.coords’
    imbspace.plot : update.imbplot: no visible global function definition
     for ‘points’
    imbspace.plot : update.imbplot: no visible global function definition
     for ‘text’
    imbspace.plot: no visible global function definition for ‘identify’
    imbspace.plot2: no visible global function definition for ‘rgb’
    imbspace.plot2: no visible global function definition for ‘plot’
    imbspace.plot2: no visible global function definition for ‘axis’
    imbspace.plot2: no visible global function definition for ‘box’
    imbspace.plot2: no visible global function definition for ‘points’
    imbspace.plot2: no visible global function definition for ‘text’
    k2k: no visible global function definition for ‘runif’
    k2k: no visible global function definition for ‘dist’
    matchitspace: no visible global function definition for
     ‘txtProgressBar’
    matchitspace: no visible global function definition for ‘runif’
    matchitspace: no visible global function definition for ‘na.omit’
    matchitspace: no visible global function definition for
     ‘setTxtProgressBar’
    mdiff: no visible binding for global variable ‘weighted.mean’
    mdiff: no visible binding for global variable ‘sd’
    mdisc2: no visible global function definition for ‘as.formula’
    mdistfun: no visible global function definition for ‘model.frame’
    mdistfun: no visible global function definition for ‘model.matrix’
    mdistfun: no visible global function definition for ‘cov’
    mdistfun2: no visible global function definition for ‘model.frame’
    mdistfun2: no visible global function definition for ‘model.matrix’
    mdistfun2: no visible global function definition for ‘cov’
    mdm: no visible global function definition for ‘model.frame’
    mdm: no visible global function definition for ‘model.matrix’
    mdm: no visible global function definition for ‘cov’
    mdm: no visible global function definition for ‘na.omit’
    mdmspace: no visible global function definition for ‘txtProgressBar’
    mdmspace: no visible global function definition for ‘as.formula’
    mdmspace: no visible global function definition for ‘setTxtProgressBar’
    my.imbalance: no visible global function definition for ‘nclass.scott’
    my.imbalance: no visible global function definition for ‘na.omit’
    myMH4: no visible global function definition for ‘na.omit’
    nclass.ss: no visible global function definition for ‘hist’
    pair: no visible global function definition for ‘runif’
    pair: no visible global function definition for ‘dist’
    plot.L1profile: no visible global function definition for ‘plot’
    plot.L1profile: no visible global function definition for ‘axis’
    plot.L1profile: no visible global function definition for ‘lines’
    print.cem.att: no visible global function definition for ‘qnorm’
    pscoreSelect: no visible global function definition for ‘pnorm’
    pscoreSelect: no visible global function definition for
     ‘txtProgressBar’
    pscoreSelect: no visible global function definition for ‘glm’
    pscoreSelect: no visible global function definition for ‘as.formula’
    pscoreSelect: no visible global function definition for
     ‘setTxtProgressBar’
    psm: no visible global function definition for ‘na.omit’
    psm: no visible global function definition for ‘glm’
    psm: Error while checking: invalid ‘envir’ argument
    psmspace: no visible global function definition for ‘txtProgressBar’
    psmspace: no visible global function definition for ‘setTxtProgressBar’
    random.matchit: no visible global function definition for
     ‘txtProgressBar’
    random.matchit: no visible global function definition for
     ‘setTxtProgressBar’
    random.matchit: no visible global function definition for ‘runif’
    randomCaliper: no visible global function definition for ‘na.omit’
    reduce.var: no visible global function definition for ‘nclass.Sturges’
    reduce.var: no visible global function definition for ‘nclass.FD’
    reduce.var: no visible global function definition for ‘nclass.scott’
    relax.cem: no visible global function definition for ‘nclass.scott’
    relax.cem: no visible global function definition for ‘na.omit’
    relax.cem: no visible global function definition for ‘nclass.FD’
    relax.cem: no visible global function definition for ‘txtProgressBar’
    relax.cem: no visible global function definition for
     ‘setTxtProgressBar’
    relax.plot: no visible global function definition for ‘par’
    relax.plot: no visible global function definition for ‘plot’
    relax.plot: no visible global function definition for ‘points’
    relax.plot: no visible global function definition for ‘axis’
    relax.plot: no visible global function definition for ‘text’
    relax.plot: no visible global function definition for ‘mtext’
    relax.plot: no visible global function definition for ‘box’
    search.match: no visible global function definition for
     ‘txtProgressBar’
    search.match: no visible global function definition for ‘as.formula’
    search.match: no visible global function definition for
     ‘setTxtProgressBar’
    shift.cem: no visible global function definition for ‘lines’
    shift.cem: no visible global function definition for ‘abline’
    spacegraph: no visible global function definition for ‘na.omit’
    spacegraph: no visible global function definition for ‘median’
    spacegraph: no visible global function definition for ‘as.formula’
    spacegraph: no visible global function definition for ‘txtProgressBar’
    spacegraph: no visible global function definition for
     ‘setTxtProgressBar’
    spacegraph.plot: no visible global function definition for ‘na.omit’
    spacegraph.plot: no visible global function definition for ‘plot’
    spacegraph.plot: no visible global function definition for ‘axis’
    spacegraph.plot: no visible global function definition for ‘box’
    spacegraph.plot: no visible global function definition for ‘points’
    spacegraph.plot: no visible global function definition for ‘text’
    spacegraph.plot: no visible global function definition for ‘xy.coords’
    spacegraph.plot : OnCall: no visible global function definition for
     ‘xy.coords’
    spacegraph.plot : OnCall: no visible global function definition for
     ‘as.formula’
    spacegraph.plot : OnOK: no visible global function definition for
     ‘xy.coords’
    spacegraph.plot : update.imbplot: no visible global function definition
     for ‘text’
    spacegraph.plot : update.imbplot: no visible global function definition
     for ‘points’
    spacegraph.plot : update.imbplot: no visible global function definition
     for ‘box’
    spacegraph.plot: no visible global function definition for ‘identify’
    spacegraph.plot2: no visible global function definition for ‘na.omit’
    spacegraph.plot2: no visible global function definition for ‘plot’
    spacegraph.plot2: no visible global function definition for ‘axis’
    spacegraph.plot2: no visible global function definition for ‘box’
    spacegraph.plot2: no visible global function definition for ‘points’
    spacegraph.plot2: no visible global function definition for ‘text’
    spacegraphold: no visible global function definition for ‘na.omit’
    spacegraphold: no visible global function definition for ‘median’
    spacegraphold: no visible global function definition for ‘as.formula’
    spacegraphold: no visible global function definition for
     ‘txtProgressBar’
    spacegraphold: no visible global function definition for
     ‘setTxtProgressBar’
    summary.cem.att: no visible global function definition for
     ‘printCoefmat’
Flavors: r-devel-linux-x86_64-debian-clang, r-devel-linux-x86_64-debian-gcc, r-devel-windows-ix86+x86_64

Version: 1.1.16
Check: R code for possible problems
Result: NOTE
    L1.meas: no visible global function definition for ‘nclass.scott’
    L1.meas: no visible global function definition for ‘na.omit’
    L1.profile: no visible global function definition for ‘txtProgressBar’
    L1.profile: no visible global function definition for
     ‘setTxtProgressBar’
    L1.profile: no visible global function definition for ‘median’
    ak2k: no visible global function definition for ‘runif’
    ak2k: no visible global function definition for ‘dist’
    att: no visible global function definition for ‘terms’
    att: no visible global function definition for ‘predict’
    att: no visible global function definition for ‘na.omit’
    att: no visible global function definition for ‘weighted.mean’
    att: no visible global function definition for ‘var’
    att: no visible global function definition for ‘pnorm’
    att: no visible global function definition for ‘update’
    att: no visible global function definition for ‘coef’
    att : <anonymous>: no visible global function definition for
     ‘weighted.mean’
    att: no visible global function definition for ‘fitted’
    att: no visible global function definition for ‘t.test’
    cem: no visible global function definition for ‘na.omit’
    cem.imbalance: no visible global function definition for ‘na.omit’
    cem.imbalance: no visible global function definition for ‘nclass.scott’
    cem.imbalance: no visible global function definition for ‘xtabs’
    cemspace: no visible global function definition for ‘median’
    cemspace: no visible global function definition for ‘txtProgressBar’
    cemspace: no visible global function definition for ‘setTxtProgressBar’
    dataPrep: no visible global function definition for ‘na.omit’
    drop.deviance.test: no visible global function definition for ‘logLik’
    drop.deviance.test: no visible global function definition for
     ‘deviance’
    drop.deviance.test: no visible global function definition for ‘pchisq’
    find.strata: no visible global function definition for ‘na.omit’
    genForm: no visible global function definition for ‘rmultinom’
    heuristicForm: no visible global function definition for ‘dpois’
    heuristicForm: no visible global function definition for ‘rmultinom’
    imbalance: no visible global function definition for ‘nclass.scott’
    imbalance: no visible global function definition for ‘na.omit’
    imbalance : stdmean: no visible global function definition for
     ‘weighted.mean’
    imbalance: no visible global function definition for ‘chisq.test’
    imbspace: no visible global function definition for ‘nclass.scott’
    imbspace: no visible global function definition for ‘na.omit’
    imbspace: no visible global function definition for ‘median’
    imbspace: no visible global function definition for ‘txtProgressBar’
    imbspace: no visible global function definition for ‘setTxtProgressBar’
    imbspace.plot: no visible global function definition for ‘rgb’
    imbspace.plot: no visible global function definition for ‘plot’
    imbspace.plot: no visible global function definition for ‘axis’
    imbspace.plot: no visible global function definition for ‘box’
    imbspace.plot: no visible global function definition for ‘points’
    imbspace.plot: no visible global function definition for ‘text’
    imbspace.plot: no visible global function definition for ‘xy.coords’
    imbspace.plot : OnOK: no visible global function definition for
     ‘xy.coords’
    imbspace.plot : update.imbplot: no visible global function definition
     for ‘points’
    imbspace.plot : update.imbplot: no visible global function definition
     for ‘text’
    imbspace.plot: no visible global function definition for ‘identify’
    imbspace.plot2: no visible global function definition for ‘rgb’
    imbspace.plot2: no visible global function definition for ‘plot’
    imbspace.plot2: no visible global function definition for ‘axis’
    imbspace.plot2: no visible global function definition for ‘box’
    imbspace.plot2: no visible global function definition for ‘points’
    imbspace.plot2: no visible global function definition for ‘text’
    k2k: no visible global function definition for ‘runif’
    k2k: no visible global function definition for ‘dist’
    matchitspace: no visible global function definition for
     ‘txtProgressBar’
    matchitspace: no visible global function definition for ‘runif’
    matchitspace: no visible global function definition for ‘na.omit’
    matchitspace: no visible global function definition for
     ‘setTxtProgressBar’
    mdiff: no visible binding for global variable ‘weighted.mean’
    mdiff: no visible binding for global variable ‘sd’
    mdisc2: no visible global function definition for ‘as.formula’
    mdistfun: no visible global function definition for ‘model.frame’
    mdistfun: no visible global function definition for ‘model.matrix’
    mdistfun: no visible global function definition for ‘cov’
    mdistfun2: no visible global function definition for ‘model.frame’
    mdistfun2: no visible global function definition for ‘model.matrix’
    mdistfun2: no visible global function definition for ‘cov’
    mdm: no visible global function definition for ‘model.frame’
    mdm: no visible global function definition for ‘model.matrix’
    mdm: no visible global function definition for ‘cov’
    mdm: no visible global function definition for ‘na.omit’
    mdmspace: no visible global function definition for ‘txtProgressBar’
    mdmspace: no visible global function definition for ‘as.formula’
    mdmspace: no visible global function definition for ‘setTxtProgressBar’
    my.imbalance: no visible global function definition for ‘nclass.scott’
    my.imbalance: no visible global function definition for ‘na.omit’
    myMH4: no visible global function definition for ‘na.omit’
    nclass.ss: no visible global function definition for ‘hist’
    pair: no visible global function definition for ‘runif’
    pair: no visible global function definition for ‘dist’
    plot.L1profile: no visible global function definition for ‘plot’
    plot.L1profile: no visible global function definition for ‘axis’
    plot.L1profile: no visible global function definition for ‘lines’
    print.cem.att: no visible global function definition for ‘qnorm’
    pscoreSelect: no visible global function definition for ‘pnorm’
    pscoreSelect: no visible global function definition for
     ‘txtProgressBar’
    pscoreSelect: no visible global function definition for ‘glm’
    pscoreSelect: no visible global function definition for ‘as.formula’
    pscoreSelect: no visible global function definition for
     ‘setTxtProgressBar’
    psm: no visible global function definition for ‘na.omit’
    psm: no visible global function definition for ‘glm’
    psm: Error while checking: invalid 'envir' argument
    psmspace: no visible global function definition for ‘txtProgressBar’
    psmspace: no visible global function definition for ‘setTxtProgressBar’
    random.matchit: no visible global function definition for
     ‘txtProgressBar’
    random.matchit: no visible global function definition for
     ‘setTxtProgressBar’
    random.matchit: no visible global function definition for ‘runif’
    randomCaliper: no visible global function definition for ‘na.omit’
    reduce.var: no visible global function definition for ‘nclass.Sturges’
    reduce.var: no visible global function definition for ‘nclass.FD’
    reduce.var: no visible global function definition for ‘nclass.scott’
    relax.cem: no visible global function definition for ‘nclass.scott’
    relax.cem: no visible global function definition for ‘na.omit’
    relax.cem: no visible global function definition for ‘nclass.FD’
    relax.cem: no visible global function definition for ‘txtProgressBar’
    relax.cem: no visible global function definition for
     ‘setTxtProgressBar’
    relax.plot: no visible global function definition for ‘par’
    relax.plot: no visible global function definition for ‘plot’
    relax.plot: no visible global function definition for ‘points’
    relax.plot: no visible global function definition for ‘axis’
    relax.plot: no visible global function definition for ‘text’
    relax.plot: no visible global function definition for ‘mtext’
    relax.plot: no visible global function definition for ‘box’
    search.match: no visible global function definition for
     ‘txtProgressBar’
    search.match: no visible global function definition for ‘as.formula’
    search.match: no visible global function definition for
     ‘setTxtProgressBar’
    shift.cem: no visible global function definition for ‘lines’
    shift.cem: no visible global function definition for ‘abline’
    spacegraph: no visible global function definition for ‘na.omit’
    spacegraph: no visible global function definition for ‘median’
    spacegraph: no visible global function definition for ‘as.formula’
    spacegraph: no visible global function definition for ‘txtProgressBar’
    spacegraph: no visible global function definition for
     ‘setTxtProgressBar’
    spacegraph.plot: no visible global function definition for ‘na.omit’
    spacegraph.plot: no visible global function definition for ‘plot’
    spacegraph.plot: no visible global function definition for ‘axis’
    spacegraph.plot: no visible global function definition for ‘box’
    spacegraph.plot: no visible global function definition for ‘points’
    spacegraph.plot: no visible global function definition for ‘text’
    spacegraph.plot: no visible global function definition for ‘xy.coords’
    spacegraph.plot : OnCall: no visible global function definition for
     ‘xy.coords’
    spacegraph.plot : OnCall: no visible global function definition for
     ‘as.formula’
    spacegraph.plot : OnOK: no visible global function definition for
     ‘xy.coords’
    spacegraph.plot : update.imbplot: no visible global function definition
     for ‘text’
    spacegraph.plot : update.imbplot: no visible global function definition
     for ‘points’
    spacegraph.plot : update.imbplot: no visible global function definition
     for ‘box’
    spacegraph.plot: no visible global function definition for ‘identify’
    spacegraph.plot2: no visible global function definition for ‘na.omit’
    spacegraph.plot2: no visible global function definition for ‘plot’
    spacegraph.plot2: no visible global function definition for ‘axis’
    spacegraph.plot2: no visible global function definition for ‘box’
    spacegraph.plot2: no visible global function definition for ‘points’
    spacegraph.plot2: no visible global function definition for ‘text’
    spacegraphold: no visible global function definition for ‘na.omit’
    spacegraphold: no visible global function definition for ‘median’
    spacegraphold: no visible global function definition for ‘as.formula’
    spacegraphold: no visible global function definition for
     ‘txtProgressBar’
    spacegraphold: no visible global function definition for
     ‘setTxtProgressBar’
    summary.cem.att: no visible global function definition for
     ‘printCoefmat’
    Undefined global functions or variables:
     abline as.formula axis box chisq.test coef cov deviance dist dpois
     fitted glm hist identify lines logLik median model.frame model.matrix
     mtext na.omit nclass.FD nclass.Sturges nclass.scott par pchisq plot
     pnorm points predict printCoefmat qnorm rgb rmultinom runif sd
     setTxtProgressBar t.test terms text txtProgressBar update var
     weighted.mean xtabs xy.coords
Flavors: r-devel-linux-x86_64-fedora-clang, r-devel-linux-x86_64-fedora-gcc

Version: 1.1.16
Check: re-building of vignette outputs
Result: NOTE
    Error in re-building vignettes:
     ...
     no non-missing arguments to min; returning Inf
    Warning in min(x, na.rm = TRUE) :
     no non-missing arguments to min; returning Inf
    Warning in min(x, na.rm = TRUE) :
     no non-missing arguments to min; returning Inf
    Error in texi2dvi(file = file, pdf = TRUE, clean = clean, quiet = quiet, :
     Running 'texi2dvi' on 'cem.tex' failed.
    LaTeX errors:
    ! LaTeX Error: Unknown float option `H'.
    
    See the LaTeX manual or LaTeX Companion for explanation.
    Type H <return> for immediate help.
     ...
    ! LaTeX Error: Unknown float option `H'.
    
    See the LaTeX manual or LaTeX Companion for explanation.
    Type H <return> for immediate help.
     ...
    ! LaTeX Error: Unknown float option `H'.
    
    See the LaTeX manual or LaTeX Companion for explanation.
    Type H <return> for immediate help.
     ...
    Calls: buildVignettes -> texi2pdf -> texi2dvi
    Execution halted
Flavors: r-devel-linux-x86_64-fedora-clang, r-devel-linux-x86_64-fedora-gcc, r-devel-osx-x86_64-clang, r-patched-solaris-sparc, r-patched-solaris-x86