CRAN Package Check Results for Package cem

Last updated on 2016-07-23 19:47:37.

Flavor Version Tinstall Tcheck Ttotal Status Flags
r-devel-linux-x86_64-debian-clang 1.1.17 1.98 69.00 70.97 OK
r-devel-linux-x86_64-debian-gcc 1.1.17 1.69 69.13 70.82 OK
r-devel-linux-x86_64-fedora-clang 1.1.17 96.93 OK
r-devel-linux-x86_64-fedora-gcc 1.1.17 92.14 OK
r-devel-osx-x86_64-clang 1.1.17 82.65 OK
r-devel-windows-ix86+x86_64 1.1.17 6.00 96.00 102.00 OK
r-patched-linux-x86_64 1.1.17 1.60 67.29 68.89 OK
r-patched-solaris-sparc 1.1.17 615.60 OK
r-patched-solaris-x86 1.1.17 119.00 OK
r-release-linux-x86_64 1.1.17 1.94 68.79 70.73 OK
r-release-osx-x86_64-mavericks 1.1.17 WARN
r-release-windows-ix86+x86_64 1.1.17 4.00 90.00 94.00 OK
r-oldrel-windows-ix86+x86_64 1.1.17 8.00 146.00 154.00 OK

Check Details

Version: 1.1.17
Check: dependencies in R code
Result: NOTE
    Invalid MIT-MAGIC-COOKIE-1 key
Flavor: r-release-osx-x86_64-mavericks

Version: 1.1.17
Check: S3 generic/method consistency
Result: WARN
    Invalid MIT-MAGIC-COOKIE-1 key
    See section ‘Generic functions and methods’ in the ‘Writing R
    Extensions’ manual.
Flavor: r-release-osx-x86_64-mavericks

Version: 1.1.17
Check: replacement functions
Result: WARN
    Invalid MIT-MAGIC-COOKIE-1 key
    The argument of a replacement function which corresponds to the right
    hand side must be named ‘value’.
Flavor: r-release-osx-x86_64-mavericks

Version: 1.1.17
Check: foreign function calls
Result: NOTE
    Invalid MIT-MAGIC-COOKIE-1 key
    See chapter ‘System and foreign language interfaces’ in the ‘Writing R
    Extensions’ manual.
Flavor: r-release-osx-x86_64-mavericks

Version: 1.1.17
Check: R code for possible problems
Result: NOTE
    Invalid MIT-MAGIC-COOKIE-1 key
Flavor: r-release-osx-x86_64-mavericks

Version: 1.1.17
Check: for missing documentation entries
Result: WARN
    Invalid MIT-MAGIC-COOKIE-1 key
    All user-level objects in a package should have documentation entries.
    See chapter ‘Writing R documentation files’ in the ‘Writing R
    Extensions’ manual.
Flavor: r-release-osx-x86_64-mavericks

Version: 1.1.17
Check: for code/documentation mismatches
Result: WARN
    Invalid MIT-MAGIC-COOKIE-1 key
    Invalid MIT-MAGIC-COOKIE-1 key
    Invalid MIT-MAGIC-COOKIE-1 key
Flavor: r-release-osx-x86_64-mavericks

Version: 1.1.17
Check: Rd \usage sections
Result: NOTE
    Invalid MIT-MAGIC-COOKIE-1 key
    The \usage entries for S3 methods should use the \method markup and not
    their full name.
    See chapter ‘Writing R documentation files’ in the ‘Writing R
    Extensions’ manual.
Flavor: r-release-osx-x86_64-mavericks