CRAN Package Check Results for Package cem

Last updated on 2015-04-28 21:46:29.

Flavor Version Tinstall Tcheck Ttotal Status Flags
r-devel-linux-x86_64-debian-clang 1.1.10 1.12 66.84 67.97 NOTE
r-devel-linux-x86_64-debian-gcc 1.1.10 1.09 65.58 66.67 NOTE
r-devel-linux-x86_64-fedora-clang 1.1.10 132.00 NOTE
r-devel-linux-x86_64-fedora-gcc 1.1.10 123.37 NOTE
r-devel-osx-x86_64-clang 1.1.10 112.80 NOTE
r-devel-windows-ix86+x86_64 1.1.10 5.00 108.00 113.00 NOTE
r-patched-linux-x86_64 1.1.10 1.07 69.80 70.88 NOTE
r-patched-solaris-sparc 1.1.10 829.80 NOTE
r-patched-solaris-x86 1.1.10 153.30 NOTE
r-release-linux-x86_64 1.1.10 1.08 65.56 66.65 NOTE
r-release-osx-x86_64-mavericks 1.1.10 NOTE
r-release-osx-x86_64-snowleopard 1.1.10 NOTE
r-release-windows-ix86+x86_64 1.1.10 4.00 113.00 117.00 NOTE
r-oldrel-windows-ix86+x86_64 1.1.10 5.00 108.00 113.00 NOTE

Check Details

Version: 1.1.10
Check: DESCRIPTION meta-information
Result: NOTE
    Malformed Description field: should contain one or more complete sentences.
Flavors: r-devel-linux-x86_64-debian-clang, r-devel-linux-x86_64-debian-gcc, r-devel-linux-x86_64-fedora-clang, r-devel-linux-x86_64-fedora-gcc, r-devel-osx-x86_64-clang, r-devel-windows-ix86+x86_64, r-patched-linux-x86_64, r-patched-solaris-sparc, r-patched-solaris-x86, r-release-linux-x86_64, r-release-osx-x86_64-mavericks, r-release-osx-x86_64-snowleopard, r-release-windows-ix86+x86_64

Version: 1.1.10
Check: dependencies in R code
Result: NOTE
    'library' or 'require' calls in package code:
     ‘MatchIt’ ‘tcltk’
     Please use :: or requireNamespace() instead.
     See section 'Suggested packages' in the 'Writing R Extensions' manual.
Flavors: r-devel-linux-x86_64-debian-clang, r-devel-linux-x86_64-debian-gcc, r-devel-linux-x86_64-fedora-clang, r-devel-linux-x86_64-fedora-gcc, r-devel-osx-x86_64-clang, r-devel-windows-ix86+x86_64, r-patched-linux-x86_64, r-patched-solaris-sparc, r-patched-solaris-x86, r-release-linux-x86_64, r-release-osx-x86_64-mavericks, r-release-osx-x86_64-snowleopard, r-release-windows-ix86+x86_64, r-oldrel-windows-ix86+x86_64

Version: 1.1.10
Check: R code for possible problems
Result: NOTE
    enumerateInteractions: no visible global function definition for ‘nCm’
    imbspace.plot: no visible global function definition for ‘tcl’
    imbspace.plot: no visible binding for global variable ‘ttkbutton’
    imbspace.plot: no visible binding for global variable ‘ttkframe’
    imbspace.plot: no visible binding for global variable ‘ttklabel’
    imbspace.plot: no visible binding for global variable ‘ttkradiobutton’
    imbspace.plot: no visible global function definition for
     ‘tclServiceMode’
    imbspace.plot: no visible global function definition for ‘tktoplevel’
    imbspace.plot: no visible global function definition for ‘tkwm.title’
    imbspace.plot: no visible global function definition for ‘tclVar’
    imbspace.plot: no visible global function definition for ‘tkpack’
    imbspace.plot: no visible global function definition for ‘tkentry’
    imbspace.plot : OnOK: no visible global function definition for
     ‘tclvalue’
    imbspace.plot : OnOK: no visible global function definition for
     ‘tclServiceMode’
    imbspace.plot : update.imbplot: no visible global function definition
     for ‘tclvalue<-’
    imbspace.plot : update.imbplot: no visible global function definition
     for ‘tkfocus’
    imbspace.plot: no visible global function definition for ‘tkdestroy’
    search.match: no visible global function definition for ‘matchit’
    spacegraph.plot: no visible global function definition for ‘tcl’
    spacegraph.plot: no visible binding for global variable ‘ttkbutton’
    spacegraph.plot: no visible binding for global variable ‘ttkframe’
    spacegraph.plot: no visible binding for global variable ‘ttklabel’
    spacegraph.plot: no visible binding for global variable
     ‘ttkradiobutton’
    spacegraph.plot: no visible global function definition for
     ‘tclServiceMode’
    spacegraph.plot: no visible global function definition for ‘tktoplevel’
    spacegraph.plot: no visible global function definition for ‘tkwm.title’
    spacegraph.plot: no visible global function definition for ‘tclVar’
    spacegraph.plot: no visible global function definition for ‘tkpack’
    spacegraph.plot: no visible global function definition for ‘tkentry’
    spacegraph.plot : OnCall: no visible global function definition for
     ‘tclvalue’
    spacegraph.plot : OnCall: no visible global function definition for
     ‘tclServiceMode’
    spacegraph.plot : OnOK: no visible global function definition for
     ‘tclvalue’
    spacegraph.plot : OnOK: no visible global function definition for
     ‘tclServiceMode’
    spacegraph.plot : update.imbplot: no visible global function definition
     for ‘tclvalue<-’
    spacegraph.plot : update.imbplot: no visible global function definition
     for ‘tkfocus’
    spacegraph.plot: no visible global function definition for ‘tkdestroy’
Flavors: r-devel-linux-x86_64-debian-clang, r-devel-linux-x86_64-debian-gcc, r-devel-linux-x86_64-fedora-clang, r-devel-linux-x86_64-fedora-gcc, r-devel-osx-x86_64-clang, r-devel-windows-ix86+x86_64, r-patched-linux-x86_64, r-patched-solaris-sparc, r-patched-solaris-x86, r-release-linux-x86_64, r-release-osx-x86_64-mavericks, r-release-osx-x86_64-snowleopard, r-release-windows-ix86+x86_64, r-oldrel-windows-ix86+x86_64