CRAN Package Check Results for Package cem

Last updated on 2017-08-16 16:46:27.

Flavor Version Tinstall Tcheck Ttotal Status Flags
r-devel-linux-x86_64-debian-clang 1.1.17 1.59 65.43 67.02 OK
r-devel-linux-x86_64-debian-gcc 1.1.17 1.52 66.29 67.81 OK
r-devel-linux-x86_64-fedora-clang 1.1.17 109.10 OK
r-devel-linux-x86_64-fedora-gcc 1.1.17 105.12 OK
r-devel-windows-ix86+x86_64 1.1.17 5.00 92.00 97.00 OK
r-patched-linux-x86_64 1.1.17 1.57 66.56 68.13 OK
r-patched-solaris-x86 1.1.17 139.40 OK
r-release-linux-x86_64 1.1.17 1.72 67.01 68.73 OK
r-release-windows-ix86+x86_64 1.1.17 6.00 132.00 138.00 OK
r-release-osx-x86_64 1.1.17 NOTE
r-oldrel-windows-ix86+x86_64 1.1.17 5.00 93.00 98.00 OK
r-oldrel-osx-x86_64 1.1.17 WARN

Check Details

Version: 1.1.17
Check: re-building of vignette outputs
Result: NOTE
    Error in re-building vignettes:
     ...
     no non-missing arguments to min; returning Inf
    Warning in min(x, na.rm = TRUE) :
     no non-missing arguments to min; returning Inf
    Warning in min(x, na.rm = TRUE) :
     no non-missing arguments to min; returning Inf
    Warning in min(x, na.rm = TRUE) :
     no non-missing arguments to min; returning Inf
    Warning in min(x, na.rm = TRUE) :
     no non-missing arguments to min; returning Inf
    Error in texi2dvi(file = file, pdf = TRUE, clean = clean, quiet = quiet, :
     Running 'texi2dvi' on 'cem.tex' failed.
    LaTeX errors:
    ! LaTeX Error: File `fullpage.sty' not found.
    
    Type X to quit or <RETURN> to proceed,
    or enter new name. (Default extension: sty)
    
    ! Emergency stop.
    <read *>
    
    l.25 \usepackage
     {caption}^^M
    ! ==> Fatal error occurred, no output PDF file produced!
    Calls: buildVignettes -> texi2pdf -> texi2dvi
    Execution halted
Flavor: r-release-osx-x86_64

Version: 1.1.17
Check: dependencies in R code
Result: NOTE
    Invalid MIT-MAGIC-COOKIE-1 key
Flavor: r-oldrel-osx-x86_64

Version: 1.1.17
Check: S3 generic/method consistency
Result: WARN
    Invalid MIT-MAGIC-COOKIE-1 key
    See section ‘Generic functions and methods’ in the ‘Writing R
    Extensions’ manual.
Flavor: r-oldrel-osx-x86_64

Version: 1.1.17
Check: replacement functions
Result: WARN
    Invalid MIT-MAGIC-COOKIE-1 key
    The argument of a replacement function which corresponds to the right
    hand side must be named ‘value’.
Flavor: r-oldrel-osx-x86_64

Version: 1.1.17
Check: foreign function calls
Result: NOTE
    Invalid MIT-MAGIC-COOKIE-1 key
    See chapter ‘System and foreign language interfaces’ in the ‘Writing R
    Extensions’ manual.
Flavor: r-oldrel-osx-x86_64

Version: 1.1.17
Check: R code for possible problems
Result: NOTE
    Invalid MIT-MAGIC-COOKIE-1 key
Flavor: r-oldrel-osx-x86_64

Version: 1.1.17
Check: for missing documentation entries
Result: WARN
    Invalid MIT-MAGIC-COOKIE-1 key
    All user-level objects in a package should have documentation entries.
    See chapter ‘Writing R documentation files’ in the ‘Writing R
    Extensions’ manual.
Flavor: r-oldrel-osx-x86_64

Version: 1.1.17
Check: for code/documentation mismatches
Result: WARN
    Invalid MIT-MAGIC-COOKIE-1 key
    Invalid MIT-MAGIC-COOKIE-1 key
    Invalid MIT-MAGIC-COOKIE-1 key
Flavor: r-oldrel-osx-x86_64

Version: 1.1.17
Check: Rd \usage sections
Result: NOTE
    Invalid MIT-MAGIC-COOKIE-1 key
    The \usage entries for S3 methods should use the \method markup and not
    their full name.
    See chapter ‘Writing R documentation files’ in the ‘Writing R
    Extensions’ manual.
Flavor: r-oldrel-osx-x86_64