CRAN Package Check Results for Package cem

Last updated on 2016-12-09 17:53:49.

Flavor Version Tinstall Tcheck Ttotal Status Flags
r-devel-linux-x86_64-debian-clang 1.1.17 1.70 69.15 70.85 OK
r-devel-linux-x86_64-debian-gcc 1.1.17 1.60 67.59 69.18 OK
r-devel-linux-x86_64-fedora-clang 1.1.17 117.42 OK --no-stop-on-test-error
r-devel-linux-x86_64-fedora-gcc 1.1.17 115.43 OK --no-stop-on-test-error
r-devel-macos-x86_64-clang 1.1.17 89.36 OK --no-stop-on-test-error
r-devel-windows-ix86+x86_64 1.1.17 7.00 140.00 147.00 WARN
r-patched-linux-x86_64 1.1.17 1.52 58.84 60.37 OK
r-patched-solaris-sparc 1.1.17 627.70 OK
r-patched-solaris-x86 1.1.17 120.60 OK
r-release-linux-x86_64 1.1.17 1.50 60.71 62.21 OK
r-release-osx-x86_64-mavericks 1.1.17 WARN
r-release-windows-ix86+x86_64 1.1.17 5.00 91.00 96.00 OK
r-oldrel-windows-ix86+x86_64 1.1.17 7.00 142.00 149.00 OK

Check Details

Version: 1.1.17
Check: files in ‘vignettes’
Result: WARN
    Files in the 'vignettes' directory newer than same file in 'inst/doc':
     'cem.Rnw'
Flavor: r-devel-windows-ix86+x86_64

Version: 1.1.17
Check: dependencies in R code
Result: NOTE
    Invalid MIT-MAGIC-COOKIE-1 key
Flavor: r-release-osx-x86_64-mavericks

Version: 1.1.17
Check: S3 generic/method consistency
Result: WARN
    Invalid MIT-MAGIC-COOKIE-1 key
    See section ‘Generic functions and methods’ in the ‘Writing R
    Extensions’ manual.
Flavor: r-release-osx-x86_64-mavericks

Version: 1.1.17
Check: replacement functions
Result: WARN
    Invalid MIT-MAGIC-COOKIE-1 key
    The argument of a replacement function which corresponds to the right
    hand side must be named ‘value’.
Flavor: r-release-osx-x86_64-mavericks

Version: 1.1.17
Check: foreign function calls
Result: NOTE
    Invalid MIT-MAGIC-COOKIE-1 key
    See chapter ‘System and foreign language interfaces’ in the ‘Writing R
    Extensions’ manual.
Flavor: r-release-osx-x86_64-mavericks

Version: 1.1.17
Check: R code for possible problems
Result: NOTE
    Invalid MIT-MAGIC-COOKIE-1 key
Flavor: r-release-osx-x86_64-mavericks

Version: 1.1.17
Check: for missing documentation entries
Result: WARN
    Invalid MIT-MAGIC-COOKIE-1 key
    All user-level objects in a package should have documentation entries.
    See chapter ‘Writing R documentation files’ in the ‘Writing R
    Extensions’ manual.
Flavor: r-release-osx-x86_64-mavericks

Version: 1.1.17
Check: for code/documentation mismatches
Result: WARN
    Invalid MIT-MAGIC-COOKIE-1 key
    Invalid MIT-MAGIC-COOKIE-1 key
    Invalid MIT-MAGIC-COOKIE-1 key
Flavor: r-release-osx-x86_64-mavericks

Version: 1.1.17
Check: Rd \usage sections
Result: NOTE
    Invalid MIT-MAGIC-COOKIE-1 key
    The \usage entries for S3 methods should use the \method markup and not
    their full name.
    See chapter ‘Writing R documentation files’ in the ‘Writing R
    Extensions’ manual.
Flavor: r-release-osx-x86_64-mavericks