CRAN Package Check Results for Package cem

Last updated on 2014-07-22 19:47:48.

Flavor Version Tinstall Tcheck Ttotal Status Flags
r-devel-linux-x86_64-debian-clang 1.1.10 1.26 76.26 77.52 OK
r-devel-linux-x86_64-debian-gcc 1.1.10 1.20 70.78 71.98 OK
r-devel-linux-x86_64-fedora-clang 1.1.10 158.67 OK
r-devel-linux-x86_64-fedora-gcc 1.1.10 153.66 OK
r-devel-osx-x86_64-clang 1.1.10 127.09 OK
r-devel-windows-ix86+x86_64 1.1.10 5.00 112.00 117.00 OK
r-patched-linux-x86_64 1.1.10 1.65 71.38 73.03 OK
r-patched-solaris-sparc 1.1.10 779.70 OK
r-patched-solaris-x86 1.1.10 132.20 OK --no-vignettes
r-release-linux-ix86 1.1.10 1.66 90.69 92.35 OK
r-release-linux-x86_64 1.1.10 1.21 72.83 74.04 OK
r-release-osx-x86_64-mavericks 1.1.10 NOTE
r-release-osx-x86_64-snowleopard 1.1.10 OK
r-release-windows-ix86+x86_64 1.1.10 4.00 121.00 125.00 OK
r-oldrel-windows-ix86+x86_64 1.1.10 4.00 103.00 107.00 OK

Check Details

Version: 1.1.10
Check: re-building of vignette outputs
Result: NOTE
    Error in re-building vignettes:
     ...
     no non-missing arguments to min; returning Inf
    Warning in min(x, na.rm = TRUE) :
     no non-missing arguments to min; returning Inf
    Warning in min(x, na.rm = TRUE) :
     no non-missing arguments to min; returning Inf
    Warning in min(x, na.rm = TRUE) :
     no non-missing arguments to min; returning Inf
    Warning in min(x, na.rm = TRUE) :
     no non-missing arguments to min; returning Inf
    Warning in min(x, na.rm = TRUE) :
     no non-missing arguments to min; returning Inf
    Warning in min(x, na.rm = TRUE) :
     no non-missing arguments to min; returning Inf
    Error in texi2dvi(file = file, pdf = TRUE, clean = clean, quiet = quiet, :
     Running 'texi2dvi' on 'cem.tex' failed.
    LaTeX errors:
    ! LaTeX Error: File `fullpage.sty' not found.
    
    Type X to quit or <RETURN> to proceed,
    or enter new name. (Default extension: sty)
    
    t/cem/vignettes/cem.tex:24: ==> Fatal error occurred, no output PDF file produ
    ced!
    Calls: buildVignettes -> texi2pdf -> texi2dvi
    Execution halted
Flavor: r-release-osx-x86_64-mavericks