CRAN Package Check Results for Package cem

Last updated on 2014-04-24 23:48:00.

Flavor Version Tinstall Tcheck Ttotal Status Flags
r-devel-linux-x86_64-debian-clang 1.1.10 1.35 76.86 78.20 OK
r-devel-linux-x86_64-debian-gcc 1.1.10 1.26 75.78 77.04 OK
r-devel-linux-x86_64-fedora-clang 1.1.10 155.20 OK
r-devel-linux-x86_64-fedora-gcc 1.1.10 151.57 OK
r-devel-osx-x86_64-clang 1.1.10 118.18 OK
r-devel-osx-x86_64-gcc 1.1.10 OK
r-devel-windows-ix86+x86_64 1.1.10 4.00 112.00 116.00 OK
r-patched-linux-x86_64 1.1.10 1.26 74.39 75.65 OK
r-patched-solaris-sparc 1.1.10 779.70 OK
r-patched-solaris-x86 1.1.10 126.10 OK --no-vignettes
r-release-linux-ix86 1.1.10 2.00 115.00 117.00 OK
r-release-linux-x86_64 1.1.10 1.40 76.57 77.98 OK
r-release-osx-x86_64-mavericks 1.1.10 WARN
r-release-osx-x86_64-snowleopard 1.1.10 OK
r-release-windows-ix86+x86_64 1.1.10 5.00 108.00 113.00 OK
r-oldrel-windows-ix86+x86_64 1.1.10 5.00 105.00 110.00 OK

Check Details

Version: 1.1.10
Check: re-building of vignette outputs
Result: NOTE
    Error in re-building vignettes:
     ...
     no non-missing arguments to min; returning Inf
    Warning in min(x, na.rm = TRUE) :
     no non-missing arguments to min; returning Inf
    Warning in min(x, na.rm = TRUE) :
     no non-missing arguments to min; returning Inf
    Warning in min(x, na.rm = TRUE) :
     no non-missing arguments to min; returning Inf
    Warning in min(x, na.rm = TRUE) :
     no non-missing arguments to min; returning Inf
    Warning in min(x, na.rm = TRUE) :
     no non-missing arguments to min; returning Inf
    Warning in min(x, na.rm = TRUE) :
     no non-missing arguments to min; returning Inf
    Error in texi2dvi(file = file, pdf = TRUE, clean = clean, quiet = quiet, :
     Running 'texi2dvi' on 'cem.tex' failed.
    LaTeX errors:
    ! LaTeX Error: File `fullpage.sty' not found.
    
    Type X to quit or <RETURN> to proceed,
    or enter new name. (Default extension: sty)
    
    t/cem/vignettes/cem.tex:24: ==> Fatal error occurred, no output PDF file produ
    ced!
    Calls: buildVignettes -> texi2pdf -> texi2dvi
    Execution halted
Flavor: r-release-osx-x86_64-mavericks

Version: 1.1.10
Check: PDF version of manual
Result: WARNING
    LaTeX errors when creating PDF version.
    This typically indicates Rd problems.
    LaTeX errors found:
    ! LaTeX Error: File `upquote.sty' not found.
    
    Type X to quit or <RETURN> to proceed,
    or enter new name. (Default extension: sty)
    
    c83a93e/Rd2.tex:8: ==> Fatal error occurred, no output PDF file produced!
Flavor: r-release-osx-x86_64-mavericks