CRAN Package Check Results for Package cems

Last updated on 2016-07-28 13:47:19.

Flavor Version Tinstall Tcheck Ttotal Status Flags
r-devel-linux-x86_64-debian-clang 0.4 14.94 44.23 59.17 WARN
r-devel-linux-x86_64-debian-gcc 0.4 14.03 43.88 57.91 OK
r-devel-linux-x86_64-fedora-clang 0.4 96.59 OK
r-devel-linux-x86_64-fedora-gcc 0.4 82.60 OK
r-devel-osx-x86_64-clang 0.4 70.97 OK
r-devel-windows-ix86+x86_64 0.4 46.00 92.00 138.00 OK
r-patched-linux-x86_64 0.4 10.59 70.17 80.76 OK
r-patched-solaris-sparc 0.4 489.20 OK
r-patched-solaris-x86 0.4 114.00 OK
r-release-linux-x86_64 0.4 9.92 42.03 51.94 OK
r-release-osx-x86_64-mavericks 0.4 WARN
r-release-windows-ix86+x86_64 0.4 46.00 125.00 171.00 OK
r-oldrel-windows-ix86+x86_64 0.4 46.00 128.00 174.00 OK

Check Details

Version: 0.4
Check: whether package can be installed
Result: WARN
    Found the following significant warnings:
     ANN.cpp:51:2: warning: 'register' storage class specifier is deprecated and incompatible with C++1z [-Wdeprecated-register]
     ANN.cpp:52:2: warning: 'register' storage class specifier is deprecated and incompatible with C++1z [-Wdeprecated-register]
     ANN.cpp:53:2: warning: 'register' storage class specifier is deprecated and incompatible with C++1z [-Wdeprecated-register]
     ./pr_queue_k.h:103:4: warning: 'register' storage class specifier is deprecated and incompatible with C++1z [-Wdeprecated-register]
     ./pr_queue.h:89:4: warning: 'register' storage class specifier is deprecated and incompatible with C++1z [-Wdeprecated-register]
     ./pr_queue.h:91:5: warning: 'register' storage class specifier is deprecated and incompatible with C++1z [-Wdeprecated-register]
     ./pr_queue.h:108:4: warning: 'register' storage class specifier is deprecated and incompatible with C++1z [-Wdeprecated-register]
     ./pr_queue.h:109:4: warning: 'register' storage class specifier is deprecated and incompatible with C++1z [-Wdeprecated-register]
     ./pr_queue.h:110:4: warning: 'register' storage class specifier is deprecated and incompatible with C++1z [-Wdeprecated-register]
     kd_fix_rad_search.cpp:150:2: warning: 'register' storage class specifier is deprecated and incompatible with C++1z [-Wdeprecated-register]
     kd_fix_rad_search.cpp:151:2: warning: 'register' storage class specifier is deprecated and incompatible with C++1z [-Wdeprecated-register]
     kd_fix_rad_search.cpp:152:2: warning: 'register' storage class specifier is deprecated and incompatible with C++1z [-Wdeprecated-register]
     kd_fix_rad_search.cpp:153:2: warning: 'register' storage class specifier is deprecated and incompatible with C++1z [-Wdeprecated-register]
     kd_fix_rad_search.cpp:154:2: warning: 'register' storage class specifier is deprecated and incompatible with C++1z [-Wdeprecated-register]
     kd_pr_search.cpp:183:2: warning: 'register' storage class specifier is deprecated and incompatible with C++1z [-Wdeprecated-register]
     kd_pr_search.cpp:184:2: warning: 'register' storage class specifier is deprecated and incompatible with C++1z [-Wdeprecated-register]
     kd_pr_search.cpp:185:2: warning: 'register' storage class specifier is deprecated and incompatible with C++1z [-Wdeprecated-register]
     kd_pr_search.cpp:186:2: warning: 'register' storage class specifier is deprecated and incompatible with C++1z [-Wdeprecated-register]
     kd_pr_search.cpp:187:2: warning: 'register' storage class specifier is deprecated and incompatible with C++1z [-Wdeprecated-register]
     kd_pr_search.cpp:188:2: warning: 'register' storage class specifier is deprecated and incompatible with C++1z [-Wdeprecated-register]
     kd_search.cpp:174:2: warning: 'register' storage class specifier is deprecated and incompatible with C++1z [-Wdeprecated-register]
     kd_search.cpp:175:2: warning: 'register' storage class specifier is deprecated and incompatible with C++1z [-Wdeprecated-register]
     kd_search.cpp:176:2: warning: 'register' storage class specifier is deprecated and incompatible with C++1z [-Wdeprecated-register]
     kd_search.cpp:177:2: warning: 'register' storage class specifier is deprecated and incompatible with C++1z [-Wdeprecated-register]
     kd_search.cpp:178:2: warning: 'register' storage class specifier is deprecated and incompatible with C++1z [-Wdeprecated-register]
     kd_search.cpp:179:2: warning: 'register' storage class specifier is deprecated and incompatible with C++1z [-Wdeprecated-register]
     kd_util.cpp:130:2: warning: 'register' storage class specifier is deprecated and incompatible with C++1z [-Wdeprecated-register]
     kd_util.cpp:131:2: warning: 'register' storage class specifier is deprecated and incompatible with C++1z [-Wdeprecated-register]
     kd_util.cpp:133:7: warning: 'register' storage class specifier is deprecated and incompatible with C++1z [-Wdeprecated-register]
     kd_util.cpp:241:3: warning: 'register' storage class specifier is deprecated and incompatible with C++1z [-Wdeprecated-register]
     kd_util.cpp:242:3: warning: 'register' storage class specifier is deprecated and incompatible with C++1z [-Wdeprecated-register]
Flavor: r-devel-linux-x86_64-debian-clang

Version: 0.4
Check: whether package can be installed
Result: WARN
    Found the following significant warnings:
     Warning: 'rgl_init' failed, running with rgl.useNULL = TRUE
Flavor: r-release-osx-x86_64-mavericks

Version: 0.4
Check: dependencies in R code
Result: NOTE
    Invalid MIT-MAGIC-COOKIE-1 key
Flavor: r-release-osx-x86_64-mavericks

Version: 0.4
Check: S3 generic/method consistency
Result: WARN
    Invalid MIT-MAGIC-COOKIE-1 key
    See section ‘Generic functions and methods’ in the ‘Writing R
    Extensions’ manual.
Flavor: r-release-osx-x86_64-mavericks

Version: 0.4
Check: replacement functions
Result: WARN
    Invalid MIT-MAGIC-COOKIE-1 key
    The argument of a replacement function which corresponds to the right
    hand side must be named ‘value’.
Flavor: r-release-osx-x86_64-mavericks

Version: 0.4
Check: foreign function calls
Result: NOTE
    Invalid MIT-MAGIC-COOKIE-1 key
    See chapter ‘System and foreign language interfaces’ in the ‘Writing R
    Extensions’ manual.
Flavor: r-release-osx-x86_64-mavericks

Version: 0.4
Check: R code for possible problems
Result: NOTE
    Invalid MIT-MAGIC-COOKIE-1 key
Flavor: r-release-osx-x86_64-mavericks

Version: 0.4
Check: for missing documentation entries
Result: WARN
    Invalid MIT-MAGIC-COOKIE-1 key
    All user-level objects in a package should have documentation entries.
    See chapter ‘Writing R documentation files’ in the ‘Writing R
    Extensions’ manual.
Flavor: r-release-osx-x86_64-mavericks

Version: 0.4
Check: for code/documentation mismatches
Result: WARN
    Invalid MIT-MAGIC-COOKIE-1 key
    Invalid MIT-MAGIC-COOKIE-1 key
    Invalid MIT-MAGIC-COOKIE-1 key
Flavor: r-release-osx-x86_64-mavericks

Version: 0.4
Check: Rd \usage sections
Result: NOTE
    Invalid MIT-MAGIC-COOKIE-1 key
    The \usage entries for S3 methods should use the \method markup and not
    their full name.
    See chapter ‘Writing R documentation files’ in the ‘Writing R
    Extensions’ manual.
Flavor: r-release-osx-x86_64-mavericks