CRAN Package Check Results for Package censNID

Last updated on 2019-07-22 13:46:52 CEST.

Flavor Version Tinstall Tcheck Ttotal Status Flags
r-devel-linux-x86_64-debian-clang 0-0-1 2.71 16.51 19.22 NOTE
r-devel-linux-x86_64-debian-gcc 0-0-1 2.13 13.74 15.87 NOTE
r-devel-linux-x86_64-fedora-clang 0-0-1 23.29 NOTE
r-devel-linux-x86_64-fedora-gcc 0-0-1 22.19 NOTE
r-devel-windows-ix86+x86_64 0-0-1 8.00 34.00 42.00 NOTE
r-patched-linux-x86_64 0-0-1 2.76 16.41 19.17 NOTE
r-patched-solaris-x86 0-0-1 40.80 NOTE
r-release-linux-x86_64 0-0-1 2.64 16.40 19.04 NOTE
r-release-windows-ix86+x86_64 0-0-1 7.00 46.00 53.00 NOTE
r-release-osx-x86_64 0-0-1 NOTE
r-oldrel-windows-ix86+x86_64 0-0-1 6.00 31.00 37.00 NOTE
r-oldrel-osx-x86_64 0-0-1 NOTE

Check Details

Version: 0-0-1
Check: R code for possible problems
Result: NOTE
    cenNID: no visible global function definition for 'sd'
    Undefined global functions or variables:
     sd
    Consider adding
     importFrom("stats", "sd")
    to your NAMESPACE file.
Flavors: r-devel-linux-x86_64-debian-clang, r-devel-linux-x86_64-debian-gcc, r-devel-linux-x86_64-fedora-clang, r-devel-linux-x86_64-fedora-gcc, r-devel-windows-ix86+x86_64, r-patched-linux-x86_64, r-patched-solaris-x86, r-release-linux-x86_64, r-release-windows-ix86+x86_64, r-release-osx-x86_64, r-oldrel-windows-ix86+x86_64, r-oldrel-osx-x86_64

Version: 0-0-1
Check: compiled code
Result: NOTE
    File ‘censNID/libs/censNID.so’:
     Found no calls to: ‘R_registerRoutines’, ‘R_useDynamicSymbols’
    
    It is good practice to register native routines and to disable symbol
    search.
    
    See ‘Writing portable packages’ in the ‘Writing R Extensions’ manual.
Flavors: r-devel-linux-x86_64-fedora-clang, r-devel-linux-x86_64-fedora-gcc