CRAN Package Check Results for Package censReg

Last updated on 2017-06-28 23:55:05.

Flavor Version Tinstall Tcheck Ttotal Status Flags
r-devel-linux-x86_64-debian-clang 0.5-26 3.92 83.70 87.61 OK
r-devel-linux-x86_64-debian-gcc 0.5-26 3.89 82.53 86.42 OK
r-devel-linux-x86_64-fedora-clang 0.5-26 193.73 OK
r-devel-linux-x86_64-fedora-gcc 0.5-26 189.93 OK
r-devel-windows-ix86+x86_64 0.5-26 12.00 184.00 196.00 OK
r-patched-linux-x86_64 0.5-26 4.20 81.12 85.32 OK
r-patched-solaris-sparc 0.5-26 1057.00 OK
r-patched-solaris-x86 0.5-26 247.60 OK
r-release-linux-x86_64 0.5-26 4.02 79.66 83.68 OK
r-release-windows-ix86+x86_64 0.5-26 12.00 194.00 206.00 OK
r-release-osx-x86_64 0.5-26 NOTE
r-oldrel-windows-ix86+x86_64 0.5-26 18.00 176.00 194.00 OK
r-oldrel-osx-x86_64 0.5-26 OK

Additional issues

noLD

Check Details

Version: 0.5-26
Check: re-building of vignette outputs
Result: NOTE
    Error in re-building vignettes:
     ...
    If you have questions, suggestions, or comments regarding the 'maxLik' package, please use a forum or 'tracker' at maxLik's R-Forge site:
    https://r-forge.r-project.org/projects/maxlik/
    
    Please cite the 'censReg' package as:
    Henningsen, Arne (2017). censReg: Censored Regression (Tobit) Models. R package version 0.5. http://CRAN.R-Project.org/package=censReg.
    
    If you have questions, suggestions, or comments regarding the 'censReg' package, please use a forum or 'tracker' at the R-Forge site of the 'sampleSelection' project:
    https://r-forge.r-project.org/projects/sampleselection/
    Loading required package: Formula
    Error in texi2dvi(file = file, pdf = TRUE, clean = clean, quiet = quiet, :
     Running 'texi2dvi' on 'censReg.tex' failed.
    LaTeX errors:
    ! LaTeX Error: File `bbm.sty' not found.
    
    Type X to quit or <RETURN> to proceed,
    or enter new name. (Default extension: sty)
    
    ! Emergency stop.
    <read *>
    
    l.5 ^^M
    
    ! ==> Fatal error occurred, no output PDF file produced!
    Calls: buildVignettes -> texi2pdf -> texi2dvi
    Execution halted
Flavor: r-release-osx-x86_64