CRAN Package Check Results for Package censReg

Last updated on 2015-04-28 08:50:15.

Flavor Version Tinstall Tcheck Ttotal Status Flags
r-devel-linux-x86_64-debian-clang 0.5-20 0.90 68.85 69.75 NOTE
r-devel-linux-x86_64-debian-gcc 0.5-20 0.84 68.48 69.32 NOTE
r-devel-linux-x86_64-fedora-clang 0.5-20 141.31 NOTE
r-devel-linux-x86_64-fedora-gcc 0.5-20 135.41 NOTE
r-devel-osx-x86_64-clang 0.5-20 112.12 NOTE
r-devel-windows-ix86+x86_64 0.5-20 4.00 109.00 113.00 NOTE
r-patched-linux-x86_64 0.5-20 1.13 70.57 71.70 NOTE
r-patched-solaris-sparc 0.5-20 915.10 NOTE
r-patched-solaris-x86 0.5-20 151.90 NOTE
r-release-linux-x86_64 0.5-20 0.84 71.61 72.45 NOTE
r-release-osx-x86_64-mavericks 0.5-20 NOTE
r-release-osx-x86_64-snowleopard 0.5-20 ERROR
r-release-windows-ix86+x86_64 0.5-20 3.00 112.00 115.00 NOTE
r-oldrel-windows-ix86+x86_64 0.5-20 4.00 110.00 114.00 NOTE

Check Details

Version: 0.5-20
Check: DESCRIPTION meta-information
Result: NOTE
    Malformed Description field: should contain one or more complete sentences.
Flavors: r-devel-linux-x86_64-debian-clang, r-devel-linux-x86_64-debian-gcc, r-devel-linux-x86_64-fedora-clang, r-devel-linux-x86_64-fedora-gcc, r-devel-osx-x86_64-clang, r-devel-windows-ix86+x86_64, r-patched-solaris-sparc, r-patched-solaris-x86, r-release-linux-x86_64, r-release-osx-x86_64-mavericks, r-release-windows-ix86+x86_64

Version: 0.5-20
Check: R code for possible problems
Result: NOTE
    censReg: no visible global function definition for ‘plm’
    extractAIC.censReg: no visible global function definition for ‘nObs’
    logLik.censReg: no visible global function definition for ‘activePar’
    print.summary.censReg: no visible global function definition for
     ‘maximType’
    print.summary.censReg: no visible global function definition for
     ‘nIter’
    print.summary.censReg: no visible global function definition for
     ‘returnCode’
    print.summary.censReg: no visible global function definition for
     ‘returnMessage’
    print.summary.censReg: no visible global function definition for
     ‘activePar’
Flavors: r-devel-linux-x86_64-debian-clang, r-devel-linux-x86_64-debian-gcc, r-devel-linux-x86_64-fedora-clang, r-devel-linux-x86_64-fedora-gcc, r-devel-osx-x86_64-clang, r-devel-windows-ix86+x86_64, r-patched-solaris-sparc, r-patched-solaris-x86, r-release-linux-x86_64, r-release-osx-x86_64-mavericks, r-release-windows-ix86+x86_64, r-oldrel-windows-ix86+x86_64

Version: 0.5-20
Check: package dependencies
Result: ERROR
    Packages required but not available: ‘maxLik’ ‘sandwich’ ‘miscTools’
    
    Packages suggested but not available for checking: ‘plm’ ‘AER’ ‘lmtest’
    
    See section ‘The DESCRIPTION file’ in the ‘Writing R Extensions’
    manual.
Flavor: r-release-osx-x86_64-snowleopard