CRAN Package Check Results for Package censReg

Last updated on 2015-07-02 23:47:01.

Flavor Version Tinstall Tcheck Ttotal Status Flags
r-devel-linux-x86_64-debian-clang 0.5-20 0.86 68.98 69.84 NOTE
r-devel-linux-x86_64-debian-gcc 0.5-20 0.81 67.37 68.18 NOTE
r-devel-linux-x86_64-fedora-clang 0.5-20 139.91 NOTE
r-devel-linux-x86_64-fedora-gcc 0.5-20 133.84 NOTE
r-devel-osx-x86_64-clang 0.5-20 108.79 NOTE
r-devel-windows-ix86+x86_64 0.5-20 3.00 101.00 104.00 NOTE
r-patched-linux-x86_64 0.5-20 0.89 65.79 66.68 NOTE
r-patched-solaris-sparc 0.5-20 874.20 NOTE
r-patched-solaris-x86 0.5-20 152.40 NOTE
r-release-linux-x86_64 0.5-20 0.88 70.04 70.92 NOTE
r-release-osx-x86_64-mavericks 0.5-20 NOTE
r-release-windows-ix86+x86_64 0.5-20 4.00 111.00 115.00 NOTE
r-oldrel-windows-ix86+x86_64 0.5-20 5.00 123.00 128.00 NOTE

Check Details

Version: 0.5-20
Check: DESCRIPTION meta-information
Result: NOTE
    Malformed Description field: should contain one or more complete sentences.
Flavors: r-devel-linux-x86_64-debian-clang, r-devel-linux-x86_64-debian-gcc, r-devel-linux-x86_64-fedora-clang, r-devel-linux-x86_64-fedora-gcc, r-devel-osx-x86_64-clang, r-devel-windows-ix86+x86_64, r-patched-linux-x86_64, r-patched-solaris-sparc, r-patched-solaris-x86, r-release-linux-x86_64, r-release-osx-x86_64-mavericks, r-release-windows-ix86+x86_64

Version: 0.5-20
Check: R code for possible problems
Result: NOTE
    censReg: no visible binding for global variable ‘na.pass’
    censReg: no visible global function definition for ‘model.matrix’
    censReg: no visible global function definition for ‘model.response’
    censReg: no visible global function definition for ‘plm’
    censReg: no visible global function definition for ‘coef’
    censReg: no visible global function definition for ‘lm.fit’
    censRegLogLikCross: no visible global function definition for ‘pnorm’
    censRegLogLikCross: no visible global function definition for ‘dnorm’
    censRegLogLikPanel: no visible global function definition for ‘pnorm’
    censRegLogLikPanel: no visible global function definition for ‘dnorm’
    coef.censReg: no visible binding for global variable ‘coef’
    coef.summary.censReg: no visible binding for global variable ‘coef’
    coef.summary.censReg: no visible global function definition for ‘pnorm’
    extractAIC.censReg: no visible global function definition for ‘nObs’
    extractAIC.censReg: no visible global function definition for
     ‘df.residual’
    extractAIC.censReg: no visible global function definition for ‘AIC’
    formula.censReg: no visible global function definition for ‘formula’
    formula.censReg: no visible global function definition for ‘terms’
    logLik.censReg: no visible binding for global variable ‘logLik’
    logLik.censReg: no visible global function definition for ‘activePar’
    margEff.censReg: no visible global function definition for ‘coef’
    margEff.censReg: no visible global function definition for ‘pnorm’
    margEff.censReg: no visible global function definition for ‘dnorm’
    margEff.censReg: no visible global function definition for ‘vcov’
    model.frame.censReg: no visible global function definition for
     ‘model.frame’
    print.censReg: no visible global function definition for ‘coef’
    print.summary.censReg: no visible global function definition for
     ‘printCoefmat’
    print.summary.censReg: no visible global function definition for ‘coef’
    print.summary.censReg: no visible global function definition for
     ‘maximType’
    print.summary.censReg: no visible global function definition for
     ‘nIter’
    print.summary.censReg: no visible global function definition for
     ‘returnCode’
    print.summary.censReg: no visible global function definition for
     ‘returnMessage’
    print.summary.censReg: no visible global function definition for
     ‘activePar’
    print.summary.margEff.censReg: no visible global function definition
     for ‘printCoefmat’
    summary.margEff.censReg: no visible global function definition for ‘pt’
    vcov.censReg: no visible binding for global variable ‘vcov’
    vcov.censReg: no visible global function definition for ‘coef’
    Undefined global functions or variables:
     AIC activePar coef df.residual dnorm formula lm.fit logLik maximType
     model.frame model.matrix model.response nIter nObs na.pass plm pnorm
     printCoefmat pt returnCode returnMessage terms vcov
Flavors: r-devel-linux-x86_64-debian-clang, r-devel-linux-x86_64-fedora-clang, r-devel-linux-x86_64-fedora-gcc, r-devel-windows-ix86+x86_64

Version: 0.5-20
Check: R code for possible problems
Result: NOTE
    censReg: no visible binding for global variable ‘na.pass’
    censReg: no visible global function definition for ‘model.matrix’
    censReg: no visible global function definition for ‘model.response’
    censReg: no visible global function definition for ‘plm’
    censReg: no visible global function definition for ‘coef’
    censReg: no visible global function definition for ‘lm.fit’
    censRegLogLikCross: no visible global function definition for ‘pnorm’
    censRegLogLikCross: no visible global function definition for ‘dnorm’
    censRegLogLikPanel: no visible global function definition for ‘pnorm’
    censRegLogLikPanel: no visible global function definition for ‘dnorm’
    coef.censReg: no visible binding for global variable ‘coef’
    coef.summary.censReg: no visible binding for global variable ‘coef’
    coef.summary.censReg: no visible global function definition for ‘pnorm’
    extractAIC.censReg: no visible global function definition for ‘nObs’
    extractAIC.censReg: no visible global function definition for
     ‘df.residual’
    extractAIC.censReg: no visible global function definition for ‘AIC’
    formula.censReg: no visible global function definition for ‘formula’
    formula.censReg: no visible global function definition for ‘terms’
    logLik.censReg: no visible binding for global variable ‘logLik’
    logLik.censReg: no visible global function definition for ‘activePar’
    margEff.censReg: no visible global function definition for ‘coef’
    margEff.censReg: no visible global function definition for ‘pnorm’
    margEff.censReg: no visible global function definition for ‘dnorm’
    margEff.censReg: no visible global function definition for ‘vcov’
    model.frame.censReg: no visible global function definition for
     ‘model.frame’
    print.censReg: no visible global function definition for ‘coef’
    print.summary.censReg: no visible global function definition for
     ‘printCoefmat’
    print.summary.censReg: no visible global function definition for ‘coef’
    print.summary.censReg: no visible global function definition for
     ‘maximType’
    print.summary.censReg: no visible global function definition for
     ‘nIter’
    print.summary.censReg: no visible global function definition for
     ‘returnCode’
    print.summary.censReg: no visible global function definition for
     ‘returnMessage’
    print.summary.censReg: no visible global function definition for
     ‘activePar’
    print.summary.margEff.censReg: no visible global function definition
     for ‘printCoefmat’
    summary.margEff.censReg: no visible global function definition for ‘pt’
    vcov.censReg: no visible binding for global variable ‘vcov’
    vcov.censReg: no visible global function definition for ‘coef’
Flavor: r-devel-linux-x86_64-debian-gcc

Version: 0.5-20
Check: R code for possible problems
Result: NOTE
    censReg: no visible global function definition for ‘plm’
    extractAIC.censReg: no visible global function definition for ‘nObs’
    logLik.censReg: no visible global function definition for ‘activePar’
    print.summary.censReg: no visible global function definition for
     ‘maximType’
    print.summary.censReg: no visible global function definition for
     ‘nIter’
    print.summary.censReg: no visible global function definition for
     ‘returnCode’
    print.summary.censReg: no visible global function definition for
     ‘returnMessage’
    print.summary.censReg: no visible global function definition for
     ‘activePar’
    Undefined global functions or variables:
     activePar maximType nIter nObs plm returnCode returnMessage
Flavor: r-devel-osx-x86_64-clang

Version: 0.5-20
Check: R code for possible problems
Result: NOTE
    censReg: no visible global function definition for ‘plm’
    extractAIC.censReg: no visible global function definition for ‘nObs’
    logLik.censReg: no visible global function definition for ‘activePar’
    print.summary.censReg: no visible global function definition for
     ‘maximType’
    print.summary.censReg: no visible global function definition for
     ‘nIter’
    print.summary.censReg: no visible global function definition for
     ‘returnCode’
    print.summary.censReg: no visible global function definition for
     ‘returnMessage’
    print.summary.censReg: no visible global function definition for
     ‘activePar’
Flavors: r-patched-linux-x86_64, r-patched-solaris-sparc, r-patched-solaris-x86, r-release-linux-x86_64, r-release-osx-x86_64-mavericks, r-release-windows-ix86+x86_64, r-oldrel-windows-ix86+x86_64