CRAN Package Check Results for Package censReg

Last updated on 2014-09-22 19:48:23.

Flavor Version Tinstall Tcheck Ttotal Status Flags
r-devel-linux-x86_64-debian-clang 0.5-20 1.31 77.92 79.23 NOTE
r-devel-linux-x86_64-debian-gcc 0.5-20 1.24 77.41 78.65 NOTE
r-devel-linux-x86_64-fedora-clang 0.5-20 169.12 NOTE
r-devel-linux-x86_64-fedora-gcc 0.5-20 160.41 NOTE
r-devel-osx-x86_64-clang 0.5-20 125.60 NOTE
r-devel-windows-ix86+x86_64 0.5-20 4.00 117.00 121.00 NOTE
r-patched-linux-x86_64 0.5-20 1.44 95.31 96.76 OK
r-patched-solaris-sparc 0.5-20 979.40 OK
r-patched-solaris-x86 0.5-20 170.00 OK
r-release-linux-ix86 0.5-20 1.53 98.83 100.36 OK
r-release-linux-x86_64 0.5-20 1.13 82.88 84.01 OK
r-release-osx-x86_64-mavericks 0.5-20 NOTE
r-release-osx-x86_64-snowleopard 0.5-20 NOTE
r-release-windows-ix86+x86_64 0.5-20 5.00 122.00 127.00 OK
r-oldrel-windows-ix86+x86_64 0.5-20 5.00 122.00 127.00 OK

Check Details

Version: 0.5-20
Check: R code for possible problems
Result: NOTE
    censReg: no visible global function definition for ‘plm’
    extractAIC.censReg: no visible global function definition for ‘nObs’
    logLik.censReg: no visible global function definition for ‘activePar’
    print.summary.censReg: no visible global function definition for
     ‘maximType’
    print.summary.censReg: no visible global function definition for
     ‘nIter’
    print.summary.censReg: no visible global function definition for
     ‘returnCode’
    print.summary.censReg: no visible global function definition for
     ‘returnMessage’
    print.summary.censReg: no visible global function definition for
     ‘activePar’
Flavors: r-devel-linux-x86_64-debian-clang, r-devel-linux-x86_64-debian-gcc, r-devel-linux-x86_64-fedora-clang, r-devel-linux-x86_64-fedora-gcc, r-devel-osx-x86_64-clang, r-devel-windows-ix86+x86_64

Version: 0.5-20
Check: re-building of vignette outputs
Result: NOTE
    Error in re-building vignettes:
     ...
    Loading required package: maxLik
    Loading required package: miscTools
    
    Please cite the 'maxLik' package as:
    Henningsen, Arne and Toomet, Ott (2011). maxLik: A package for maximum likelihood estimation in R. Computational Statistics 26(3), 443-458. DOI 10.1007/s00180-010-0217-1.
    
    If you have questions, suggestions, or comments regarding the 'maxLik' package, please use a forum or 'tracker' at maxLik's R-Forge site:
    https://r-forge.r-project.org/projects/maxlik/
    Loading required package: Formula
    Error in texi2dvi(file = file, pdf = TRUE, clean = clean, quiet = quiet, :
     Running 'texi2dvi' on 'censReg.tex' failed.
    LaTeX errors:
    ! LaTeX Error: File `bbm.sty' not found.
    
    Type X to quit or <RETURN> to proceed,
    or enter new name. (Default extension: sty)
    
    _test/censReg/vignettes/censReg.tex:5: ==> Fatal error occurred, no output PDF
     file produced!
    Calls: buildVignettes -> texi2pdf -> texi2dvi
    Execution halted
Flavor: r-release-osx-x86_64-mavericks

Version: 0.5-20
Check: re-building of vignette outputs
Result: NOTE
    Error in re-building vignettes:
     ...
    
    Loading required package: nlme
    Loading required package: Formula
    Loading required package: MASS
    Loading required package: sandwich
    Loading required package: zoo
    
    Attaching package: 'zoo'
    
    The following objects are masked from 'package:base':
    
     as.Date, as.Date.numeric
    
    Error in texi2dvi(file = file, pdf = TRUE, clean = clean, quiet = quiet, :
     Running 'texi2dvi' on 'censReg.tex' failed.
    LaTeX errors:
    ! LaTeX Error: File `bbm.sty' not found.
    
    Type X to quit or <RETURN> to proceed,
    or enter new name. (Default extension: sty)
    
    censReg.Rcheck/vign_test/censReg/vignettes/censReg.tex:5: ==> Fatal error occu
    rred, no output PDF file produced!
    Calls: buildVignettes -> texi2pdf -> texi2dvi
    Execution halted
Flavor: r-release-osx-x86_64-snowleopard