CRAN Package Check Results for Package censReg

Last updated on 2017-12-17 04:46:52 CET.

Flavor Version Tinstall Tcheck Ttotal Status Flags
r-devel-linux-x86_64-debian-clang 0.5-26 2.34 82.31 84.65 OK
r-devel-linux-x86_64-debian-gcc 0.5-26 1.87 61.74 63.61 OK
r-devel-linux-x86_64-fedora-clang 0.5-26 97.77 OK
r-devel-linux-x86_64-fedora-gcc 0.5-26 95.47 OK
r-devel-windows-ix86+x86_64 0.5-26 5.00 101.00 106.00 OK
r-patched-linux-x86_64 0.5-26 2.15 84.61 86.76 OK
r-patched-solaris-x86 0.5-26 131.40 OK
r-release-linux-x86_64 0.5-26 2.41 82.26 84.67 OK
r-release-windows-ix86+x86_64 0.5-26 5.00 101.00 106.00 OK
r-release-osx-x86_64 0.5-26 NOTE
r-oldrel-windows-ix86+x86_64 0.5-26 8.00 119.00 127.00 OK
r-oldrel-osx-x86_64 0.5-26 OK

Additional issues

noLD

Check Details

Version: 0.5-26
Check: re-building of vignette outputs
Result: NOTE
    Error in re-building vignettes:
     ...
    If you have questions, suggestions, or comments regarding the 'maxLik' package, please use a forum or 'tracker' at maxLik's R-Forge site:
    https://r-forge.r-project.org/projects/maxlik/
    
    Please cite the 'censReg' package as:
    Henningsen, Arne (2017). censReg: Censored Regression (Tobit) Models. R package version 0.5. http://CRAN.R-Project.org/package=censReg.
    
    If you have questions, suggestions, or comments regarding the 'censReg' package, please use a forum or 'tracker' at the R-Forge site of the 'sampleSelection' project:
    https://r-forge.r-project.org/projects/sampleselection/
    Loading required package: Formula
    Error in texi2dvi(file = file, pdf = TRUE, clean = clean, quiet = quiet, :
     Running 'texi2dvi' on 'censReg.tex' failed.
    LaTeX errors:
    ! LaTeX Error: File `bbm.sty' not found.
    
    Type X to quit or <RETURN> to proceed,
    or enter new name. (Default extension: sty)
    
    ! Emergency stop.
    <read *>
    
    l.5 ^^M
    
    ! ==> Fatal error occurred, no output PDF file produced!
    Calls: buildVignettes -> texi2pdf -> texi2dvi
    Execution halted
Flavor: r-release-osx-x86_64