CRAN Package Check Results for Package censReg

Last updated on 2015-02-27 16:47:43.

Flavor Version Tinstall Tcheck Ttotal Status Flags
r-devel-linux-x86_64-debian-clang 0.5-20 0.98 70.66 71.65 NOTE
r-devel-linux-x86_64-debian-gcc 0.5-20 0.98 71.51 72.49 NOTE
r-devel-linux-x86_64-fedora-clang 0.5-20 149.01 NOTE
r-devel-linux-x86_64-fedora-gcc 0.5-20 133.70 NOTE
r-devel-osx-x86_64-clang 0.5-20 117.05 NOTE
r-devel-windows-ix86+x86_64 0.5-20 5.00 112.00 117.00 NOTE
r-patched-linux-x86_64 0.5-20 1.20 82.67 83.87 NOTE
r-patched-solaris-sparc 0.5-20 971.10 NOTE
r-release-linux-ix86 0.5-20 1.50 96.01 97.51 NOTE
r-release-linux-x86_64 0.5-20 1.17 84.01 85.18 NOTE
r-release-osx-x86_64-mavericks 0.5-20 NOTE
r-release-osx-x86_64-snowleopard 0.5-20 NOTE
r-release-windows-ix86+x86_64 0.5-20 4.00 130.00 134.00 NOTE
r-oldrel-windows-ix86+x86_64 0.5-20 4.00 129.00 133.00 OK

Check Details

Version: 0.5-20
Check: DESCRIPTION meta-information
Result: NOTE
    Malformed Description field: should contain one or more complete sentences.
Flavors: r-devel-linux-x86_64-debian-clang, r-devel-linux-x86_64-debian-gcc, r-devel-linux-x86_64-fedora-clang, r-devel-linux-x86_64-fedora-gcc, r-devel-osx-x86_64-clang, r-devel-windows-ix86+x86_64

Version: 0.5-20
Check: R code for possible problems
Result: NOTE
    censReg: no visible global function definition for ‘plm’
    extractAIC.censReg: no visible global function definition for ‘nObs’
    logLik.censReg: no visible global function definition for ‘activePar’
    print.summary.censReg: no visible global function definition for
     ‘maximType’
    print.summary.censReg: no visible global function definition for
     ‘nIter’
    print.summary.censReg: no visible global function definition for
     ‘returnCode’
    print.summary.censReg: no visible global function definition for
     ‘returnMessage’
    print.summary.censReg: no visible global function definition for
     ‘activePar’
Flavors: r-devel-linux-x86_64-debian-clang, r-devel-linux-x86_64-debian-gcc, r-devel-linux-x86_64-fedora-clang, r-devel-linux-x86_64-fedora-gcc, r-devel-osx-x86_64-clang, r-devel-windows-ix86+x86_64, r-patched-linux-x86_64, r-patched-solaris-sparc, r-release-linux-ix86, r-release-linux-x86_64, r-release-osx-x86_64-mavericks, r-release-windows-ix86+x86_64

Version: 0.5-20
Check: re-building of vignette outputs
Result: NOTE
    Error in re-building vignettes:
     ...
    
    Loading required package: nlme
    Loading required package: Formula
    Loading required package: MASS
    Loading required package: sandwich
    Loading required package: zoo
    
    Attaching package: 'zoo'
    
    The following objects are masked from 'package:base':
    
     as.Date, as.Date.numeric
    
    Error in texi2dvi(file = file, pdf = TRUE, clean = clean, quiet = quiet, :
     Running 'texi2dvi' on 'censReg.tex' failed.
    LaTeX errors:
    ! LaTeX Error: File `bbm.sty' not found.
    
    Type X to quit or <RETURN> to proceed,
    or enter new name. (Default extension: sty)
    
    censReg.Rcheck/vign_test/censReg/vignettes/censReg.tex:5: ==> Fatal error occu
    rred, no output PDF file produced!
    Calls: buildVignettes -> texi2pdf -> texi2dvi
    Execution halted
Flavor: r-release-osx-x86_64-snowleopard