CRAN Package Check Results for Package censReg

Last updated on 2015-03-31 19:50:59.

Flavor Version Tinstall Tcheck Ttotal Status Flags
r-devel-linux-x86_64-debian-clang 0.5-20 0.88 72.14 73.02 NOTE
r-devel-linux-x86_64-debian-gcc 0.5-20 2.93 66.96 69.89 NOTE
r-devel-linux-x86_64-fedora-clang 0.5-20 143.95 NOTE
r-devel-linux-x86_64-fedora-gcc 0.5-20 141.58 NOTE
r-devel-osx-x86_64-clang 0.5-20 120.16 NOTE
r-prerel-windows-ix86+x86_64 0.5-20 3.00 105.00 108.00 NOTE
r-prerel-linux-x86_64 0.5-20 0.88 67.76 68.64 NOTE
r-prerel-solaris-sparc 0.5-20 915.10 NOTE
r-prerel-solaris-x86 0.5-20 153.40 NOTE
r-release-linux-x86_64 0.5-20 1.20 82.32 83.52 NOTE
r-release-osx-x86_64-mavericks 0.5-20 NOTE
r-release-osx-x86_64-snowleopard 0.5-20 NOTE
r-release-windows-ix86+x86_64 0.5-20 6.00 126.00 132.00 NOTE
r-oldrel-windows-ix86+x86_64 0.5-20 5.00 132.00 137.00 OK

Check Details

Version: 0.5-20
Check: DESCRIPTION meta-information
Result: NOTE
    Malformed Description field: should contain one or more complete sentences.
Flavors: r-devel-linux-x86_64-debian-clang, r-devel-linux-x86_64-debian-gcc, r-devel-linux-x86_64-fedora-clang, r-devel-linux-x86_64-fedora-gcc, r-devel-osx-x86_64-clang, r-prerel-windows-ix86+x86_64, r-prerel-linux-x86_64, r-prerel-solaris-sparc, r-prerel-solaris-x86

Version: 0.5-20
Check: R code for possible problems
Result: NOTE
    censReg: no visible global function definition for ‘plm’
    extractAIC.censReg: no visible global function definition for ‘nObs’
    logLik.censReg: no visible global function definition for ‘activePar’
    print.summary.censReg: no visible global function definition for
     ‘maximType’
    print.summary.censReg: no visible global function definition for
     ‘nIter’
    print.summary.censReg: no visible global function definition for
     ‘returnCode’
    print.summary.censReg: no visible global function definition for
     ‘returnMessage’
    print.summary.censReg: no visible global function definition for
     ‘activePar’
Flavors: r-devel-linux-x86_64-debian-clang, r-devel-linux-x86_64-debian-gcc, r-devel-linux-x86_64-fedora-clang, r-devel-linux-x86_64-fedora-gcc, r-devel-osx-x86_64-clang, r-prerel-windows-ix86+x86_64, r-prerel-linux-x86_64, r-prerel-solaris-sparc, r-prerel-solaris-x86, r-release-linux-x86_64, r-release-osx-x86_64-mavericks, r-release-windows-ix86+x86_64

Version: 0.5-20
Check: re-building of vignette outputs
Result: NOTE
    Error in re-building vignettes:
     ...
    
    Loading required package: nlme
    Loading required package: Formula
    Loading required package: MASS
    Loading required package: sandwich
    Loading required package: zoo
    
    Attaching package: 'zoo'
    
    The following objects are masked from 'package:base':
    
     as.Date, as.Date.numeric
    
    Error in texi2dvi(file = file, pdf = TRUE, clean = clean, quiet = quiet, :
     Running 'texi2dvi' on 'censReg.tex' failed.
    LaTeX errors:
    ! LaTeX Error: File `bbm.sty' not found.
    
    Type X to quit or <RETURN> to proceed,
    or enter new name. (Default extension: sty)
    
    censReg.Rcheck/vign_test/censReg/vignettes/censReg.tex:5: ==> Fatal error occu
    rred, no output PDF file produced!
    Calls: buildVignettes -> texi2pdf -> texi2dvi
    Execution halted
Flavor: r-release-osx-x86_64-snowleopard