CRAN Package Check Results for Package censReg

Last updated on 2015-05-27 19:47:03.

Flavor Version Tinstall Tcheck Ttotal Status Flags
r-devel-linux-x86_64-debian-clang 0.5-20 0.92 73.54 74.46 NOTE
r-devel-linux-x86_64-debian-gcc 0.5-20 0.86 66.43 67.30 NOTE
r-devel-linux-x86_64-fedora-clang 0.5-20 141.44 NOTE
r-devel-linux-x86_64-fedora-gcc 0.5-20 134.35 NOTE
r-devel-osx-x86_64-clang 0.5-20 110.91 NOTE
r-devel-windows-ix86+x86_64 0.5-20 3.00 105.00 108.00 NOTE
r-patched-linux-x86_64 0.5-20 0.91 66.10 67.01 NOTE
r-patched-solaris-sparc 0.5-20 874.20 NOTE
r-patched-solaris-x86 0.5-20 152.80 NOTE
r-release-linux-x86_64 0.5-20 0.87 71.20 72.07 NOTE
r-release-osx-x86_64-mavericks 0.5-20 NOTE
r-release-osx-x86_64-snowleopard 0.5-20 ERROR
r-release-windows-ix86+x86_64 0.5-20 3.00 106.00 109.00 NOTE
r-oldrel-windows-ix86+x86_64 0.5-20 4.00 118.00 122.00 NOTE

Check Details

Version: 0.5-20
Check: DESCRIPTION meta-information
Result: NOTE
    Malformed Description field: should contain one or more complete sentences.
Flavors: r-devel-linux-x86_64-debian-clang, r-devel-linux-x86_64-debian-gcc, r-devel-linux-x86_64-fedora-clang, r-devel-linux-x86_64-fedora-gcc, r-devel-osx-x86_64-clang, r-devel-windows-ix86+x86_64, r-patched-linux-x86_64, r-patched-solaris-sparc, r-patched-solaris-x86, r-release-linux-x86_64, r-release-osx-x86_64-mavericks, r-release-windows-ix86+x86_64

Version: 0.5-20
Check: R code for possible problems
Result: NOTE
    censReg: no visible global function definition for ‘plm’
    extractAIC.censReg: no visible global function definition for ‘nObs’
    logLik.censReg: no visible global function definition for ‘activePar’
    print.summary.censReg: no visible global function definition for
     ‘maximType’
    print.summary.censReg: no visible global function definition for
     ‘nIter’
    print.summary.censReg: no visible global function definition for
     ‘returnCode’
    print.summary.censReg: no visible global function definition for
     ‘returnMessage’
    print.summary.censReg: no visible global function definition for
     ‘activePar’
Flavors: r-devel-linux-x86_64-debian-clang, r-devel-linux-x86_64-debian-gcc, r-devel-linux-x86_64-fedora-clang, r-devel-linux-x86_64-fedora-gcc, r-devel-osx-x86_64-clang, r-devel-windows-ix86+x86_64, r-patched-linux-x86_64, r-patched-solaris-sparc, r-patched-solaris-x86, r-release-linux-x86_64, r-release-osx-x86_64-mavericks, r-release-windows-ix86+x86_64, r-oldrel-windows-ix86+x86_64

Version: 0.5-20
Check: package dependencies
Result: ERROR
    Packages required but not available: ‘maxLik’ ‘sandwich’ ‘miscTools’
    
    Packages suggested but not available for checking: ‘plm’ ‘AER’ ‘lmtest’
    
    See section ‘The DESCRIPTION file’ in the ‘Writing R Extensions’
    manual.
Flavor: r-release-osx-x86_64-snowleopard