CRAN Package Check Results for Package censorcopula

Last updated on 2024-03-03 07:49:59 CET.

Flavor Version Tinstall Tcheck Ttotal Status Flags
r-devel-linux-x86_64-debian-clang 2.0 8.39 75.51 83.90 NOTE
r-devel-linux-x86_64-debian-gcc 2.0 6.90 57.66 64.56 NOTE
r-devel-linux-x86_64-fedora-clang 2.0 102.73 NOTE
r-devel-linux-x86_64-fedora-gcc 2.0 100.60 NOTE
r-devel-windows-x86_64 2.0 8.00 71.00 79.00 NOTE
r-patched-linux-x86_64 2.0 8.04 74.55 82.59 NOTE
r-release-linux-x86_64 2.0 6.10 74.02 80.12 NOTE
r-release-macos-arm64 2.0 39.00 NOTE
r-release-macos-x86_64 2.0 59.00 NOTE
r-release-windows-x86_64 2.0 10.00 81.00 91.00 NOTE
r-oldrel-macos-arm64 2.0 34.00 NOTE
r-oldrel-windows-x86_64 2.0 10.00 86.00 96.00 NOTE

Check Details

Version: 2.0
Check: dependencies in R code
Result: NOTE Unexported objects imported by ':::' calls: ‘copula:::dCdu’ ‘copula:::fitCopStart’ See the note in ?`:::` about the use of this operator. Flavors: r-devel-linux-x86_64-debian-clang, r-devel-linux-x86_64-debian-gcc, r-devel-linux-x86_64-fedora-clang, r-devel-linux-x86_64-fedora-gcc, r-devel-windows-x86_64, r-patched-linux-x86_64, r-release-linux-x86_64, r-release-macos-arm64, r-release-macos-x86_64, r-release-windows-x86_64, r-oldrel-macos-arm64, r-oldrel-windows-x86_64