CRAN Package Check Results for Package censorcopula

Last updated on 2022-10-05 20:54:56 CEST.

Flavor Version Tinstall Tcheck Ttotal Status Flags
r-devel-linux-x86_64-debian-clang 2.0 9.74 76.06 85.80 NOTE
r-devel-linux-x86_64-debian-gcc 2.0 7.30 59.56 66.86 NOTE
r-devel-linux-x86_64-fedora-clang 2.0 118.92 NOTE
r-devel-linux-x86_64-fedora-gcc 2.0 110.49 NOTE
r-devel-windows-x86_64 2.0 14.00 97.00 111.00 NOTE
r-patched-linux-x86_64 2.0 8.17 74.85 83.02 NOTE
r-release-linux-x86_64 2.0 8.94 73.57 82.51 NOTE
r-release-macos-arm64 2.0 33.00 NOTE
r-release-macos-x86_64 2.0 47.00 NOTE
r-release-windows-x86_64 2.0 16.00 96.00 112.00 NOTE
r-oldrel-macos-arm64 2.0 38.00 NOTE
r-oldrel-macos-x86_64 2.0 66.00 NOTE
r-oldrel-windows-ix86+x86_64 2.0 19.00 96.00 115.00 NOTE

Check Details

Version: 2.0
Check: dependencies in R code
Result: NOTE
    Unexported objects imported by ':::' calls:
     'copula:::dCdu' 'copula:::fitCopStart'
     See the note in ?`:::` about the use of this operator.
Flavors: r-devel-linux-x86_64-debian-clang, r-devel-linux-x86_64-debian-gcc, r-devel-linux-x86_64-fedora-clang, r-devel-linux-x86_64-fedora-gcc, r-devel-windows-x86_64, r-patched-linux-x86_64, r-release-linux-x86_64, r-release-macos-arm64, r-release-macos-x86_64, r-release-windows-x86_64, r-oldrel-macos-arm64, r-oldrel-macos-x86_64, r-oldrel-windows-ix86+x86_64