CRAN Package Check Results for Package censusapi

Last updated on 2022-05-25 01:50:15 CEST.

Flavor Version Tinstall Tcheck Ttotal Status Flags
r-devel-linux-x86_64-debian-clang 0.7.1 2.67 33.86 36.53 OK
r-devel-linux-x86_64-debian-gcc 0.7.1 1.93 27.28 29.21 ERROR
r-devel-linux-x86_64-fedora-clang 0.7.1 47.59 OK
r-devel-linux-x86_64-fedora-gcc 0.7.1 46.32 OK
r-devel-windows-x86_64 0.7.1 12.00 68.00 80.00 OK
r-patched-linux-x86_64 0.7.1 2.47 35.48 37.95 OK
r-release-linux-x86_64 0.7.1 OK
r-release-macos-arm64 0.7.1 31.00 OK
r-release-macos-x86_64 0.7.1 39.00 OK
r-release-windows-x86_64 0.7.1 16.00 65.00 81.00 OK
r-oldrel-macos-arm64 0.7.1 28.00 OK
r-oldrel-macos-x86_64 0.7.1 41.00 OK
r-oldrel-windows-ix86+x86_64 0.7.1 7.00 55.00 62.00 OK

Additional issues

donttest

Check Details

Version: 0.7.1
Check: re-building of vignette outputs
Result: ERROR
    Error(s) in re-building vignettes:
     ...
    --- re-building ‘getting-started.Rmd’ using rmarkdown
    
    Attaching package: 'censusapi'
    
    The following object is masked from 'package:methods':
    
     getFunction
    
    Quitting from lines 72-76 (getting-started.Rmd)
    Error: processing vignette ‘getting-started.Rmd’ failed with diagnostics:
    Timeout was reached: [api.census.gov] Failed to connect to api.census.gov port 443 after 5204 ms: Connection timed out
    --- failed re-building ‘getting-started.Rmd’
    
    SUMMARY: processing the following file failed:
     ‘getting-started.Rmd’
    
    Error: Vignette re-building failed.
    Execution halted
Flavor: r-devel-linux-x86_64-debian-gcc