CRAN Package Check Results for Package censys

Last updated on 2023-04-01 05:50:36 CEST.

Flavor Version Tinstall Tcheck Ttotal Status Flags
r-devel-linux-x86_64-debian-clang 0.1.0 4.02 33.96 37.98 NOTE
r-devel-linux-x86_64-debian-gcc 0.1.0 2.96 26.44 29.40 NOTE
r-devel-linux-x86_64-fedora-clang 0.1.0 47.18 NOTE
r-devel-linux-x86_64-fedora-gcc 0.1.0 45.40 NOTE
r-devel-windows-x86_64 0.1.0 15.00 0.00 15.00 NOTE
r-patched-linux-x86_64 0.1.0 3.38 32.97 36.35 NOTE
r-release-linux-x86_64 0.1.0 3.70 34.27 37.97 NOTE
r-release-macos-arm64 0.1.0 16.00 NOTE
r-release-macos-x86_64 0.1.0 25.00 NOTE
r-release-windows-x86_64 0.1.0 14.00 66.00 80.00 NOTE
r-oldrel-macos-arm64 0.1.0 21.00 NOTE
r-oldrel-macos-x86_64 0.1.0 30.00 NOTE
r-oldrel-windows-ix86+x86_64 0.1.0 8.00 60.00 68.00 NOTE

Check Details

Version: 0.1.0
Check: LazyData
Result: NOTE
     'LazyData' is specified without a 'data' directory
Flavors: r-devel-linux-x86_64-debian-clang, r-devel-linux-x86_64-debian-gcc, r-devel-linux-x86_64-fedora-clang, r-devel-linux-x86_64-fedora-gcc, r-devel-windows-x86_64, r-patched-linux-x86_64, r-release-linux-x86_64, r-release-macos-arm64, r-release-macos-x86_64, r-release-windows-x86_64, r-oldrel-macos-arm64, r-oldrel-macos-x86_64, r-oldrel-windows-ix86+x86_64