CRAN Package Check Results for Package cepR

Last updated on 2022-08-09 22:57:35 CEST.

Flavor Version Tinstall Tcheck Ttotal Status Flags
r-devel-linux-x86_64-debian-clang 0.1.2 4.85 46.93 51.78 NOTE
r-devel-linux-x86_64-debian-gcc 0.1.2 3.63 34.90 38.53 NOTE
r-devel-linux-x86_64-fedora-clang 0.1.2 72.50 NOTE
r-devel-linux-x86_64-fedora-gcc 0.1.2 68.59 NOTE
r-devel-windows-x86_64 0.1.2 11.00 67.00 78.00 NOTE
r-patched-linux-x86_64 0.1.2 4.95 43.83 48.78 NOTE
r-release-linux-x86_64 0.1.2 NOTE
r-release-macos-arm64 0.1.2 20.00 NOTE
r-release-macos-x86_64 0.1.2 41.00 NOTE
r-release-windows-x86_64 0.1.2 10.00 65.00 75.00 NOTE
r-oldrel-macos-arm64 0.1.2 24.00 NOTE
r-oldrel-macos-x86_64 0.1.2 38.00 NOTE
r-oldrel-windows-ix86+x86_64 0.1.2 13.00 59.00 72.00 NOTE

Check Details

Version: 0.1.2
Check: LazyData
Result: NOTE
     'LazyData' is specified without a 'data' directory
Flavors: r-devel-linux-x86_64-debian-clang, r-devel-linux-x86_64-debian-gcc, r-devel-linux-x86_64-fedora-clang, r-devel-linux-x86_64-fedora-gcc, r-devel-windows-x86_64, r-patched-linux-x86_64, r-release-linux-x86_64, r-release-macos-arm64, r-release-macos-x86_64, r-release-windows-x86_64, r-oldrel-macos-arm64, r-oldrel-macos-x86_64, r-oldrel-windows-ix86+x86_64