CRAN Package Check Results for Package cepp

Last updated on 2016-02-10 23:46:47.

Flavor Version Tinstall Tcheck Ttotal Status Flags
r-devel-linux-x86_64-debian-gcc 1.7 0.75 14.55 15.29 OK
r-devel-linux-x86_64-fedora-clang 1.7 28.82 OK
r-devel-linux-x86_64-fedora-gcc 1.7 27.09 OK
r-devel-osx-x86_64-clang 1.7 33.87 OK
r-devel-windows-ix86+x86_64 1.7 2.00 39.00 41.00 OK
r-patched-linux-x86_64 1.7 0.73 15.23 15.96 OK
r-patched-solaris-sparc 1.7 199.40 OK
r-patched-solaris-x86 1.7 38.60 OK
r-release-linux-x86_64 1.7 0.74 15.45 16.18 OK
r-release-osx-x86_64-mavericks 1.7 OK
r-release-windows-ix86+x86_64 1.7 4.00 41.00 45.00 OK
r-oldrel-windows-ix86+x86_64 1.7 7.00 60.00 67.00 WARN

Check Details

Version: 1.7
Check: Rd files
Result: WARN
    prepare_Rd: cepp-package.Rd:6: unknown macro '\packageTitle'
    prepare_Rd: cepp-package.Rd:9: unknown macro '\packageDescription'
    prepare_Rd: cepp-package.Rd:13: unknown macro '\packageDESCRIPTION'
    prepare_Rd: cepp-package.Rd:17: unknown macro '\packageAuthor'
    prepare_Rd: cepp-package.Rd:19: unknown macro '\packageMaintainer'
Flavor: r-oldrel-windows-ix86+x86_64