CRAN Package Check Results for Package cepp

Last updated on 2014-07-30 17:48:49.

Flavor Version Tinstall Tcheck Ttotal Status Flags
r-devel-linux-x86_64-debian-clang 1.0 0.82 80.52 81.34 NOTE
r-devel-linux-x86_64-debian-gcc 1.0 0.74 75.47 76.20 NOTE
r-devel-linux-x86_64-fedora-clang 1.0 183.74 NOTE
r-devel-linux-x86_64-fedora-gcc 1.0 166.90 NOTE
r-devel-osx-x86_64-clang 1.0 131.33 NOTE
r-devel-windows-ix86+x86_64 1.0 3.00 111.00 114.00 NOTE
r-patched-linux-x86_64 1.0 0.73 75.50 76.24 NOTE
r-patched-solaris-sparc 1.0 1200.00 NOTE
r-patched-solaris-x86 1.0 189.60 NOTE
r-release-linux-ix86 1.0 0.47 1.65 2.12 ERROR
r-release-linux-x86_64 1.0 0.76 78.92 79.68 NOTE
r-release-osx-x86_64-mavericks 1.0 NOTE
r-release-osx-x86_64-snowleopard 1.0 NOTE
r-release-windows-ix86+x86_64 1.0 4.00 121.00 125.00 NOTE
r-oldrel-windows-ix86+x86_64 1.0 4.00 131.00 135.00 NOTE

Check Details

Version: 1.0
Check: dependencies in R code
Result: NOTE
    'library' or 'require' call to randtoolbox which was already attached by Depends.
     Please remove these calls from your code.
    See the information on DESCRIPTION files in the chapter Creating R
    packages of the Writing R Extensions manual.
Flavors: r-devel-linux-x86_64-debian-clang, r-devel-linux-x86_64-debian-gcc, r-devel-linux-x86_64-fedora-clang, r-devel-linux-x86_64-fedora-gcc, r-devel-osx-x86_64-clang, r-devel-windows-ix86+x86_64, r-patched-linux-x86_64, r-patched-solaris-sparc, r-patched-solaris-x86, r-release-linux-x86_64, r-release-osx-x86_64-mavericks, r-release-osx-x86_64-snowleopard, r-release-windows-ix86+x86_64, r-oldrel-windows-ix86+x86_64

Version: 1.0
Check: Rd line widths
Result: NOTE
    Rd file 'data-olive.Rd':
     \examples lines wider than 100 characters:
     o1 <- optim(par=F1, fn=oil1,gr=basis_nearby,method='SANN',control=list(fnscale=-1,maxit=50,trace=6))
    
    Rd file 'pp.Rd':
     \examples lines wider than 100 characters:
     o1 <- optim(par=F1,fn=ranif1,gr=basis_nearby,method='SANN',control=list(fnscale=-1,maxit=200,trace=1))
    
    These lines will be truncated in the PDF manual.
Flavors: r-devel-linux-x86_64-fedora-clang, r-devel-linux-x86_64-fedora-gcc

Version: 1.0
Check: package dependencies
Result: ERROR
    Package required but not available: randtoolbox
    
    See the information on DESCRIPTION files in the chapter Creating R
    packages of the Writing R Extensions manual.
Flavor: r-release-linux-ix86