CRAN Package Check Results for Package cepp

Last updated on 2016-05-03 03:51:27.

Flavor Version Tinstall Tcheck Ttotal Status Flags
r-devel-linux-x86_64-debian-gcc 1.7 0.69 15.71 16.39 OK
r-devel-linux-x86_64-fedora-clang 1.7 29.33 OK
r-devel-linux-x86_64-fedora-gcc 1.7 27.04 OK
r-devel-osx-x86_64-clang 1.7 35.05 OK
r-devel-windows-ix86+x86_64 1.7 2.00 35.00 37.00 OK
r-patched-linux-x86_64 1.7 0.68 15.68 16.36 OK
r-patched-solaris-sparc 1.7 196.40 OK
r-patched-solaris-x86 1.7 39.20 OK
r-release-linux-x86_64 1.7 0.82 16.46 17.28 OK
r-release-osx-x86_64-mavericks 1.7 OK
r-release-windows-ix86+x86_64 1.7 4.00 41.00 45.00 OK
r-oldrel-windows-ix86+x86_64 1.7 7.00 60.00 67.00 WARN

Check Details

Version: 1.7
Check: Rd files
Result: WARN
    prepare_Rd: cepp-package.Rd:6: unknown macro '\packageTitle'
    prepare_Rd: cepp-package.Rd:9: unknown macro '\packageDescription'
    prepare_Rd: cepp-package.Rd:13: unknown macro '\packageDESCRIPTION'
    prepare_Rd: cepp-package.Rd:17: unknown macro '\packageAuthor'
    prepare_Rd: cepp-package.Rd:19: unknown macro '\packageMaintainer'
Flavor: r-oldrel-windows-ix86+x86_64