CRAN Package Check Results for Package cequre

Last updated on 2024-02-21 01:49:15 CET.

Flavor Version Tinstall Tcheck Ttotal Status Flags
r-devel-linux-x86_64-debian-clang 1.5 NOTE
r-devel-linux-x86_64-debian-gcc 1.5 3.08 23.39 26.47 NOTE
r-devel-linux-x86_64-fedora-clang 1.5 42.89 OK
r-devel-linux-x86_64-fedora-gcc 1.5 52.57 OK
r-devel-windows-x86_64 1.5 7.00 47.00 54.00 OK
r-patched-linux-x86_64 1.5 4.38 28.61 32.99 OK
r-release-linux-x86_64 1.5 4.17 28.87 33.04 OK
r-release-macos-arm64 1.5 40.00 OK
r-release-macos-x86_64 1.5 76.00 OK
r-release-windows-x86_64 1.5 7.00 46.00 53.00 OK
r-oldrel-macos-arm64 1.5 35.00 OK
r-oldrel-windows-x86_64 1.5 7.00 56.00 63.00 OK

Check Details

Version: 1.5
Check: Rd files
Result: NOTE checkRd: (-1) cequre.Rd:31: Lost braces; missing escapes or markup? 31 | {epsi}^{# regression coefficients} times the initial value, | ^ checkRd: (-1) cequre.Rd:31: Lost braces; missing escapes or markup? 31 | {epsi}^{# regression coefficients} times the initial value, | ^ Flavors: r-devel-linux-x86_64-debian-clang, r-devel-linux-x86_64-debian-gcc