CRAN Package Check Results for Package ceterisParibus

Last updated on 2021-02-26 13:47:04 CET.

Flavor Version Tinstall Tcheck Ttotal Status Flags
r-devel-linux-x86_64-debian-clang 0.4.2 5.59 58.03 63.62 OK
r-devel-linux-x86_64-debian-gcc 0.4.2 4.19 43.18 47.37 OK
r-devel-linux-x86_64-fedora-clang 0.4.2 84.31 NOTE
r-devel-linux-x86_64-fedora-gcc 0.4.2 74.13 NOTE
r-devel-windows-ix86+x86_64 0.4.2 11.00 60.00 71.00 OK
r-patched-linux-x86_64 0.4.2 5.42 53.94 59.36 OK
r-patched-solaris-x86 0.4.2 107.40 NOTE
r-release-linux-x86_64 0.4.2 3.42 53.96 57.38 OK
r-release-macos-x86_64 0.4.2 NOTE
r-release-windows-ix86+x86_64 0.4.2 15.00 74.00 89.00 OK
r-oldrel-macos-x86_64 0.4.2 NOTE
r-oldrel-windows-ix86+x86_64 0.4.2 8.00 73.00 81.00 OK

Check Details

Version: 0.4.2
Check: dependencies in R code
Result: NOTE
    Namespace in Imports field not imported from: ‘knitr’
     All declared Imports should be used.
Flavors: r-devel-linux-x86_64-fedora-clang, r-devel-linux-x86_64-fedora-gcc, r-patched-solaris-x86, r-release-macos-x86_64, r-oldrel-macos-x86_64