CRAN Package Check Results for Package cfa

Last updated on 2015-05-22 19:48:01.

Flavor Version Tinstall Tcheck Ttotal Status Flags
r-devel-linux-x86_64-debian-clang 0.9-3 0.68 13.46 14.14 NOTE
r-devel-linux-x86_64-debian-gcc 0.9-3 0.62 13.45 14.07 NOTE
r-devel-linux-x86_64-fedora-clang 0.9-3 28.32 NOTE
r-devel-linux-x86_64-fedora-gcc 0.9-3 26.35 NOTE
r-devel-osx-x86_64-clang 0.9-3 30.09 NOTE
r-devel-windows-ix86+x86_64 0.9-3 4.00 25.00 29.00 NOTE
r-patched-linux-x86_64 0.9-3 0.69 13.49 14.18 NOTE
r-patched-solaris-sparc 0.9-3 183.60 NOTE
r-patched-solaris-x86 0.9-3 38.30 NOTE
r-release-linux-x86_64 0.9-3 0.64 13.43 14.07 NOTE
r-release-osx-x86_64-mavericks 0.9-3 NOTE
r-release-osx-x86_64-snowleopard 0.9-3 NOTE
r-release-windows-ix86+x86_64 0.9-3 2.00 27.00 29.00 NOTE
r-oldrel-windows-ix86+x86_64 0.9-3 4.00 27.00 31.00 OK

Check Details

Version: 0.9-3
Check: DESCRIPTION meta-information
Result: NOTE
    Malformed Description field: should contain one or more complete sentences.
Flavors: r-devel-linux-x86_64-debian-clang, r-devel-linux-x86_64-debian-gcc, r-devel-linux-x86_64-fedora-clang, r-devel-linux-x86_64-fedora-gcc, r-devel-osx-x86_64-clang, r-devel-windows-ix86+x86_64, r-patched-linux-x86_64, r-patched-solaris-sparc, r-patched-solaris-x86, r-release-linux-x86_64, r-release-osx-x86_64-mavericks, r-release-osx-x86_64-snowleopard, r-release-windows-ix86+x86_64