CRAN Package Check Results for Package cfa

Last updated on 2015-08-04 09:47:11.

Flavor Version Tinstall Tcheck Ttotal Status Flags
r-devel-linux-x86_64-debian-clang 0.9-3 0.61 13.53 14.14 NOTE
r-devel-linux-x86_64-debian-gcc 0.9-3 0.63 12.86 13.50 NOTE
r-devel-linux-x86_64-fedora-clang 0.9-3 27.47 NOTE
r-devel-linux-x86_64-fedora-gcc 0.9-3 26.77 NOTE
r-devel-osx-x86_64-clang 0.9-3 26.05 NOTE
r-devel-windows-ix86+x86_64 0.9-3 3.00 24.00 27.00 NOTE
r-patched-linux-x86_64 0.9-3 0.64 13.90 14.54 NOTE
r-patched-solaris-sparc 0.9-3 182.40 NOTE
r-patched-solaris-x86 0.9-3 39.40 NOTE
r-release-linux-x86_64 0.9-3 0.63 13.28 13.91 NOTE
r-release-osx-x86_64-mavericks 0.9-3 NOTE
r-release-windows-ix86+x86_64 0.9-3 3.00 24.00 27.00 NOTE
r-oldrel-windows-ix86+x86_64 0.9-3 4.00 27.00 31.00 OK

Check Details

Version: 0.9-3
Check: DESCRIPTION meta-information
Result: NOTE
    Malformed Description field: should contain one or more complete sentences.
Flavors: r-devel-linux-x86_64-debian-clang, r-devel-linux-x86_64-debian-gcc, r-devel-linux-x86_64-fedora-clang, r-devel-linux-x86_64-fedora-gcc, r-devel-osx-x86_64-clang, r-devel-windows-ix86+x86_64, r-patched-linux-x86_64, r-patched-solaris-sparc, r-patched-solaris-x86, r-release-linux-x86_64, r-release-osx-x86_64-mavericks, r-release-windows-ix86+x86_64

Version: 0.9-3
Check: R code for possible problems
Result: NOTE
    plot.bcfa: no visible global function definition for ‘plot’
    plot.bcfa: no visible global function definition for ‘identify’
    plot.hcfa: no visible global function definition for ‘dotchart’
    plot.mcfa: no visible global function definition for ‘plot’
    plot.mcfa: no visible global function definition for ‘identify’
    plot.scfa: no visible global function definition for ‘plot’
    plot.scfa: no visible global function definition for ‘identify’
    Undefined global functions or variables:
     dotchart identify plot
    Consider adding
     importFrom("graphics", "dotchart", "identify", "plot")
    to your NAMESPACE.
Flavors: r-devel-linux-x86_64-debian-clang, r-devel-linux-x86_64-debian-gcc, r-devel-linux-x86_64-fedora-clang, r-devel-linux-x86_64-fedora-gcc, r-devel-windows-ix86+x86_64