CRAN Package Check Results for Package cfa

Last updated on 2015-04-26 00:47:25.

Flavor Version Tinstall Tcheck Ttotal Status Flags
r-devel-linux-x86_64-debian-clang 0.9-3 0.64 13.77 14.40 NOTE
r-devel-linux-x86_64-debian-gcc 0.9-3 0.70 13.48 14.18 NOTE
r-devel-linux-x86_64-fedora-clang 0.9-3 29.09 NOTE
r-devel-linux-x86_64-fedora-gcc 0.9-3 27.45 NOTE
r-devel-osx-x86_64-clang 0.9-3 28.60 NOTE
r-devel-windows-ix86+x86_64 0.9-3 4.00 26.00 30.00 NOTE
r-patched-linux-x86_64 0.9-3 0.70 14.27 14.97 NOTE
r-patched-solaris-sparc 0.9-3 195.40 NOTE
r-patched-solaris-x86 0.9-3 38.40 NOTE
r-release-linux-x86_64 0.9-3 0.64 13.92 14.56 NOTE
r-release-osx-x86_64-mavericks 0.9-3 NOTE
r-release-osx-x86_64-snowleopard 0.9-3 NOTE
r-release-windows-ix86+x86_64 0.9-3 2.00 27.00 29.00 NOTE
r-oldrel-windows-ix86+x86_64 0.9-3 4.00 27.00 31.00 OK

Check Details

Version: 0.9-3
Check: DESCRIPTION meta-information
Result: NOTE
    Malformed Description field: should contain one or more complete sentences.
Flavors: r-devel-windows-ix86+x86_64, r-release-windows-ix86+x86_64