CRAN Package Check Results for Package cfa

Last updated on 2015-03-27 08:48:56.

Flavor Version Tinstall Tcheck Ttotal Status Flags
r-devel-linux-x86_64-debian-clang 0.9-3 1.23 13.55 14.78 NOTE
r-devel-linux-x86_64-debian-gcc 0.9-3 0.71 13.54 14.25 NOTE
r-devel-linux-x86_64-fedora-clang 0.9-3 29.50 NOTE
r-devel-linux-x86_64-fedora-gcc 0.9-3 26.49 NOTE
r-devel-osx-x86_64-clang 0.9-3 31.97 NOTE
r-prerel-windows-ix86+x86_64 0.9-3 3.00 24.00 27.00 NOTE
r-prerel-linux-x86_64 0.9-3 0.63 13.33 13.96 NOTE
r-prerel-solaris-sparc 0.9-3 195.40 NOTE
r-prerel-solaris-x86 0.9-3 38.10 NOTE
r-release-linux-x86_64 0.9-3 0.67 14.93 15.60 OK
r-release-osx-x86_64-mavericks 0.9-3 OK
r-release-windows-ix86+x86_64 0.9-3 4.00 27.00 31.00 OK
r-oldrel-windows-ix86+x86_64 0.9-3 2.00 25.00 27.00 OK

Check Details

Version: 0.9-3
Check: DESCRIPTION meta-information
Result: NOTE
    Malformed Description field: should contain one or more complete sentences.
Flavors: r-devel-linux-x86_64-debian-clang, r-devel-linux-x86_64-debian-gcc, r-devel-linux-x86_64-fedora-clang, r-devel-linux-x86_64-fedora-gcc, r-devel-osx-x86_64-clang, r-prerel-windows-ix86+x86_64, r-prerel-linux-x86_64, r-prerel-solaris-sparc, r-prerel-solaris-x86