CRAN Package Check Results for Package cg

Last updated on 2017-06-29 01:46:30.

Flavor Version Tinstall Tcheck Ttotal Status Flags
r-devel-linux-x86_64-debian-clang 1.0-3 6.33 110.50 116.83 OK
r-devel-linux-x86_64-debian-gcc 1.0-3 6.12 108.27 114.38 OK
r-devel-linux-x86_64-fedora-clang 1.0-3 242.39 NOTE
r-devel-linux-x86_64-fedora-gcc 1.0-3 237.97 NOTE
r-devel-windows-ix86+x86_64 1.0-3 19.00 198.00 217.00 OK
r-patched-linux-x86_64 1.0-3 6.23 111.46 117.68 OK
r-patched-solaris-sparc 1.0-3 1395.50 NOTE
r-patched-solaris-x86 1.0-3 296.70 NOTE
r-release-linux-x86_64 1.0-3 6.23 112.32 118.56 OK
r-release-windows-ix86+x86_64 1.0-3 20.00 267.00 287.00 OK
r-release-osx-x86_64 1.0-3 NOTE
r-oldrel-windows-ix86+x86_64 1.0-3 27.00 234.00 261.00 OK
r-oldrel-osx-x86_64 1.0-3 NOTE

Check Details

Version: 1.0-3
Check: dependencies in R code
Result: NOTE
    Namespace in Imports field not imported from: ‘grDevices’
     All declared Imports should be used.
Flavors: r-devel-linux-x86_64-fedora-clang, r-devel-linux-x86_64-fedora-gcc, r-patched-solaris-sparc, r-patched-solaris-x86, r-release-osx-x86_64, r-oldrel-osx-x86_64