CRAN Package Check Results for Package cg

Last updated on 2015-02-01 03:49:16.

Flavor Version Tinstall Tcheck Ttotal Status Flags
r-devel-linux-x86_64-debian-clang 1.0-2 3.70 66.52 70.22 NOTE
r-devel-linux-x86_64-debian-gcc 1.0-2 3.52 64.52 68.04 NOTE
r-devel-linux-x86_64-fedora-clang 1.0-2 147.04 NOTE
r-devel-linux-x86_64-fedora-gcc 1.0-2 127.36 NOTE
r-devel-osx-x86_64-clang 1.0-2 130.62 NOTE
r-devel-windows-ix86+x86_64 1.0-2 17.00 93.00 110.00 OK
r-patched-linux-x86_64 1.0-2 6.40 76.62 83.02 OK
r-patched-solaris-sparc 1.0-2 854.30 OK
r-patched-solaris-x86 1.0-2 196.70 OK
r-release-linux-ix86 1.0-2 4.96 91.44 96.41 OK
r-release-linux-x86_64 1.0-2 4.22 76.30 80.52 OK
r-release-osx-x86_64-mavericks 1.0-2 OK
r-release-osx-x86_64-snowleopard 1.0-2 OK
r-release-windows-ix86+x86_64 1.0-2 14.00 123.00 137.00 OK
r-oldrel-windows-ix86+x86_64 1.0-2 17.00 119.00 136.00 OK

Check Details

Version: 1.0-2
Check: S3 generic/method consistency
Result: NOTE
    Found the following apparent S3 methods exported but not registered:
     print.cgOneFactorComparisonsTable print.cgOneFactorDescriptiveTable
     print.cgOneFactorDownweightedTable print.cgOneFactorFit
     print.cgOneFactorGlobalTest print.cgOneFactorGrpSummaryTable
     print.cgOneFactorSampleSizeTable
     print.cgPairedDifferenceComparisonsTable
     print.cgPairedDifferenceCorrelationTable
     print.cgPairedDifferenceDescriptiveTable
     print.cgPairedDifferenceDownweightedTable print.cgPairedDifferenceFit
     print.cgPairedDifferenceSampleSizeTable
     print.cgPairedDifferenceVarianceTable summary.cgOneFactorFit
     summary.cgPairedDifferenceFit boxplot.cgOneFactorData
    See section ‘Registering S3 methods’ in the ‘Writing R Extensions’
    manual.
Flavors: r-devel-linux-x86_64-debian-clang, r-devel-linux-x86_64-debian-gcc, r-devel-linux-x86_64-fedora-clang, r-devel-linux-x86_64-fedora-gcc, r-devel-osx-x86_64-clang