CRAN Package Check Results for Package cg

Last updated on 2018-02-23 10:48:08 CET.

Flavor Version Tinstall Tcheck Ttotal Status Flags
r-devel-linux-x86_64-debian-clang 1.0-3 27.20 145.75 172.95 OK
r-devel-linux-x86_64-debian-gcc 1.0-3 24.07 129.44 153.51 OK
r-devel-linux-x86_64-fedora-clang 1.0-3 244.52 NOTE
r-devel-linux-x86_64-fedora-gcc 1.0-3 241.61 NOTE
r-devel-windows-ix86+x86_64 1.0-3 55.00 251.00 306.00 OK
r-patched-linux-x86_64 1.0-3 7.46 180.81 188.27 OK
r-patched-solaris-x86 1.0-3 293.90 NOTE
r-release-linux-x86_64 1.0-3 10.19 180.72 190.91 OK
r-release-windows-ix86+x86_64 1.0-3 24.00 249.00 273.00 OK
r-release-osx-x86_64 1.0-3 NOTE
r-oldrel-windows-ix86+x86_64 1.0-3 19.00 245.00 264.00 OK
r-oldrel-osx-x86_64 1.0-3 NOTE

Check Details

Version: 1.0-3
Check: dependencies in R code
Result: NOTE
    Namespace in Imports field not imported from: ‘grDevices’
     All declared Imports should be used.
Flavors: r-devel-linux-x86_64-fedora-clang, r-devel-linux-x86_64-fedora-gcc, r-patched-solaris-x86, r-release-osx-x86_64, r-oldrel-osx-x86_64