CRAN Package Check Results for Package cg

Last updated on 2017-03-24 06:48:02.

Flavor Version Tinstall Tcheck Ttotal Status Flags
r-devel-linux-x86_64-debian-clang 1.0-3 6.60 110.86 117.46 OK
r-devel-linux-x86_64-debian-gcc 1.0-3 6.17 111.00 117.17 OK
r-devel-linux-x86_64-fedora-clang 1.0-3 262.64 NOTE --no-stop-on-test-error
r-devel-linux-x86_64-fedora-gcc 1.0-3 236.01 NOTE --no-stop-on-test-error
r-devel-macos-x86_64-clang 1.0-3 178.66 NOTE --no-stop-on-test-error
r-devel-windows-ix86+x86_64 1.0-3 20.00 181.00 201.00 OK
r-patched-linux-x86_64 1.0-3 6.27 104.15 110.42 OK
r-patched-solaris-sparc 1.0-3 1395.50 NOTE
r-patched-solaris-x86 1.0-3 288.00 NOTE
r-release-linux-x86_64 1.0-3 6.32 104.21 110.53 OK
r-release-osx-x86_64-mavericks 1.0-3 NOTE
r-release-windows-ix86+x86_64 1.0-3 25.00 164.00 189.00 OK
r-oldrel-windows-ix86+x86_64 1.0-3 32.00 240.00 272.00 NOTE

Check Details

Version: 1.0-3
Flags: --no-stop-on-test-error
Check: dependencies in R code
Result: NOTE
    Namespace in Imports field not imported from: ‘grDevices’
     All declared Imports should be used.
Flavors: r-devel-linux-x86_64-fedora-clang, r-devel-linux-x86_64-fedora-gcc, r-devel-macos-x86_64-clang

Version: 1.0-3
Check: dependencies in R code
Result: NOTE
    Namespace in Imports field not imported from: ‘grDevices’
     All declared Imports should be used.
Flavors: r-patched-solaris-sparc, r-patched-solaris-x86, r-release-osx-x86_64-mavericks, r-oldrel-windows-ix86+x86_64