CRAN Package Check Results for Package cg

Last updated on 2017-04-29 23:50:13.

Flavor Version Tinstall Tcheck Ttotal Status Flags
r-devel-linux-x86_64-debian-clang 1.0-3 6.99 110.10 117.10 OK
r-devel-linux-x86_64-debian-gcc 1.0-3 6.72 110.92 117.65 OK
r-devel-linux-x86_64-fedora-clang 1.0-3 246.51 NOTE --no-stop-on-test-error
r-devel-linux-x86_64-fedora-gcc 1.0-3 238.12 NOTE --no-stop-on-test-error
r-devel-windows-ix86+x86_64 1.0-3 33.00 244.00 277.00 OK
r-patched-linux-x86_64 1.0-3 6.62 110.95 117.58 OK
r-patched-solaris-sparc 1.0-3 1395.50 NOTE
r-patched-solaris-x86 1.0-3 285.10 NOTE
r-release-linux-x86_64 1.0-3 6.06 112.48 118.55 OK
r-release-windows-ix86+x86_64 1.0-3 30.00 257.00 287.00 OK
r-release-osx-x86_64 1.0-3 NOTE
r-oldrel-windows-ix86+x86_64 1.0-3 33.00 229.00 262.00 OK
r-oldrel-osx-x86_64 1.0-3 NOTE

Check Details

Version: 1.0-3
Flags: --no-stop-on-test-error
Check: dependencies in R code
Result: NOTE
    Namespace in Imports field not imported from: ‘grDevices’
     All declared Imports should be used.
Flavors: r-devel-linux-x86_64-fedora-clang, r-devel-linux-x86_64-fedora-gcc

Version: 1.0-3
Check: dependencies in R code
Result: NOTE
    Namespace in Imports field not imported from: ‘grDevices’
     All declared Imports should be used.
Flavors: r-patched-solaris-sparc, r-patched-solaris-x86, r-release-osx-x86_64, r-oldrel-osx-x86_64