CRAN Package Check Results for Package cg

Last updated on 2017-02-19 23:48:01.

Flavor Version Tinstall Tcheck Ttotal Status Flags
r-devel-linux-x86_64-debian-clang 1.0-3 6.10 111.13 117.23 OK
r-devel-linux-x86_64-debian-gcc 1.0-3 6.01 112.11 118.12 OK
r-devel-linux-x86_64-fedora-clang 1.0-3 242.87 NOTE --no-stop-on-test-error
r-devel-linux-x86_64-fedora-gcc 1.0-3 240.87 NOTE --no-stop-on-test-error
r-devel-macos-x86_64-clang 1.0-3 179.46 NOTE --no-stop-on-test-error
r-devel-windows-ix86+x86_64 1.0-3 37.00 257.00 294.00 OK
r-patched-linux-x86_64 1.0-3 6.58 102.21 108.79 OK
r-patched-solaris-sparc 1.0-3 1310.30 NOTE
r-patched-solaris-x86 1.0-3 255.50 NOTE
r-release-linux-x86_64 1.0-3 5.96 102.06 108.01 OK
r-release-osx-x86_64-mavericks 1.0-3 NOTE
r-release-windows-ix86+x86_64 1.0-3 20.00 173.00 193.00 OK
r-oldrel-windows-ix86+x86_64 1.0-3 29.00 246.00 275.00 NOTE

Check Details

Version: 1.0-3
Flags: --no-stop-on-test-error
Check: dependencies in R code
Result: NOTE
    Namespace in Imports field not imported from: ‘grDevices’
     All declared Imports should be used.
Flavors: r-devel-linux-x86_64-fedora-clang, r-devel-linux-x86_64-fedora-gcc, r-devel-macos-x86_64-clang

Version: 1.0-3
Check: dependencies in R code
Result: NOTE
    Namespace in Imports field not imported from: ‘grDevices’
     All declared Imports should be used.
Flavors: r-patched-solaris-sparc, r-patched-solaris-x86, r-release-osx-x86_64-mavericks, r-oldrel-windows-ix86+x86_64