CRAN Package Check Results for Package cg

Last updated on 2020-08-15 21:47:44 CEST.

Flavor Version Tinstall Tcheck Ttotal Status Flags
r-devel-linux-x86_64-debian-clang 1.0-3 33.61 205.85 239.46 OK
r-devel-linux-x86_64-debian-gcc 1.0-3 30.67 154.15 184.82 OK
r-devel-linux-x86_64-fedora-clang 1.0-3 296.49 NOTE
r-devel-linux-x86_64-fedora-gcc 1.0-3 285.28 NOTE
r-devel-windows-ix86+x86_64 1.0-3 102.00 217.00 319.00 OK
r-patched-linux-x86_64 1.0-3 32.25 200.33 232.58 OK
r-patched-solaris-x86 1.0-3 394.30 NOTE
r-release-linux-x86_64 1.0-3 26.71 197.75 224.46 OK
r-release-macos-x86_64 1.0-3 NOTE
r-release-windows-ix86+x86_64 1.0-3 99.00 228.00 327.00 OK
r-oldrel-macos-x86_64 1.0-3 NOTE
r-oldrel-windows-ix86+x86_64 1.0-3 54.00 213.00 267.00 OK

Check Details

Version: 1.0-3
Check: dependencies in R code
Result: NOTE
    Namespace in Imports field not imported from: ‘grDevices’
     All declared Imports should be used.
Flavors: r-devel-linux-x86_64-fedora-clang, r-devel-linux-x86_64-fedora-gcc, r-patched-solaris-x86, r-release-macos-x86_64, r-oldrel-macos-x86_64