CRAN Package Check Results for Package cg

Last updated on 2017-10-21 02:48:31.

Flavor Version Tinstall Tcheck Ttotal Status Flags
r-devel-linux-x86_64-debian-clang 1.0-3 6.48 109.27 115.76 OK
r-devel-linux-x86_64-debian-gcc 1.0-3 6.06 111.51 117.57 OK
r-devel-linux-x86_64-fedora-clang 1.0-3 239.51 NOTE
r-devel-linux-x86_64-fedora-gcc 1.0-3 267.81 NOTE
r-devel-windows-ix86+x86_64 1.0-3 19.00 175.00 194.00 OK
r-patched-linux-x86_64 1.0-3 6.36 111.32 117.68 OK
r-patched-solaris-x86 1.0-3 296.00 NOTE
r-release-linux-x86_64 1.0-3 6.35 112.88 119.23 OK
r-release-windows-ix86+x86_64 1.0-3 24.00 242.00 266.00 OK
r-release-osx-x86_64 1.0-3 NOTE
r-oldrel-windows-ix86+x86_64 1.0-3 19.00 236.00 255.00 OK
r-oldrel-osx-x86_64 1.0-3 NOTE

Check Details

Version: 1.0-3
Check: dependencies in R code
Result: NOTE
    Namespace in Imports field not imported from: ‘grDevices’
     All declared Imports should be used.
Flavors: r-devel-linux-x86_64-fedora-clang, r-devel-linux-x86_64-fedora-gcc, r-patched-solaris-x86, r-release-osx-x86_64, r-oldrel-osx-x86_64