CRAN Package Check Results for Package cg

Last updated on 2016-06-29 03:47:14.

Flavor Version Tinstall Tcheck Ttotal Status Flags
r-devel-linux-x86_64-debian-gcc 1.0-3 6.47 102.74 109.20 OK
r-devel-linux-x86_64-fedora-clang 1.0-3 204.20 NOTE
r-devel-linux-x86_64-fedora-gcc 1.0-3 204.90 NOTE
r-devel-osx-x86_64-clang 1.0-3 161.35 NOTE
r-devel-windows-ix86+x86_64 1.0-3 14.00 160.00 174.00 OK
r-patched-linux-x86_64 1.0-3 6.00 103.29 109.29 OK
r-patched-solaris-sparc 1.0-3 1249.20 NOTE
r-patched-solaris-x86 1.0-3 254.70 NOTE
r-release-linux-x86_64 1.0-3 5.74 102.11 107.84 OK
r-release-osx-x86_64-mavericks 1.0-3 NOTE
r-release-windows-ix86+x86_64 1.0-3 21.00 217.00 238.00 OK
r-oldrel-windows-ix86+x86_64 1.0-3 27.00 160.00 187.00 NOTE

Check Details

Version: 1.0-3
Check: dependencies in R code
Result: NOTE
    Namespace in Imports field not imported from: ‘grDevices’
     All declared Imports should be used.
Flavors: r-devel-linux-x86_64-fedora-clang, r-devel-linux-x86_64-fedora-gcc, r-devel-osx-x86_64-clang, r-patched-solaris-sparc, r-patched-solaris-x86, r-release-osx-x86_64-mavericks, r-oldrel-windows-ix86+x86_64