CRAN Package Check Results for Package cg

Last updated on 2015-03-06 14:46:51.

Flavor Version Tinstall Tcheck Ttotal Status Flags
r-devel-linux-x86_64-debian-clang 1.0-2 4.31 77.73 82.04 NOTE
r-devel-linux-x86_64-debian-gcc 1.0-2 4.13 74.22 78.36 NOTE
r-devel-linux-x86_64-fedora-clang 1.0-2 150.94 NOTE
r-devel-linux-x86_64-fedora-gcc 1.0-2 141.19 NOTE
r-devel-osx-x86_64-clang 1.0-2 155.54 NOTE
r-devel-windows-ix86+x86_64 1.0-2 14.00 112.00 126.00 OK
r-patched-linux-x86_64 1.0-2 6.79 93.16 99.94 OK
r-patched-solaris-sparc 1.0-2 1073.60 OK
r-patched-solaris-x86 1.0-2 225.70 OK
r-release-linux-ix86 1.0-2 6.50 108.16 114.66 OK
r-release-linux-x86_64 1.0-2 6.87 94.39 101.26 OK
r-release-osx-x86_64-mavericks 1.0-2 OK
r-release-osx-x86_64-snowleopard 1.0-2 OK
r-release-windows-ix86+x86_64 1.0-2 20.00 146.00 166.00 OK
r-oldrel-windows-ix86+x86_64 1.0-2 20.00 141.00 161.00 OK

Check Details

Version: 1.0-2
Check: S3 generic/method consistency
Result: NOTE
    Found the following apparent S3 methods exported but not registered:
     boxplot.cgOneFactorData print.cgOneFactorComparisonsTable
     print.cgOneFactorDescriptiveTable print.cgOneFactorDownweightedTable
     print.cgOneFactorFit print.cgOneFactorGlobalTest
     print.cgOneFactorGrpSummaryTable print.cgOneFactorSampleSizeTable
     print.cgPairedDifferenceComparisonsTable
     print.cgPairedDifferenceCorrelationTable
     print.cgPairedDifferenceDescriptiveTable
     print.cgPairedDifferenceDownweightedTable print.cgPairedDifferenceFit
     print.cgPairedDifferenceSampleSizeTable
     print.cgPairedDifferenceVarianceTable summary.cgOneFactorFit
     summary.cgPairedDifferenceFit
    See section ‘Registering S3 methods’ in the ‘Writing R Extensions’
    manual.
Flavors: r-devel-linux-x86_64-debian-clang, r-devel-linux-x86_64-debian-gcc, r-devel-linux-x86_64-fedora-clang, r-devel-linux-x86_64-fedora-gcc, r-devel-osx-x86_64-clang