CRAN Package Check Results for Package cg

Last updated on 2016-07-25 20:47:39.

Flavor Version Tinstall Tcheck Ttotal Status Flags
r-devel-linux-x86_64-debian-clang 1.0-3 7.07 114.44 121.51 OK
r-devel-linux-x86_64-debian-gcc 1.0-3 8.02 117.99 126.01 OK
r-devel-linux-x86_64-fedora-clang 1.0-3 212.72 NOTE
r-devel-linux-x86_64-fedora-gcc 1.0-3 201.22 NOTE
r-devel-osx-x86_64-clang 1.0-3 166.56 NOTE
r-devel-windows-ix86+x86_64 1.0-3 25.00 173.00 198.00 OK
r-patched-linux-x86_64 1.0-3 7.35 111.84 119.18 OK
r-patched-solaris-sparc 1.0-3 1249.20 NOTE
r-patched-solaris-x86 1.0-3 248.70 NOTE
r-release-linux-x86_64 1.0-3 6.72 116.39 123.11 OK
r-release-osx-x86_64-mavericks 1.0-3 NOTE
r-release-windows-ix86+x86_64 1.0-3 24.00 214.00 238.00 OK
r-oldrel-windows-ix86+x86_64 1.0-3 31.00 229.00 260.00 NOTE

Check Details

Version: 1.0-3
Check: dependencies in R code
Result: NOTE
    Namespace in Imports field not imported from: ‘grDevices’
     All declared Imports should be used.
Flavors: r-devel-linux-x86_64-fedora-clang, r-devel-linux-x86_64-fedora-gcc, r-devel-osx-x86_64-clang, r-patched-solaris-sparc, r-patched-solaris-x86, r-release-osx-x86_64-mavericks, r-oldrel-windows-ix86+x86_64