CRAN Package Check Results for Package cg

Last updated on 2018-10-20 23:51:43 CEST.

Flavor Version Tinstall Tcheck Ttotal Status Flags
r-devel-linux-x86_64-debian-clang 1.0-3 25.38 193.41 218.79 OK
r-devel-linux-x86_64-debian-gcc 1.0-3 22.65 149.78 172.43 OK
r-devel-linux-x86_64-fedora-clang 1.0-3 268.11 NOTE
r-devel-linux-x86_64-fedora-gcc 1.0-3 260.88 NOTE
r-devel-windows-ix86+x86_64 1.0-3 61.00 258.00 319.00 OK
r-patched-linux-x86_64 1.0-3 24.04 170.39 194.43 OK
r-patched-solaris-x86 1.0-3 332.40 NOTE
r-release-linux-x86_64 1.0-3 0.34 1.91 2.25 ERROR
r-release-windows-ix86+x86_64 1.0-3 57.00 242.00 299.00 OK
r-release-osx-x86_64 1.0-3 NOTE
r-oldrel-windows-ix86+x86_64 1.0-3 22.00 252.00 274.00 OK
r-oldrel-osx-x86_64 1.0-3 NOTE

Check Details

Version: 1.0-3
Check: dependencies in R code
Result: NOTE
    Namespace in Imports field not imported from: ‘grDevices’
     All declared Imports should be used.
Flavors: r-devel-linux-x86_64-fedora-clang, r-devel-linux-x86_64-fedora-gcc, r-patched-solaris-x86, r-release-osx-x86_64, r-oldrel-osx-x86_64

Version: 1.0-3
Check: package dependencies
Result: ERROR
    Packages required but not available: ‘Hmisc’ ‘rms’
    
    See section ‘The DESCRIPTION file’ in the ‘Writing R Extensions’
    manual.
Flavor: r-release-linux-x86_64