CRAN Package Check Results for Package cg

Last updated on 2017-01-23 23:52:46.

Flavor Version Tinstall Tcheck Ttotal Status Flags
r-devel-linux-x86_64-debian-clang 1.0-3 8.27 114.82 123.10 OK
r-devel-linux-x86_64-debian-gcc 1.0-3 6.91 113.29 120.20 OK
r-devel-linux-x86_64-fedora-clang 1.0-3 235.02 NOTE --no-stop-on-test-error
r-devel-linux-x86_64-fedora-gcc 1.0-3 226.89 NOTE --no-stop-on-test-error
r-devel-macos-x86_64-clang 1.0-3 170.45 NOTE --no-stop-on-test-error
r-devel-windows-ix86+x86_64 1.0-3 20.00 198.00 218.00 OK
r-patched-linux-x86_64 1.0-3 5.92 106.09 112.00 OK
r-patched-solaris-sparc 1.0-3 1310.30 NOTE
r-patched-solaris-x86 1.0-3 259.30 NOTE
r-release-linux-x86_64 1.0-3 6.00 107.64 113.64 OK
r-release-osx-x86_64-mavericks 1.0-3 NOTE
r-release-windows-ix86+x86_64 1.0-3 47.00 232.00 279.00 OK
r-oldrel-windows-ix86+x86_64 1.0-3 34.00 364.00 398.00 NOTE

Check Details

Version: 1.0-3
Flags: --no-stop-on-test-error
Check: dependencies in R code
Result: NOTE
    Namespace in Imports field not imported from: ‘grDevices’
     All declared Imports should be used.
Flavors: r-devel-linux-x86_64-fedora-clang, r-devel-linux-x86_64-fedora-gcc, r-devel-macos-x86_64-clang

Version: 1.0-3
Check: dependencies in R code
Result: NOTE
    Namespace in Imports field not imported from: ‘grDevices’
     All declared Imports should be used.
Flavors: r-patched-solaris-sparc, r-patched-solaris-x86, r-release-osx-x86_64-mavericks, r-oldrel-windows-ix86+x86_64