CRAN Package Check Results for Package cg

Last updated on 2018-05-24 01:46:21 CEST.

Flavor Version Tinstall Tcheck Ttotal Status Flags
r-devel-linux-x86_64-debian-clang 1.0-3 28.48 156.02 184.50 OK
r-devel-linux-x86_64-debian-gcc 1.0-3 26.84 140.73 167.57 OK
r-devel-linux-x86_64-fedora-clang 1.0-3 264.86 NOTE
r-devel-linux-x86_64-fedora-gcc 1.0-3 254.63 NOTE
r-devel-windows-ix86+x86_64 1.0-3 37.00 249.00 286.00 OK
r-patched-linux-x86_64 1.0-3 23.62 165.45 189.07 OK
r-patched-solaris-x86 1.0-3 320.10 NOTE
r-release-linux-x86_64 1.0-3 24.46 167.99 192.45 OK
r-release-windows-ix86+x86_64 1.0-3 57.00 235.00 292.00 OK
r-release-osx-x86_64 1.0-3 NOTE
r-oldrel-windows-ix86+x86_64 1.0-3 30.00 169.00 199.00 OK
r-oldrel-osx-x86_64 1.0-3 NOTE

Check Details

Version: 1.0-3
Check: dependencies in R code
Result: NOTE
    Namespace in Imports field not imported from: ‘grDevices’
     All declared Imports should be used.
Flavors: r-devel-linux-x86_64-fedora-clang, r-devel-linux-x86_64-fedora-gcc, r-patched-solaris-x86, r-release-osx-x86_64, r-oldrel-osx-x86_64