CRAN Package Check Results for Package cg

Last updated on 2017-08-19 04:46:31.

Flavor Version Tinstall Tcheck Ttotal Status Flags
r-devel-linux-x86_64-debian-clang 1.0-3 6.65 109.70 116.35 OK
r-devel-linux-x86_64-debian-gcc 1.0-3 6.24 109.19 115.44 OK
r-devel-linux-x86_64-fedora-clang 1.0-3 245.24 NOTE
r-devel-linux-x86_64-fedora-gcc 1.0-3 240.68 NOTE
r-devel-windows-ix86+x86_64 1.0-3 19.00 172.00 191.00 OK
r-patched-linux-x86_64 1.0-3 6.52 114.61 121.13 OK
r-patched-solaris-x86 1.0-3 295.70 NOTE
r-release-linux-x86_64 1.0-3 6.79 115.59 122.38 OK
r-release-windows-ix86+x86_64 1.0-3 28.00 177.00 205.00 OK
r-release-osx-x86_64 1.0-3 NOTE
r-oldrel-windows-ix86+x86_64 1.0-3 19.00 160.00 179.00 OK
r-oldrel-osx-x86_64 1.0-3 NOTE

Check Details

Version: 1.0-3
Check: dependencies in R code
Result: NOTE
    Namespace in Imports field not imported from: ‘grDevices’
     All declared Imports should be used.
Flavors: r-devel-linux-x86_64-fedora-clang, r-devel-linux-x86_64-fedora-gcc, r-patched-solaris-x86, r-release-osx-x86_64, r-oldrel-osx-x86_64