CRAN Package Check Results for Package cg

Last updated on 2016-09-26 05:47:24.

Flavor Version Tinstall Tcheck Ttotal Status Flags
r-devel-linux-x86_64-debian-clang 1.0-3 5.67 102.97 108.64 OK
r-devel-linux-x86_64-debian-gcc 1.0-3 5.52 101.58 107.10 OK
r-devel-linux-x86_64-fedora-clang 1.0-3 211.19 NOTE
r-devel-linux-x86_64-fedora-gcc 1.0-3 202.77 NOTE
r-devel-macos-x86_64-clang 1.0-3 156.41 NOTE
r-devel-windows-ix86+x86_64 1.0-3 28.00 212.00 240.00 OK
r-patched-linux-x86_64 1.0-3 5.66 104.19 109.86 OK
r-patched-solaris-sparc 1.0-3 1249.20 NOTE
r-patched-solaris-x86 1.0-3 249.20 NOTE
r-release-linux-x86_64 1.0-3 5.50 104.51 110.01 OK
r-release-osx-x86_64-mavericks 1.0-3 NOTE
r-release-windows-ix86+x86_64 1.0-3 23.00 212.00 235.00 OK
r-oldrel-windows-ix86+x86_64 1.0-3 30.00 231.00 261.00 NOTE

Check Details

Version: 1.0-3
Check: dependencies in R code
Result: NOTE
    Namespace in Imports field not imported from: ‘grDevices’
     All declared Imports should be used.
Flavors: r-devel-linux-x86_64-fedora-clang, r-devel-linux-x86_64-fedora-gcc, r-devel-macos-x86_64-clang, r-patched-solaris-sparc, r-patched-solaris-x86, r-release-osx-x86_64-mavericks, r-oldrel-windows-ix86+x86_64