CRAN Package Check Results for Package cg

Last updated on 2017-12-12 22:47:04 CET.

Flavor Version Tinstall Tcheck Ttotal Status Flags
r-devel-linux-x86_64-debian-clang 1.0-3 8.37 176.08 184.45 OK
r-devel-linux-x86_64-debian-gcc 1.0-3 6.03 138.65 144.68 OK
r-devel-linux-x86_64-fedora-clang 1.0-3 219.24 NOTE
r-devel-linux-x86_64-fedora-gcc 1.0-3 218.98 NOTE
r-devel-windows-ix86+x86_64 1.0-3 32.00 193.00 225.00 OK
r-patched-linux-x86_64 1.0-3 8.79 188.99 197.78 OK
r-patched-solaris-x86 1.0-3 305.60 NOTE
r-release-linux-x86_64 1.0-3 8.80 190.10 198.90 OK
r-release-windows-ix86+x86_64 1.0-3 21.00 200.00 221.00 OK
r-release-osx-x86_64 1.0-3 NOTE
r-oldrel-windows-ix86+x86_64 1.0-3 20.00 231.00 251.00 OK
r-oldrel-osx-x86_64 1.0-3 NOTE

Check Details

Version: 1.0-3
Check: dependencies in R code
Result: NOTE
    Namespace in Imports field not imported from: ‘grDevices’
     All declared Imports should be used.
Flavors: r-devel-linux-x86_64-fedora-clang, r-devel-linux-x86_64-fedora-gcc, r-patched-solaris-x86, r-release-osx-x86_64, r-oldrel-osx-x86_64