CRAN Package Check Results for Package cg

Last updated on 2016-02-12 18:49:34.

Flavor Version Tinstall Tcheck Ttotal Status Flags
r-devel-linux-x86_64-debian-gcc 1.0-3 5.68 98.05 103.73 OK
r-devel-linux-x86_64-fedora-clang 1.0-3 203.59 NOTE
r-devel-linux-x86_64-fedora-gcc 1.0-3 195.22 NOTE
r-devel-osx-x86_64-clang 1.0-3 201.74 NOTE
r-devel-windows-ix86+x86_64 1.0-3 25.00 148.00 173.00 OK
r-patched-linux-x86_64 1.0-3 6.39 104.31 110.70 NOTE
r-patched-solaris-sparc 1.0-3 1224.70 NOTE
r-patched-solaris-x86 1.0-3 256.30 NOTE
r-release-linux-x86_64 1.0-3 6.98 104.31 111.28 NOTE
r-release-osx-x86_64-mavericks 1.0-3 NOTE
r-release-windows-ix86+x86_64 1.0-3 28.00 165.00 193.00 NOTE
r-oldrel-windows-ix86+x86_64 1.0-2 29.00 226.00 255.00 OK

Check Details

Version: 1.0-3
Check: dependencies in R code
Result: NOTE
    Namespace in Imports field not imported from: ‘grDevices’
     All declared Imports should be used.
Flavors: r-devel-linux-x86_64-fedora-clang, r-devel-linux-x86_64-fedora-gcc, r-devel-osx-x86_64-clang, r-patched-linux-x86_64, r-patched-solaris-sparc, r-patched-solaris-x86, r-release-linux-x86_64, r-release-osx-x86_64-mavericks, r-release-windows-ix86+x86_64