CRAN Package Check Results for Package cg

Last updated on 2016-12-09 09:52:17.

Flavor Version Tinstall Tcheck Ttotal Status Flags
r-devel-linux-x86_64-debian-clang 1.0-3 5.98 116.81 122.78 OK
r-devel-linux-x86_64-debian-gcc 1.0-3 0.60 1.51 2.11 ERROR
r-devel-linux-x86_64-fedora-clang 1.0-3 252.85 NOTE --no-stop-on-test-error
r-devel-linux-x86_64-fedora-gcc 1.0-3 247.73 NOTE --no-stop-on-test-error
r-devel-macos-x86_64-clang 1.0-3 183.90 NOTE --no-stop-on-test-error
r-devel-windows-ix86+x86_64 1.0-3 20.00 184.00 204.00 OK
r-patched-linux-x86_64 1.0-3 5.81 105.15 110.96 OK
r-patched-solaris-sparc 1.0-3 1319.00 NOTE
r-patched-solaris-x86 1.0-3 258.00 NOTE
r-release-linux-x86_64 1.0-3 6.44 106.29 112.73 OK
r-release-osx-x86_64-mavericks 1.0-3 NOTE
r-release-windows-ix86+x86_64 1.0-3 19.00 167.00 186.00 OK
r-oldrel-windows-ix86+x86_64 1.0-3 31.00 230.00 261.00 NOTE

Check Details

Version: 1.0-3
Check: package dependencies
Result: ERROR
    Package required but not available: ‘rms’
    
    See section ‘The DESCRIPTION file’ in the ‘Writing R Extensions’
    manual.
Flavor: r-devel-linux-x86_64-debian-gcc

Version: 1.0-3
Flags: --no-stop-on-test-error
Check: dependencies in R code
Result: NOTE
    Namespace in Imports field not imported from: ‘grDevices’
     All declared Imports should be used.
Flavors: r-devel-linux-x86_64-fedora-clang, r-devel-linux-x86_64-fedora-gcc, r-devel-macos-x86_64-clang

Version: 1.0-3
Check: dependencies in R code
Result: NOTE
    Namespace in Imports field not imported from: ‘grDevices’
     All declared Imports should be used.
Flavors: r-patched-solaris-sparc, r-patched-solaris-x86, r-release-osx-x86_64-mavericks, r-oldrel-windows-ix86+x86_64