CRAN Package Check Results for Package cg

Last updated on 2016-05-02 21:49:41.

Flavor Version Tinstall Tcheck Ttotal Status Flags
r-devel-linux-x86_64-debian-gcc 1.0-3 6.68 99.64 106.32 OK
r-devel-linux-x86_64-fedora-clang 1.0-3 202.94 NOTE
r-devel-linux-x86_64-fedora-gcc 1.0-3 192.33 NOTE
r-devel-osx-x86_64-clang 1.0-3 204.09 NOTE
r-devel-windows-ix86+x86_64 1.0-3 18.00 174.00 192.00 OK
r-patched-linux-x86_64 1.0-3 5.98 97.76 103.74 OK
r-patched-solaris-sparc 1.0-3 1185.60 NOTE
r-patched-solaris-x86 1.0-3 248.80 NOTE
r-release-linux-x86_64 1.0-3 6.26 103.80 110.05 NOTE
r-release-osx-x86_64-mavericks 1.0-3 NOTE
r-release-windows-ix86+x86_64 1.0-3 20.00 220.00 240.00 NOTE
r-oldrel-windows-ix86+x86_64 1.0-2 29.00 226.00 255.00 OK

Check Details

Version: 1.0-3
Check: dependencies in R code
Result: NOTE
    Namespace in Imports field not imported from: ‘grDevices’
     All declared Imports should be used.
Flavors: r-devel-linux-x86_64-fedora-clang, r-devel-linux-x86_64-fedora-gcc, r-devel-osx-x86_64-clang, r-patched-solaris-sparc, r-patched-solaris-x86, r-release-linux-x86_64, r-release-osx-x86_64-mavericks, r-release-windows-ix86+x86_64