CRAN Package Check Results for Package cg

Last updated on 2014-04-16 15:49:24.

Flavor Version Tinstall Tcheck Ttotal Status Flags
r-devel-linux-x86_64-debian-clang 1.0-0 4.38 76.29 80.67 OK
r-devel-linux-x86_64-debian-gcc 1.0-0 4.32 77.43 81.75 OK
r-devel-linux-x86_64-fedora-clang 1.0-0 162.77 OK
r-devel-linux-x86_64-fedora-gcc 1.0-0 155.54 OK
r-devel-macosx-x86_64-clang 1.0-0 130.25 OK
r-devel-macosx-x86_64-gcc 1.0-0 ERROR
r-devel-windows-ix86+x86_64 1.0-0 10.00 105.00 115.00 OK
r-patched-linux-x86_64 1.0-0 4.69 77.15 81.84 OK
r-patched-solaris-sparc 1.0-0 863.20 OK
r-patched-solaris-x86 1.0-0 190.10 OK
r-release-linux-ix86 1.0-0 8.00 115.00 123.00 OK
r-release-linux-x86_64 1.0-0 4.35 75.69 80.04 OK
r-release-macosx-x86_64 1.0-0 ERROR
r-release-windows-ix86+x86_64 1.0-0 12.00 112.00 124.00 OK
r-oldrel-windows-ix86+x86_64 1.0-0 14.00 100.00 114.00 OK

Check Details

Version: 1.0-0
Check: package dependencies
Result: ERROR
    Packages required but not available: ‘Hmisc’ ‘multcomp’
    
    See the information on DESCRIPTION files in the chapter ‘Creating R
    packages’ of the ‘Writing R Extensions’ manual.
Flavor: r-devel-macosx-x86_64-gcc

Version: 1.0-0
Check: package dependencies
Result: ERROR
    Package required but not available: ‘multcomp’
    
    See the information on DESCRIPTION files in the chapter ‘Creating R
    packages’ of the ‘Writing R Extensions’ manual.
Flavor: r-release-macosx-x86_64