CRAN Package Check Results for Package cg

Last updated on 2016-08-27 06:47:27.

Flavor Version Tinstall Tcheck Ttotal Status Flags
r-devel-linux-x86_64-debian-clang 1.0-3 6.17 109.43 115.60 OK
r-devel-linux-x86_64-debian-gcc 1.0-3 7.68 137.44 145.12 OK
r-devel-linux-x86_64-fedora-clang 1.0-3 217.23 NOTE
r-devel-linux-x86_64-fedora-gcc 1.0-3 212.18 NOTE
r-devel-osx-x86_64-clang 1.0-3 161.80 NOTE
r-devel-windows-ix86+x86_64 1.0-3 25.00 173.00 198.00 OK
r-patched-linux-x86_64 1.0-3 5.83 106.81 112.64 OK
r-patched-solaris-sparc 1.0-3 1249.20 NOTE
r-patched-solaris-x86 1.0-3 248.30 NOTE
r-release-linux-x86_64 1.0-3 6.06 107.02 113.08 OK
r-release-osx-x86_64-mavericks 1.0-3 NOTE
r-release-windows-ix86+x86_64 1.0-3 24.00 176.00 200.00 OK
r-oldrel-windows-ix86+x86_64 1.0-3 20.00 191.00 211.00 NOTE

Check Details

Version: 1.0-3
Check: dependencies in R code
Result: NOTE
    Namespace in Imports field not imported from: ‘grDevices’
     All declared Imports should be used.
Flavors: r-devel-linux-x86_64-fedora-clang, r-devel-linux-x86_64-fedora-gcc, r-devel-osx-x86_64-clang, r-patched-solaris-sparc, r-patched-solaris-x86, r-release-osx-x86_64-mavericks, r-oldrel-windows-ix86+x86_64