CRAN Package Check Results for Package cg

Last updated on 2015-05-30 21:46:28.

Flavor Version Tinstall Tcheck Ttotal Status Flags
r-devel-linux-x86_64-debian-clang 1.0-2 4.00 71.47 75.47 NOTE
r-devel-linux-x86_64-debian-gcc 1.0-2 4.42 70.36 74.78 NOTE
r-devel-linux-x86_64-fedora-clang 1.0-2 144.50 NOTE
r-devel-linux-x86_64-fedora-gcc 1.0-2 136.01 NOTE
r-devel-osx-x86_64-clang 1.0-2 118.54 NOTE
r-devel-windows-ix86+x86_64 1.0-2 15.00 110.00 125.00 OK
r-patched-linux-x86_64 1.0-2 3.88 71.62 75.49 NOTE
r-patched-solaris-sparc 1.0-2 878.20 NOTE
r-patched-solaris-x86 1.0-2 183.20 NOTE
r-release-linux-x86_64 1.0-2 3.90 72.62 76.52 NOTE
r-release-osx-x86_64-mavericks 1.0-2 OK
r-release-osx-x86_64-snowleopard 1.0-2 ERROR
r-release-windows-ix86+x86_64 1.0-2 15.00 108.00 123.00 OK
r-oldrel-windows-ix86+x86_64 1.0-2 23.00 145.00 168.00 OK

Check Details

Version: 1.0-2
Check: S3 generic/method consistency
Result: NOTE
    Found the following apparent S3 methods exported but not registered:
     boxplot.cgOneFactorData print.cgOneFactorComparisonsTable
     print.cgOneFactorDescriptiveTable print.cgOneFactorDownweightedTable
     print.cgOneFactorFit print.cgOneFactorGlobalTest
     print.cgOneFactorGrpSummaryTable print.cgOneFactorSampleSizeTable
     print.cgPairedDifferenceComparisonsTable
     print.cgPairedDifferenceCorrelationTable
     print.cgPairedDifferenceDescriptiveTable
     print.cgPairedDifferenceDownweightedTable print.cgPairedDifferenceFit
     print.cgPairedDifferenceSampleSizeTable
     print.cgPairedDifferenceVarianceTable summary.cgOneFactorFit
     summary.cgPairedDifferenceFit
    See section ‘Registering S3 methods’ in the ‘Writing R Extensions’
    manual.
Flavors: r-devel-linux-x86_64-debian-clang, r-devel-linux-x86_64-debian-gcc, r-devel-linux-x86_64-fedora-clang, r-devel-linux-x86_64-fedora-gcc, r-devel-osx-x86_64-clang, r-patched-linux-x86_64, r-patched-solaris-sparc, r-patched-solaris-x86, r-release-linux-x86_64

Version: 1.0-2
Check: package dependencies
Result: ERROR
    Packages required but not available: ‘Hmisc’ ‘multcomp’
    
    See section ‘The DESCRIPTION file’ in the ‘Writing R Extensions’
    manual.
Flavor: r-release-osx-x86_64-snowleopard