CRAN Package Check Results for Package cgAUC

Last updated on 2015-05-29 15:46:29.

Flavor Version Tinstall Tcheck Ttotal Status Flags
r-devel-linux-x86_64-debian-clang 1.2.1 6.32 12.45 18.77 NOTE
r-devel-linux-x86_64-debian-gcc 1.2.1 7.69 12.55 20.24 NOTE
r-devel-linux-x86_64-fedora-clang 1.2.1 40.27 NOTE
r-devel-linux-x86_64-fedora-gcc 1.2.1 34.84 NOTE
r-devel-osx-x86_64-clang 1.2.1 37.12 NOTE
r-devel-windows-ix86+x86_64 1.2.1 25.00 31.00 56.00 NOTE
r-patched-linux-x86_64 1.2.1 6.70 11.92 18.62 NOTE
r-patched-solaris-sparc 1.2.1 229.10 NOTE
r-patched-solaris-x86 1.2.1 50.60 NOTE
r-release-linux-x86_64 1.2.1 6.56 12.18 18.74 NOTE
r-release-osx-x86_64-mavericks 1.2.1 NOTE
r-release-osx-x86_64-snowleopard 1.2.1 NOTE
r-release-windows-ix86+x86_64 1.2.1 23.00 35.00 58.00 NOTE
r-oldrel-windows-ix86+x86_64 1.2.1 16.00 40.00 56.00 OK

Check Details

Version: 1.2.1
Check: DESCRIPTION meta-information
Result: NOTE
    Malformed Title field: should not end in a period.
Flavors: r-devel-linux-x86_64-debian-clang, r-devel-linux-x86_64-debian-gcc, r-devel-linux-x86_64-fedora-clang, r-devel-linux-x86_64-fedora-gcc, r-devel-osx-x86_64-clang, r-devel-windows-ix86+x86_64, r-patched-linux-x86_64, r-patched-solaris-sparc, r-patched-solaris-x86, r-release-linux-x86_64, r-release-osx-x86_64-mavericks, r-release-osx-x86_64-snowleopard, r-release-windows-ix86+x86_64