CRAN Package Check Results for Package cgAUC

Last updated on 2015-07-03 11:46:57.

Flavor Version Tinstall Tcheck Ttotal Status Flags
r-devel-linux-x86_64-debian-clang 1.2.1 6.39 12.10 18.50 NOTE
r-devel-linux-x86_64-debian-gcc 1.2.1 6.55 12.43 18.98 NOTE
r-devel-linux-x86_64-fedora-clang 1.2.1 38.26 NOTE
r-devel-linux-x86_64-fedora-gcc 1.2.1 35.10 NOTE
r-devel-osx-x86_64-clang 1.2.1 33.23 NOTE
r-devel-windows-ix86+x86_64 1.2.1 23.00 56.00 79.00 NOTE
r-patched-linux-x86_64 1.2.1 6.65 12.08 18.73 NOTE
r-patched-solaris-sparc 1.2.1 229.10 NOTE
r-patched-solaris-x86 1.2.1 50.40 NOTE
r-release-linux-x86_64 1.2.1 6.77 11.99 18.76 NOTE
r-release-osx-x86_64-mavericks 1.2.1 NOTE
r-release-windows-ix86+x86_64 1.2.1 22.00 31.00 53.00 NOTE
r-oldrel-windows-ix86+x86_64 1.2.1 22.00 43.00 65.00 OK

Check Details

Version: 1.2.1
Check: DESCRIPTION meta-information
Result: NOTE
    Malformed Title field: should not end in a period.
Flavors: r-devel-linux-x86_64-debian-clang, r-devel-linux-x86_64-debian-gcc, r-devel-linux-x86_64-fedora-clang, r-devel-linux-x86_64-fedora-gcc, r-devel-osx-x86_64-clang, r-devel-windows-ix86+x86_64, r-patched-linux-x86_64, r-patched-solaris-sparc, r-patched-solaris-x86, r-release-linux-x86_64, r-release-osx-x86_64-mavericks, r-release-windows-ix86+x86_64