CRAN Package Check Results for Package cgAUC

Last updated on 2016-04-28 21:47:24.

Flavor Version Tinstall Tcheck Ttotal Status Flags
r-devel-linux-x86_64-debian-gcc 1.2.1 6.06 12.76 18.82 NOTE
r-devel-linux-x86_64-fedora-clang 1.2.1 36.47 NOTE
r-devel-linux-x86_64-fedora-gcc 1.2.1 32.22 NOTE
r-devel-osx-x86_64-clang 1.2.1 33.63 NOTE
r-devel-windows-ix86+x86_64 1.2.1 25.00 41.00 66.00 NOTE
r-patched-linux-x86_64 1.2.1 6.10 12.00 18.10 NOTE
r-patched-solaris-sparc 1.2.1 203.00 NOTE
r-patched-solaris-x86 1.2.1 44.70 NOTE
r-release-linux-x86_64 1.2.1 6.23 13.37 19.59 NOTE
r-release-osx-x86_64-mavericks 1.2.1 NOTE
r-release-windows-ix86+x86_64 1.2.1 23.00 38.00 61.00 NOTE
r-oldrel-windows-ix86+x86_64 1.2.1 33.00 40.00 73.00 OK

Check Details

Version: 1.2.1
Check: DESCRIPTION meta-information
Result: NOTE
    Malformed Title field: should not end in a period.
Flavors: r-devel-linux-x86_64-debian-gcc, r-devel-linux-x86_64-fedora-clang, r-devel-linux-x86_64-fedora-gcc, r-devel-osx-x86_64-clang, r-devel-windows-ix86+x86_64, r-patched-linux-x86_64, r-patched-solaris-sparc, r-patched-solaris-x86, r-release-linux-x86_64, r-release-osx-x86_64-mavericks, r-release-windows-ix86+x86_64