CRAN Package Check Results for Package cgAUC

Last updated on 2017-03-26 23:51:05.

Flavor Version Tinstall Tcheck Ttotal Status Flags
r-devel-linux-x86_64-debian-clang 1.2.1 7.99 14.46 22.45 NOTE
r-devel-linux-x86_64-debian-gcc 1.2.1 7.39 14.23 21.63 NOTE
r-devel-linux-x86_64-fedora-clang 1.2.1 45.05 NOTE --no-stop-on-test-error
r-devel-linux-x86_64-fedora-gcc 1.2.1 37.70 NOTE --no-stop-on-test-error
r-devel-macos-x86_64-clang 1.2.1 31.84 NOTE --no-stop-on-test-error
r-devel-windows-ix86+x86_64 1.2.1 28.00 58.00 86.00 NOTE
r-patched-linux-x86_64 1.2.1 6.54 14.33 20.87 NOTE
r-patched-solaris-sparc 1.2.1 222.00 NOTE
r-patched-solaris-x86 1.2.1 50.20 NOTE
r-release-linux-x86_64 1.2.1 6.33 12.11 18.44 NOTE
r-release-osx-x86_64-mavericks 1.2.1 NOTE
r-release-windows-ix86+x86_64 1.2.1 36.00 41.00 77.00 NOTE
r-oldrel-windows-ix86+x86_64 1.2.1 24.00 38.00 62.00 NOTE

Check Details

Version: 1.2.1
Check: DESCRIPTION meta-information
Result: NOTE
    Malformed Title field: should not end in a period.
Flavors: r-devel-linux-x86_64-debian-clang, r-devel-linux-x86_64-debian-gcc, r-devel-windows-ix86+x86_64, r-patched-linux-x86_64, r-patched-solaris-sparc, r-patched-solaris-x86, r-release-linux-x86_64, r-release-osx-x86_64-mavericks, r-release-windows-ix86+x86_64, r-oldrel-windows-ix86+x86_64

Version: 1.2.1
Check: compiled code
Result: NOTE
    File ‘cgAUC/libs/cgAUC.so’:
     Found no calls to: ‘R_registerRoutines’, ‘R_useDynamicSymbols’
    
    It is good practice to register native routines and to disable symbol
    search.
    
    See ‘Writing portable packages’ in the ‘Writing R Extensions’ manual.
Flavors: r-devel-linux-x86_64-debian-clang, r-devel-linux-x86_64-debian-gcc, r-patched-linux-x86_64

Version: 1.2.1
Flags: --no-stop-on-test-error
Check: DESCRIPTION meta-information
Result: NOTE
    Malformed Title field: should not end in a period.
Flavors: r-devel-linux-x86_64-fedora-clang, r-devel-linux-x86_64-fedora-gcc, r-devel-macos-x86_64-clang

Version: 1.2.1
Flags: --no-stop-on-test-error
Check: compiled code
Result: NOTE
    File ‘cgAUC/libs/cgAUC.so’:
     Found no calls to: ‘R_registerRoutines’, ‘R_useDynamicSymbols’
    
    It is good practice to register native routines and to disable symbol
    search.
    
    See ‘Writing portable packages’ in the ‘Writing R Extensions’ manual.
Flavors: r-devel-linux-x86_64-fedora-clang, r-devel-linux-x86_64-fedora-gcc, r-devel-macos-x86_64-clang