CRAN Package Check Results for Package cgAUC

Last updated on 2017-01-19 23:47:55.

Flavor Version Tinstall Tcheck Ttotal Status Flags
r-devel-linux-x86_64-debian-clang 1.2.1 7.63 14.11 21.73 NOTE
r-devel-linux-x86_64-debian-gcc 1.2.1 7.29 13.93 21.21 NOTE
r-devel-linux-x86_64-fedora-clang 1.2.1 39.86 NOTE --no-stop-on-test-error
r-devel-linux-x86_64-fedora-gcc 1.2.1 37.22 NOTE --no-stop-on-test-error
r-devel-macos-x86_64-clang 1.2.1 31.33 NOTE --no-stop-on-test-error
r-devel-windows-ix86+x86_64 1.2.1 34.00 40.00 74.00 NOTE
r-patched-linux-x86_64 1.2.1 6.26 12.34 18.60 NOTE
r-patched-solaris-sparc 1.2.1 210.30 NOTE
r-patched-solaris-x86 1.2.1 46.30 NOTE
r-release-linux-x86_64 1.2.1 6.45 11.95 18.41 NOTE
r-release-osx-x86_64-mavericks 1.2.1 NOTE
r-release-windows-ix86+x86_64 1.2.1 24.00 43.00 67.00 NOTE
r-oldrel-windows-ix86+x86_64 1.2.1 25.00 42.00 67.00 NOTE

Check Details

Version: 1.2.1
Check: DESCRIPTION meta-information
Result: NOTE
    Malformed Title field: should not end in a period.
Flavors: r-devel-linux-x86_64-debian-clang, r-devel-linux-x86_64-debian-gcc, r-devel-windows-ix86+x86_64, r-patched-linux-x86_64, r-patched-solaris-sparc, r-patched-solaris-x86, r-release-linux-x86_64, r-release-osx-x86_64-mavericks, r-release-windows-ix86+x86_64, r-oldrel-windows-ix86+x86_64

Version: 1.2.1
Flags: --no-stop-on-test-error
Check: DESCRIPTION meta-information
Result: NOTE
    Malformed Title field: should not end in a period.
Flavors: r-devel-linux-x86_64-fedora-clang, r-devel-linux-x86_64-fedora-gcc, r-devel-macos-x86_64-clang