CRAN Package Check Results for Package cgAUC

Last updated on 2015-03-30 10:54:16.

Flavor Version Tinstall Tcheck Ttotal Status Flags
r-devel-linux-x86_64-debian-clang 1.2.1 6.05 12.21 18.26 NOTE
r-devel-linux-x86_64-debian-gcc 1.2.1 7.40 12.18 19.59 NOTE
r-devel-linux-x86_64-fedora-clang 1.2.1 39.40 NOTE
r-devel-linux-x86_64-fedora-gcc 1.2.1 35.92 NOTE
r-devel-osx-x86_64-clang 1.2.1 37.89 NOTE
r-prerel-windows-ix86+x86_64 1.2.1 35.00 31.00 66.00 NOTE
r-prerel-linux-x86_64 1.2.1 6.43 12.08 18.52 NOTE
r-prerel-solaris-sparc 1.2.1 235.60 NOTE
r-prerel-solaris-x86 1.2.1 48.80 NOTE
r-release-linux-x86_64 1.2.1 6.82 13.86 20.68 OK
r-release-osx-x86_64-mavericks 1.2.1 OK
r-release-osx-x86_64-snowleopard 1.2.1 OK
r-release-windows-ix86+x86_64 1.2.1 32.00 36.00 68.00 OK
r-oldrel-windows-ix86+x86_64 1.2.1 27.00 40.00 67.00 OK

Check Details

Version: 1.2.1
Check: DESCRIPTION meta-information
Result: NOTE
    Malformed Title field: should not end in a period.
Flavors: r-devel-linux-x86_64-debian-clang, r-devel-linux-x86_64-debian-gcc, r-devel-linux-x86_64-fedora-clang, r-devel-linux-x86_64-fedora-gcc, r-devel-osx-x86_64-clang, r-prerel-windows-ix86+x86_64, r-prerel-linux-x86_64, r-prerel-solaris-sparc, r-prerel-solaris-x86