CRAN Package Check Results for Package cgAUC

Last updated on 2016-02-14 06:46:55.

Flavor Version Tinstall Tcheck Ttotal Status Flags
r-devel-linux-x86_64-debian-gcc 1.2.1 6.22 11.22 17.44 NOTE
r-devel-linux-x86_64-fedora-clang 1.2.1 36.26 NOTE
r-devel-linux-x86_64-fedora-gcc 1.2.1 31.33 NOTE
r-devel-osx-x86_64-clang 1.2.1 32.28 NOTE
r-devel-windows-ix86+x86_64 1.2.1 37.00 33.00 70.00 NOTE
r-patched-linux-x86_64 1.2.1 6.02 12.36 18.38 NOTE
r-patched-solaris-sparc 1.2.1 206.10 NOTE
r-patched-solaris-x86 1.2.1 44.60 NOTE
r-release-linux-x86_64 1.2.1 6.09 12.59 18.67 NOTE
r-release-osx-x86_64-mavericks 1.2.1 NOTE
r-release-windows-ix86+x86_64 1.2.1 31.00 43.00 74.00 NOTE
r-oldrel-windows-ix86+x86_64 1.2.1 36.00 38.00 74.00 OK

Check Details

Version: 1.2.1
Check: DESCRIPTION meta-information
Result: NOTE
    Malformed Title field: should not end in a period.
Flavors: r-devel-linux-x86_64-debian-gcc, r-devel-linux-x86_64-fedora-clang, r-devel-linux-x86_64-fedora-gcc, r-devel-osx-x86_64-clang, r-devel-windows-ix86+x86_64, r-patched-linux-x86_64, r-patched-solaris-sparc, r-patched-solaris-x86, r-release-linux-x86_64, r-release-osx-x86_64-mavericks, r-release-windows-ix86+x86_64