CRAN Package Check Results for Package cgAUC

Last updated on 2015-08-03 21:47:14.

Flavor Version Tinstall Tcheck Ttotal Status Flags
r-devel-linux-x86_64-debian-clang 1.2.1 6.37 11.96 18.32 NOTE
r-devel-linux-x86_64-debian-gcc 1.2.1 6.51 11.94 18.45 NOTE
r-devel-linux-x86_64-fedora-clang 1.2.1 38.58 NOTE
r-devel-linux-x86_64-fedora-gcc 1.2.1 35.76 NOTE
r-devel-osx-x86_64-clang 1.2.1 34.02 NOTE
r-devel-windows-ix86+x86_64 1.2.1 22.00 43.00 65.00 NOTE
r-patched-linux-x86_64 1.2.1 6.66 11.94 18.60 NOTE
r-patched-solaris-sparc 1.2.1 219.20 NOTE
r-patched-solaris-x86 1.2.1 49.00 NOTE
r-release-linux-x86_64 1.2.1 6.56 11.92 18.48 NOTE
r-release-osx-x86_64-mavericks 1.2.1 NOTE
r-release-windows-ix86+x86_64 1.2.1 30.00 37.00 67.00 NOTE
r-oldrel-windows-ix86+x86_64 1.2.1 34.00 42.00 76.00 OK

Check Details

Version: 1.2.1
Check: DESCRIPTION meta-information
Result: NOTE
    Malformed Title field: should not end in a period.
Flavors: r-devel-linux-x86_64-debian-clang, r-devel-linux-x86_64-debian-gcc, r-devel-linux-x86_64-fedora-clang, r-devel-linux-x86_64-fedora-gcc, r-devel-osx-x86_64-clang, r-devel-windows-ix86+x86_64, r-patched-linux-x86_64, r-patched-solaris-sparc, r-patched-solaris-x86, r-release-linux-x86_64, r-release-osx-x86_64-mavericks, r-release-windows-ix86+x86_64