CRAN Package Check Results for Package cgAUC

Last updated on 2017-08-18 23:47:27.

Flavor Version Tinstall Tcheck Ttotal Status Flags
r-devel-linux-x86_64-debian-clang 1.2.1 8.68 14.40 23.08 NOTE
r-devel-linux-x86_64-debian-gcc 1.2.1 8.73 15.20 23.92 NOTE
r-devel-linux-x86_64-fedora-clang 1.2.1 43.53 NOTE
r-devel-linux-x86_64-fedora-gcc 1.2.1 39.79 NOTE
r-devel-windows-ix86+x86_64 1.2.1 40.00 44.00 84.00 NOTE
r-patched-linux-x86_64 1.2.1 8.45 15.50 23.95 NOTE
r-patched-solaris-x86 1.2.1 52.20 NOTE
r-release-linux-x86_64 1.2.1 8.57 15.26 23.83 NOTE
r-release-windows-ix86+x86_64 1.2.1 37.00 60.00 97.00 NOTE
r-release-osx-x86_64 1.2.1 NOTE
r-oldrel-windows-ix86+x86_64 1.2.1 27.00 52.00 79.00 NOTE
r-oldrel-osx-x86_64 1.2.1 NOTE

Check Details

Version: 1.2.1
Check: DESCRIPTION meta-information
Result: NOTE
    Malformed Title field: should not end in a period.
Flavors: r-devel-linux-x86_64-debian-clang, r-devel-linux-x86_64-debian-gcc, r-devel-linux-x86_64-fedora-clang, r-devel-linux-x86_64-fedora-gcc, r-devel-windows-ix86+x86_64, r-patched-linux-x86_64, r-patched-solaris-x86, r-release-linux-x86_64, r-release-windows-ix86+x86_64, r-release-osx-x86_64, r-oldrel-windows-ix86+x86_64, r-oldrel-osx-x86_64

Version: 1.2.1
Check: compiled code
Result: NOTE
    File ‘cgAUC/libs/cgAUC.so’:
     Found no calls to: ‘R_registerRoutines’, ‘R_useDynamicSymbols’
    
    It is good practice to register native routines and to disable symbol
    search.
    
    See ‘Writing portable packages’ in the ‘Writing R Extensions’ manual.
Flavors: r-devel-linux-x86_64-debian-clang, r-devel-linux-x86_64-debian-gcc, r-devel-linux-x86_64-fedora-clang, r-devel-linux-x86_64-fedora-gcc, r-patched-linux-x86_64, r-release-linux-x86_64