CRAN Package Check Results for Package cgAUC

Last updated on 2017-06-26 21:49:20.

Flavor Version Tinstall Tcheck Ttotal Status Flags
r-devel-linux-x86_64-debian-clang 1.2.1 8.58 14.23 22.81 NOTE
r-devel-linux-x86_64-debian-gcc 1.2.1 8.75 13.78 22.53 NOTE
r-devel-linux-x86_64-fedora-clang 1.2.1 43.46 NOTE
r-devel-linux-x86_64-fedora-gcc 1.2.1 39.87 NOTE
r-devel-windows-ix86+x86_64 1.2.1 44.00 57.00 101.00 NOTE
r-patched-linux-x86_64 1.2.1 8.62 14.37 23.00 NOTE
r-patched-solaris-sparc 1.2.1 222.00 NOTE
r-patched-solaris-x86 1.2.1 52.30 NOTE
r-release-linux-x86_64 1.2.1 8.46 14.49 22.95 NOTE
r-release-windows-ix86+x86_64 1.2.1 36.00 60.00 96.00 NOTE
r-release-osx-x86_64 1.2.1 NOTE
r-oldrel-windows-ix86+x86_64 1.2.1 35.00 60.00 95.00 NOTE
r-oldrel-osx-x86_64 1.2.1 NOTE

Check Details

Version: 1.2.1
Check: DESCRIPTION meta-information
Result: NOTE
    Malformed Title field: should not end in a period.
Flavors: r-devel-linux-x86_64-debian-clang, r-devel-linux-x86_64-debian-gcc, r-devel-linux-x86_64-fedora-clang, r-devel-linux-x86_64-fedora-gcc, r-devel-windows-ix86+x86_64, r-patched-linux-x86_64, r-patched-solaris-sparc, r-patched-solaris-x86, r-release-linux-x86_64, r-release-windows-ix86+x86_64, r-release-osx-x86_64, r-oldrel-windows-ix86+x86_64, r-oldrel-osx-x86_64

Version: 1.2.1
Check: compiled code
Result: NOTE
    File ‘cgAUC/libs/cgAUC.so’:
     Found no calls to: ‘R_registerRoutines’, ‘R_useDynamicSymbols’
    
    It is good practice to register native routines and to disable symbol
    search.
    
    See ‘Writing portable packages’ in the ‘Writing R Extensions’ manual.
Flavors: r-devel-linux-x86_64-debian-clang, r-devel-linux-x86_64-debian-gcc, r-devel-linux-x86_64-fedora-clang, r-devel-linux-x86_64-fedora-gcc, r-patched-linux-x86_64, r-release-linux-x86_64