CRAN Package Check Results for Package cgAUC

Last updated on 2017-04-29 19:48:33.

Flavor Version Tinstall Tcheck Ttotal Status Flags
r-devel-linux-x86_64-debian-clang 1.2.1 8.10 14.37 22.47 NOTE
r-devel-linux-x86_64-debian-gcc 1.2.1 7.48 14.20 21.68 NOTE
r-devel-linux-x86_64-fedora-clang 1.2.1 42.17 NOTE --no-stop-on-test-error
r-devel-linux-x86_64-fedora-gcc 1.2.1 37.79 NOTE --no-stop-on-test-error
r-devel-windows-ix86+x86_64 1.2.1 34.00 48.00 82.00 NOTE
r-patched-linux-x86_64 1.2.1 6.40 14.25 20.65 NOTE
r-patched-solaris-sparc 1.2.1 222.00 NOTE
r-patched-solaris-x86 1.2.1 49.40 NOTE
r-release-linux-x86_64 1.2.1 6.50 14.36 20.86 NOTE
r-release-windows-ix86+x86_64 1.2.1 35.00 53.00 88.00 NOTE
r-release-osx-x86_64 1.2.1 NOTE
r-oldrel-windows-ix86+x86_64 1.2.1 40.00 54.00 94.00 NOTE
r-oldrel-osx-x86_64 1.2.1 NOTE

Check Details

Version: 1.2.1
Check: DESCRIPTION meta-information
Result: NOTE
    Malformed Title field: should not end in a period.
Flavors: r-devel-linux-x86_64-debian-clang, r-devel-linux-x86_64-debian-gcc, r-devel-windows-ix86+x86_64, r-patched-linux-x86_64, r-patched-solaris-sparc, r-patched-solaris-x86, r-release-linux-x86_64, r-release-windows-ix86+x86_64, r-release-osx-x86_64, r-oldrel-windows-ix86+x86_64, r-oldrel-osx-x86_64

Version: 1.2.1
Check: compiled code
Result: NOTE
    File ‘cgAUC/libs/cgAUC.so’:
     Found no calls to: ‘R_registerRoutines’, ‘R_useDynamicSymbols’
    
    It is good practice to register native routines and to disable symbol
    search.
    
    See ‘Writing portable packages’ in the ‘Writing R Extensions’ manual.
Flavors: r-devel-linux-x86_64-debian-clang, r-devel-linux-x86_64-debian-gcc, r-patched-linux-x86_64, r-release-linux-x86_64

Version: 1.2.1
Flags: --no-stop-on-test-error
Check: DESCRIPTION meta-information
Result: NOTE
    Malformed Title field: should not end in a period.
Flavors: r-devel-linux-x86_64-fedora-clang, r-devel-linux-x86_64-fedora-gcc

Version: 1.2.1
Flags: --no-stop-on-test-error
Check: compiled code
Result: NOTE
    File ‘cgAUC/libs/cgAUC.so’:
     Found no calls to: ‘R_registerRoutines’, ‘R_useDynamicSymbols’
    
    It is good practice to register native routines and to disable symbol
    search.
    
    See ‘Writing portable packages’ in the ‘Writing R Extensions’ manual.
Flavors: r-devel-linux-x86_64-fedora-clang, r-devel-linux-x86_64-fedora-gcc