CRAN Package Check Results for Package cgAUC

Last updated on 2016-08-29 06:47:01.

Flavor Version Tinstall Tcheck Ttotal Status Flags
r-devel-linux-x86_64-debian-clang 1.2.1 7.49 12.55 20.04 NOTE
r-devel-linux-x86_64-debian-gcc 1.2.1 6.99 12.35 19.34 NOTE
r-devel-linux-x86_64-fedora-clang 1.2.1 38.13 NOTE
r-devel-linux-x86_64-fedora-gcc 1.2.1 34.39 NOTE
r-devel-osx-x86_64-clang 1.2.1 28.02 NOTE
r-devel-windows-ix86+x86_64 1.2.1 36.00 33.00 69.00 NOTE
r-patched-linux-x86_64 1.2.1 6.17 12.42 18.59 NOTE
r-patched-solaris-sparc 1.2.1 208.20 NOTE
r-patched-solaris-x86 1.2.1 44.30 NOTE
r-release-linux-x86_64 1.2.1 6.29 12.99 19.28 NOTE
r-release-osx-x86_64-mavericks 1.2.1 NOTE
r-release-windows-ix86+x86_64 1.2.1 49.00 40.00 89.00 NOTE
r-oldrel-windows-ix86+x86_64 1.2.1 33.00 49.00 82.00 NOTE

Check Details

Version: 1.2.1
Check: DESCRIPTION meta-information
Result: NOTE
    Malformed Title field: should not end in a period.
Flavors: r-devel-linux-x86_64-debian-clang, r-devel-linux-x86_64-debian-gcc, r-devel-linux-x86_64-fedora-clang, r-devel-linux-x86_64-fedora-gcc, r-devel-osx-x86_64-clang, r-devel-windows-ix86+x86_64, r-patched-linux-x86_64, r-patched-solaris-sparc, r-patched-solaris-x86, r-release-linux-x86_64, r-release-osx-x86_64-mavericks, r-release-windows-ix86+x86_64, r-oldrel-windows-ix86+x86_64