CRAN Package Check Results for Package cgAUC

Last updated on 2016-07-30 08:48:07.

Flavor Version Tinstall Tcheck Ttotal Status Flags
r-devel-linux-x86_64-debian-clang 1.2.1 8.53 12.24 20.77 NOTE
r-devel-linux-x86_64-debian-gcc 1.2.1 8.15 12.51 20.66 NOTE
r-devel-linux-x86_64-fedora-clang 1.2.1 37.18 NOTE
r-devel-linux-x86_64-fedora-gcc 1.2.1 31.95 NOTE
r-devel-osx-x86_64-clang 1.2.1 28.37 NOTE
r-devel-windows-ix86+x86_64 1.2.1 23.00 32.00 55.00 NOTE
r-patched-linux-x86_64 1.2.1 6.82 13.64 20.46 NOTE
r-patched-solaris-sparc 1.2.1 208.20 NOTE
r-patched-solaris-x86 1.2.1 43.20 NOTE
r-release-linux-x86_64 1.2.1 6.66 14.42 21.08 NOTE
r-release-osx-x86_64-mavericks 1.2.1 NOTE
r-release-windows-ix86+x86_64 1.2.1 33.00 43.00 76.00 NOTE
r-oldrel-windows-ix86+x86_64 1.2.1 33.00 50.00 83.00 NOTE

Check Details

Version: 1.2.1
Check: DESCRIPTION meta-information
Result: NOTE
    Malformed Title field: should not end in a period.
Flavors: r-devel-linux-x86_64-debian-clang, r-devel-linux-x86_64-debian-gcc, r-devel-linux-x86_64-fedora-clang, r-devel-linux-x86_64-fedora-gcc, r-devel-osx-x86_64-clang, r-devel-windows-ix86+x86_64, r-patched-linux-x86_64, r-patched-solaris-sparc, r-patched-solaris-x86, r-release-linux-x86_64, r-release-osx-x86_64-mavericks, r-release-windows-ix86+x86_64, r-oldrel-windows-ix86+x86_64