CRAN Package Check Results for Package cgAUC

Last updated on 2016-12-07 14:47:27.

Flavor Version Tinstall Tcheck Ttotal Status Flags
r-devel-linux-x86_64-debian-clang 1.2.1 7.57 13.74 21.31 NOTE
r-devel-linux-x86_64-debian-gcc 1.2.1 7.25 13.63 20.87 NOTE
r-devel-linux-x86_64-fedora-clang 1.2.1 41.56 NOTE --no-stop-on-test-error
r-devel-linux-x86_64-fedora-gcc 1.2.1 38.59 NOTE --no-stop-on-test-error
r-devel-macos-x86_64-clang 1.2.1 32.42 NOTE
r-devel-windows-ix86+x86_64 1.2.1 36.00 47.00 83.00 NOTE
r-patched-linux-x86_64 1.2.1 6.56 12.15 18.71 NOTE
r-patched-solaris-sparc 1.2.1 208.20 NOTE
r-patched-solaris-x86 1.2.1 44.80 NOTE
r-release-linux-x86_64 1.2.1 6.28 12.17 18.45 NOTE
r-release-osx-x86_64-mavericks 1.2.1 NOTE
r-release-windows-ix86+x86_64 1.2.1 27.00 52.00 79.00 NOTE
r-oldrel-windows-ix86+x86_64 1.2.1 31.00 46.00 77.00 NOTE

Check Details

Version: 1.2.1
Check: DESCRIPTION meta-information
Result: NOTE
    Malformed Title field: should not end in a period.
Flavors: r-devel-linux-x86_64-debian-clang, r-devel-linux-x86_64-debian-gcc, r-devel-macos-x86_64-clang, r-devel-windows-ix86+x86_64, r-patched-linux-x86_64, r-patched-solaris-sparc, r-patched-solaris-x86, r-release-linux-x86_64, r-release-osx-x86_64-mavericks, r-release-windows-ix86+x86_64, r-oldrel-windows-ix86+x86_64

Version: 1.2.1
Flags: --no-stop-on-test-error
Check: DESCRIPTION meta-information
Result: NOTE
    Malformed Title field: should not end in a period.
Flavors: r-devel-linux-x86_64-fedora-clang, r-devel-linux-x86_64-fedora-gcc