CRAN Package Check Results for Package cgAUC

Last updated on 2016-05-27 23:47:08.

Flavor Version Tinstall Tcheck Ttotal Status Flags
r-devel-linux-x86_64-debian-gcc 1.2.1 8.65 12.44 21.10 NOTE
r-devel-linux-x86_64-fedora-clang 1.2.1 37.38 NOTE
r-devel-linux-x86_64-fedora-gcc 1.2.1 32.14 NOTE
r-devel-osx-x86_64-clang 1.2.1 32.30 NOTE
r-devel-windows-ix86+x86_64 1.2.1 24.00 32.00 56.00 NOTE
r-patched-linux-x86_64 1.2.1 6.24 12.22 18.45 NOTE
r-patched-solaris-sparc 1.2.1 203.70 NOTE
r-patched-solaris-x86 1.2.1 44.80 NOTE
r-release-linux-x86_64 1.2.1 6.23 12.38 18.61 NOTE
r-release-osx-x86_64-mavericks 1.2.1 NOTE
r-release-windows-ix86+x86_64 1.2.1 33.00 31.00 64.00 NOTE

Check Details

Version: 1.2.1
Check: DESCRIPTION meta-information
Result: NOTE
    Malformed Title field: should not end in a period.
Flavors: r-devel-linux-x86_64-debian-gcc, r-devel-linux-x86_64-fedora-clang, r-devel-linux-x86_64-fedora-gcc, r-devel-osx-x86_64-clang, r-devel-windows-ix86+x86_64, r-patched-linux-x86_64, r-patched-solaris-sparc, r-patched-solaris-x86, r-release-linux-x86_64, r-release-osx-x86_64-mavericks, r-release-windows-ix86+x86_64, r-oldrel-windows-ix86+x86_64