CRAN Package Check Results for Package cgAUC

Last updated on 2017-12-15 08:48:31 CET.

Flavor Version Tinstall Tcheck Ttotal Status Flags
r-devel-linux-x86_64-debian-clang 1.2.1 10.59 14.83 25.42 FAIL
r-devel-linux-x86_64-debian-gcc 1.2.1 8.84 17.31 26.15 NOTE
r-devel-linux-x86_64-fedora-clang 1.2.1 43.55 NOTE
r-devel-linux-x86_64-fedora-gcc 1.2.1 39.15 NOTE
r-devel-windows-ix86+x86_64 1.2.1 36.00 48.00 84.00 NOTE
r-patched-linux-x86_64 1.2.1 11.29 20.03 31.32 NOTE
r-patched-solaris-x86 1.2.1 52.10 NOTE
r-release-linux-x86_64 1.2.1 10.73 19.91 30.64 NOTE
r-release-windows-ix86+x86_64 1.2.1 29.00 44.00 73.00 NOTE
r-release-osx-x86_64 1.2.1 NOTE
r-oldrel-windows-ix86+x86_64 1.2.1 35.00 57.00 92.00 NOTE
r-oldrel-osx-x86_64 1.2.1 NOTE

Check Details

Version: 1.2.1
Check: DESCRIPTION meta-information
Result: NOTE
    Malformed Title field: should not end in a period.
Flavors: r-devel-linux-x86_64-debian-clang, r-devel-linux-x86_64-debian-gcc, r-devel-linux-x86_64-fedora-clang, r-devel-linux-x86_64-fedora-gcc, r-devel-windows-ix86+x86_64, r-patched-linux-x86_64, r-patched-solaris-x86, r-release-linux-x86_64, r-release-windows-ix86+x86_64, r-release-osx-x86_64, r-oldrel-windows-ix86+x86_64, r-oldrel-osx-x86_64

Version: 1.2.1
Check: pragmas in C/C++ headers and code
Result: FAIL
    
Flavor: r-devel-linux-x86_64-debian-clang

Version: 1.2.1
Check: compiled code
Result: NOTE
    File ‘cgAUC/libs/cgAUC.so’:
     Found no calls to: ‘R_registerRoutines’, ‘R_useDynamicSymbols’
    
    It is good practice to register native routines and to disable symbol
    search.
    
    See ‘Writing portable packages’ in the ‘Writing R Extensions’ manual.
Flavors: r-devel-linux-x86_64-debian-gcc, r-devel-linux-x86_64-fedora-clang, r-devel-linux-x86_64-fedora-gcc, r-patched-linux-x86_64, r-release-linux-x86_64