CRAN Package Check Results for Package cgAUC

Last updated on 2015-09-01 03:48:50.

Flavor Version Tinstall Tcheck Ttotal Status Flags
r-devel-linux-x86_64-debian-clang 1.2.1 6.18 11.61 17.79 NOTE
r-devel-linux-x86_64-debian-gcc 1.2.1 6.55 11.48 18.03 NOTE
r-devel-linux-x86_64-fedora-clang 1.2.1 37.10 NOTE
r-devel-linux-x86_64-fedora-gcc 1.2.1 33.54 NOTE
r-devel-osx-x86_64-clang 1.2.1 30.81 NOTE
r-devel-windows-ix86+x86_64 1.2.1 35.00 46.00 81.00 NOTE
r-patched-linux-x86_64 1.2.1 6.63 11.68 18.31 NOTE
r-patched-solaris-sparc 1.2.1 219.20 NOTE
r-patched-solaris-x86 1.2.1 51.10 NOTE
r-release-linux-x86_64 1.2.1 6.64 12.51 19.16 NOTE
r-release-osx-x86_64-mavericks 1.2.1 NOTE
r-release-windows-ix86+x86_64 1.2.1 30.00 35.00 65.00 NOTE
r-oldrel-windows-ix86+x86_64 1.2.1 31.00 39.00 70.00 OK

Check Details

Version: 1.2.1
Check: DESCRIPTION meta-information
Result: NOTE
    Malformed Title field: should not end in a period.
Flavors: r-devel-linux-x86_64-debian-clang, r-devel-linux-x86_64-debian-gcc, r-devel-linux-x86_64-fedora-clang, r-devel-linux-x86_64-fedora-gcc, r-devel-osx-x86_64-clang, r-devel-windows-ix86+x86_64, r-patched-linux-x86_64, r-patched-solaris-sparc, r-patched-solaris-x86, r-release-linux-x86_64, r-release-osx-x86_64-mavericks, r-release-windows-ix86+x86_64