CRAN Package Check Results for Package cgAUC

Last updated on 2016-09-27 21:47:01.

Flavor Version Tinstall Tcheck Ttotal Status Flags
r-devel-linux-x86_64-debian-clang 1.2.1 7.43 11.91 19.34 NOTE
r-devel-linux-x86_64-debian-gcc 1.2.1 7.36 12.97 20.33 NOTE
r-devel-linux-x86_64-fedora-clang 1.2.1 36.93 NOTE
r-devel-linux-x86_64-fedora-gcc 1.2.1 34.84 NOTE
r-devel-macos-x86_64-clang 1.2.1 28.27 NOTE
r-devel-windows-ix86+x86_64 1.2.1 37.00 43.00 80.00 NOTE
r-patched-linux-x86_64 1.2.1 6.24 12.18 18.42 NOTE
r-patched-solaris-sparc 1.2.1 208.20 NOTE
r-patched-solaris-x86 1.2.1 43.90 NOTE
r-release-linux-x86_64 1.2.1 6.32 13.05 19.37 NOTE
r-release-osx-x86_64-mavericks 1.2.1 NOTE
r-release-windows-ix86+x86_64 1.2.1 32.00 32.00 64.00 NOTE
r-oldrel-windows-ix86+x86_64 1.2.1 33.00 55.00 88.00 NOTE

Check Details

Version: 1.2.1
Check: DESCRIPTION meta-information
Result: NOTE
    Malformed Title field: should not end in a period.
Flavors: r-devel-linux-x86_64-debian-clang, r-devel-linux-x86_64-debian-gcc, r-devel-linux-x86_64-fedora-clang, r-devel-linux-x86_64-fedora-gcc, r-devel-macos-x86_64-clang, r-devel-windows-ix86+x86_64, r-patched-linux-x86_64, r-patched-solaris-sparc, r-patched-solaris-x86, r-release-linux-x86_64, r-release-osx-x86_64-mavericks, r-release-windows-ix86+x86_64, r-oldrel-windows-ix86+x86_64