CRAN Package Check Results for Package cgAUC

Last updated on 2016-06-29 12:46:50.

Flavor Version Tinstall Tcheck Ttotal Status Flags
r-devel-linux-x86_64-debian-gcc 1.2.1 8.81 13.59 22.40 NOTE
r-devel-linux-x86_64-fedora-clang 1.2.1 37.98 NOTE
r-devel-linux-x86_64-fedora-gcc 1.2.1 34.52 NOTE
r-devel-osx-x86_64-clang 1.2.1 28.42 NOTE
r-devel-windows-ix86+x86_64 1.2.1 23.00 45.00 68.00 NOTE
r-patched-linux-x86_64 1.2.1 6.58 12.70 19.28 NOTE
r-patched-solaris-sparc 1.2.1 204.70 NOTE
r-patched-solaris-x86 1.2.1 45.70 NOTE
r-release-linux-x86_64 1.2.1 6.30 12.43 18.73 NOTE
r-release-osx-x86_64-mavericks 1.2.1 NOTE
r-release-windows-ix86+x86_64 1.2.1 30.00 41.00 71.00 NOTE
r-oldrel-windows-ix86+x86_64 1.2.1 30.00 41.00 71.00 NOTE

Check Details

Version: 1.2.1
Check: DESCRIPTION meta-information
Result: NOTE
    Malformed Title field: should not end in a period.
Flavors: r-devel-linux-x86_64-debian-gcc, r-devel-linux-x86_64-fedora-clang, r-devel-linux-x86_64-fedora-gcc, r-devel-osx-x86_64-clang, r-devel-windows-ix86+x86_64, r-patched-linux-x86_64, r-patched-solaris-sparc, r-patched-solaris-x86, r-release-linux-x86_64, r-release-osx-x86_64-mavericks, r-release-windows-ix86+x86_64, r-oldrel-windows-ix86+x86_64