CRAN Package Check Results for Package cgAUC

Last updated on 2017-10-18 03:48:08.

Flavor Version Tinstall Tcheck Ttotal Status Flags
r-devel-linux-x86_64-debian-clang 1.2.1 8.61 14.82 23.43 NOTE
r-devel-linux-x86_64-debian-gcc 1.2.1 8.11 15.77 23.88 NOTE
r-devel-linux-x86_64-fedora-clang 1.2.1 44.79 NOTE
r-devel-linux-x86_64-fedora-gcc 1.2.1 45.46 NOTE
r-devel-windows-ix86+x86_64 1.2.1 42.00 44.00 86.00 NOTE
r-patched-linux-x86_64 1.2.1 8.47 14.70 23.17 NOTE
r-patched-solaris-x86 1.2.1 53.20 NOTE
r-release-linux-x86_64 1.2.1 8.53 14.44 22.96 NOTE
r-release-windows-ix86+x86_64 1.2.1 37.00 48.00 85.00 NOTE
r-release-osx-x86_64 1.2.1 NOTE
r-oldrel-windows-ix86+x86_64 1.2.1 34.00 55.00 89.00 NOTE
r-oldrel-osx-x86_64 1.2.1 NOTE

Check Details

Version: 1.2.1
Check: DESCRIPTION meta-information
Result: NOTE
    Malformed Title field: should not end in a period.
Flavors: r-devel-linux-x86_64-debian-clang, r-devel-linux-x86_64-debian-gcc, r-devel-linux-x86_64-fedora-clang, r-devel-linux-x86_64-fedora-gcc, r-devel-windows-ix86+x86_64, r-patched-linux-x86_64, r-patched-solaris-x86, r-release-linux-x86_64, r-release-windows-ix86+x86_64, r-release-osx-x86_64, r-oldrel-windows-ix86+x86_64, r-oldrel-osx-x86_64

Version: 1.2.1
Check: compiled code
Result: NOTE
    File ‘cgAUC/libs/cgAUC.so’:
     Found no calls to: ‘R_registerRoutines’, ‘R_useDynamicSymbols’
    
    It is good practice to register native routines and to disable symbol
    search.
    
    See ‘Writing portable packages’ in the ‘Writing R Extensions’ manual.
Flavors: r-devel-linux-x86_64-debian-clang, r-devel-linux-x86_64-debian-gcc, r-devel-linux-x86_64-fedora-clang, r-devel-linux-x86_64-fedora-gcc, r-patched-linux-x86_64, r-release-linux-x86_64