CRAN Package Check Results for Package cghFLasso

Last updated on 2015-08-02 03:48:03.

Flavor Version Tinstall Tcheck Ttotal Status Flags
r-devel-linux-x86_64-debian-clang 0.2-1 1.05 14.72 15.76 NOTE
r-devel-linux-x86_64-debian-gcc 0.2-1 1.16 13.51 14.66 NOTE
r-devel-linux-x86_64-fedora-clang 0.2-1 29.20 NOTE
r-devel-linux-x86_64-fedora-gcc 0.2-1 26.50 NOTE
r-devel-osx-x86_64-clang 0.2-1 24.44 NOTE
r-devel-windows-ix86+x86_64 0.2-1 7.00 31.00 38.00 NOTE
r-patched-linux-x86_64 0.2-1 1.11 13.78 14.89 NOTE
r-patched-solaris-sparc 0.2-1 185.10 NOTE
r-patched-solaris-x86 0.2-1 40.10 NOTE
r-release-linux-x86_64 0.2-1 1.22 14.30 15.51 NOTE
r-release-osx-x86_64-mavericks 0.2-1 NOTE
r-release-windows-ix86+x86_64 0.2-1 6.00 34.00 40.00 NOTE
r-oldrel-windows-ix86+x86_64 0.2-1 9.00 34.00 43.00 NOTE

Check Details

Version: 0.2-1
Check: DESCRIPTION meta-information
Result: NOTE
    Malformed Title field: should not end in a period.
    Malformed Description field: should contain one or more complete sentences.
Flavors: r-devel-linux-x86_64-debian-clang, r-devel-linux-x86_64-debian-gcc, r-devel-linux-x86_64-fedora-clang, r-devel-linux-x86_64-fedora-gcc, r-devel-osx-x86_64-clang, r-devel-windows-ix86+x86_64, r-patched-linux-x86_64, r-patched-solaris-sparc, r-patched-solaris-x86, r-release-linux-x86_64, r-release-osx-x86_64-mavericks, r-release-windows-ix86+x86_64

Version: 0.2-1
Check: S3 generic/method consistency
Result: NOTE
    Found the following apparent S3 methods exported but not registered:
     plot.cghFLasso print.summary.cghFLasso summary.cghFLasso
    See section ‘Registering S3 methods’ in the ‘Writing R Extensions’
    manual.
Flavors: r-devel-linux-x86_64-debian-clang, r-devel-linux-x86_64-debian-gcc, r-devel-linux-x86_64-fedora-clang, r-devel-linux-x86_64-fedora-gcc, r-devel-osx-x86_64-clang, r-patched-linux-x86_64, r-patched-solaris-sparc, r-patched-solaris-x86, r-release-linux-x86_64

Version: 0.2-1
Check: R code for possible problems
Result: NOTE
    CGH.fused.lasso.one.fast: no visible global function definition for
     ‘lowess’
    L2L1ExpandFit: no visible global function definition for
     ‘L2L1PathExtract’
    consensusFDR: no visible global function definition for ‘pbinom’
    my.mad: no visible global function definition for ‘median’
    output.cghFLasso: no visible global function definition for
     ‘write.table’
    plot.CGH.FL.All: no visible global function definition for ‘plot’
    plot.CGH.FL.All: no visible global function definition for ‘segments’
    plot.CGH.FL.All: no visible global function definition for ‘text’
    plot.CGH.FL.Consensus: no visible global function definition for
     ‘rainbow’
    plot.CGH.FL.Consensus: no visible global function definition for ‘plot’
    plot.CGH.FL.Consensus: no visible global function definition for
     ‘segments’
    plot.CGH.FL.Consensus: no visible global function definition for ‘gray’
    plot.CGH.FL.Consensus: no visible global function definition for ‘text’
    plot.CGH.FL.Single: no visible global function definition for ‘plot’
    plot.CGH.FL.Single: no visible global function definition for ‘gray’
    plot.CGH.FL.Single: no visible global function definition for
     ‘segments’
    plot.CGH.FL.Single: no visible global function definition for ‘text’
    plot.cghFLasso: no visible global function definition for ‘plot’
    plot.cghFLasso: no visible global function definition for ‘gray’
    plot.cghFLasso: no visible global function definition for ‘abline’
    plot.cghFLasso: no visible global function definition for ‘points’
    segment.score: no visible global function definition for ‘pnorm’
    Undefined global functions or variables:
     L2L1PathExtract abline gray lowess median pbinom plot pnorm points
     rainbow segments text write.table
    Consider adding
     importFrom("grDevices", "gray", "rainbow")
     importFrom("graphics", "abline", "plot", "points", "segments", "text")
     importFrom("stats", "lowess", "median", "pbinom", "pnorm")
     importFrom("utils", "write.table")
    to your NAMESPACE.
Flavors: r-devel-linux-x86_64-debian-clang, r-devel-linux-x86_64-debian-gcc, r-devel-linux-x86_64-fedora-clang, r-devel-linux-x86_64-fedora-gcc, r-devel-windows-ix86+x86_64

Version: 0.2-1
Check: Rd line widths
Result: NOTE
    Rd file 'cghFLasso.Rd':
     \usage lines wider than 90 characters:
     cghFLasso(CGH.Array, chromosome=NULL, nucleotide.position=NULL, FL.norm=NULL, FDR=NULL, filter=NULL, missing.PlugIn=TRUE, smooth.size=5 ... [TRUNCATED]
     \examples lines wider than 100 characters:
     Disease.FL<-cghFLasso(CGH$DiseaseArray, chromosome=CGH$chromosome, nucleotide.position=CGH$nucposition, FL.norm=Normal.FL, FDR=0.01)
    
    Rd file 'cghFLasso.ref.Rd':
     \examples lines wider than 100 characters:
     Disease.FL<-cghFLasso(CGH$DiseaseArray, chromosome=CGH$chromosome, nucleotide.position=CGH$nucposition, FL.norm=Normal.FL, FDR=0.01)
    
    Rd file 'output.cghFLasso.Rd':
     \examples lines wider than 100 characters:
     Disease.FL<-cghFLasso(CGH$DiseaseArray, chromosome=CGH$chromosome, nucleotide.position=CGH$nucposition, FL.norm=Normal.FL, FDR=0.01)
    
    Rd file 'plot.cghFLasso.Rd':
     \examples lines wider than 100 characters:
     Disease.FL<-cghFLasso(CGH$DiseaseArray, chromosome=CGH$chromosome, nucleotide.position=CGH$nucposition, FL.norm=Normal.FL, FDR=0.01)
    
    Rd file 'summary.cghFLasso.Rd':
     \examples lines wider than 100 characters:
     Disease.FL<-cghFLasso(CGH$DiseaseArray, chromosome=CGH$chromosome, nucleotide.position=CGH$nucposition, FL.norm=Normal.FL, FDR=0.01)
    
    These lines will be truncated in the PDF manual.
Flavors: r-devel-linux-x86_64-debian-clang, r-devel-linux-x86_64-debian-gcc, r-devel-linux-x86_64-fedora-clang, r-devel-linux-x86_64-fedora-gcc, r-patched-linux-x86_64, r-release-linux-x86_64

Version: 0.2-1
Check: Rd \usage sections
Result: NOTE
    S3 methods shown with full name in documentation object 'plot.cghFLasso':
     ‘plot.cghFLasso’
    
    S3 methods shown with full name in documentation object 'summary.cghFLasso':
     ‘summary.cghFLasso’ ‘print.summary.cghFLasso’
    
    The \usage entries for S3 methods should use the \method markup and not
    their full name.
    See chapter ‘Writing R documentation files’ in the ‘Writing R
    Extensions’ manual.
Flavors: r-devel-linux-x86_64-debian-clang, r-devel-linux-x86_64-debian-gcc, r-devel-linux-x86_64-fedora-clang, r-devel-linux-x86_64-fedora-gcc, r-devel-osx-x86_64-clang, r-devel-windows-ix86+x86_64, r-patched-linux-x86_64, r-patched-solaris-sparc, r-patched-solaris-x86, r-release-linux-x86_64, r-release-osx-x86_64-mavericks, r-release-windows-ix86+x86_64, r-oldrel-windows-ix86+x86_64

Version: 0.2-1
Check: R code for possible problems
Result: NOTE
    L2L1ExpandFit: no visible global function definition for
     ‘L2L1PathExtract’
    Undefined global functions or variables:
     L2L1PathExtract
Flavor: r-devel-osx-x86_64-clang

Version: 0.2-1
Check: R code for possible problems
Result: NOTE
    L2L1ExpandFit: no visible global function definition for
     ‘L2L1PathExtract’
Flavors: r-patched-linux-x86_64, r-patched-solaris-sparc, r-patched-solaris-x86, r-release-linux-x86_64, r-release-osx-x86_64-mavericks, r-release-windows-ix86+x86_64, r-oldrel-windows-ix86+x86_64