CRAN Package Check Results for Package cghFLasso

Last updated on 2014-10-01 07:47:34.

Flavor Version Tinstall Tcheck Ttotal Status Flags
r-devel-linux-x86_64-debian-clang 0.2-1 1.07 14.66 15.73 NOTE
r-devel-linux-x86_64-debian-gcc 0.2-1 1.20 14.51 15.71 NOTE
r-devel-linux-x86_64-fedora-clang 0.2-1 32.07 NOTE
r-devel-linux-x86_64-fedora-gcc 0.2-1 30.74 NOTE
r-devel-osx-x86_64-clang 0.2-1 29.83 NOTE
r-devel-windows-ix86+x86_64 0.2-1 6.00 32.00 38.00 NOTE
r-patched-linux-x86_64 0.2-1 1.20 15.63 16.84 NOTE
r-patched-solaris-sparc 0.2-1 189.10 NOTE
r-patched-solaris-x86 0.2-1 44.40 NOTE
r-release-linux-ix86 0.2-1 1.64 22.55 24.20 NOTE
r-release-linux-x86_64 0.2-1 1.23 15.17 16.40 NOTE
r-release-osx-x86_64-mavericks 0.2-1 NOTE
r-release-windows-ix86+x86_64 0.2-1 8.00 33.00 41.00 NOTE
r-oldrel-windows-ix86+x86_64 0.2-1 6.00 36.00 42.00 NOTE

Check Details

Version: 0.2-1
Check: R code for possible problems
Result: NOTE
    L2L1ExpandFit: no visible global function definition for
     ‘L2L1PathExtract’
Flavors: r-devel-linux-x86_64-debian-clang, r-devel-linux-x86_64-debian-gcc, r-devel-linux-x86_64-fedora-clang, r-devel-linux-x86_64-fedora-gcc, r-devel-osx-x86_64-clang, r-devel-windows-ix86+x86_64, r-patched-linux-x86_64, r-patched-solaris-sparc, r-patched-solaris-x86, r-release-linux-ix86, r-release-linux-x86_64, r-release-osx-x86_64-mavericks, r-release-windows-ix86+x86_64, r-oldrel-windows-ix86+x86_64

Version: 0.2-1
Check: Rd line widths
Result: NOTE
    Rd file 'cghFLasso.Rd':
     \usage lines wider than 90 characters:
     cghFLasso(CGH.Array, chromosome=NULL, nucleotide.position=NULL, FL.norm=NULL, FDR=NULL, filter=NULL, missing.PlugIn=TRUE, smooth.size=5 ... [TRUNCATED]
     \examples lines wider than 100 characters:
     Disease.FL<-cghFLasso(CGH$DiseaseArray, chromosome=CGH$chromosome, nucleotide.position=CGH$nucposition, FL.norm=Normal.FL, FDR=0.01)
    
    Rd file 'cghFLasso.ref.Rd':
     \examples lines wider than 100 characters:
     Disease.FL<-cghFLasso(CGH$DiseaseArray, chromosome=CGH$chromosome, nucleotide.position=CGH$nucposition, FL.norm=Normal.FL, FDR=0.01)
    
    Rd file 'output.cghFLasso.Rd':
     \examples lines wider than 100 characters:
     Disease.FL<-cghFLasso(CGH$DiseaseArray, chromosome=CGH$chromosome, nucleotide.position=CGH$nucposition, FL.norm=Normal.FL, FDR=0.01)
    
    Rd file 'plot.cghFLasso.Rd':
     \examples lines wider than 100 characters:
     Disease.FL<-cghFLasso(CGH$DiseaseArray, chromosome=CGH$chromosome, nucleotide.position=CGH$nucposition, FL.norm=Normal.FL, FDR=0.01)
    
    Rd file 'summary.cghFLasso.Rd':
     \examples lines wider than 100 characters:
     Disease.FL<-cghFLasso(CGH$DiseaseArray, chromosome=CGH$chromosome, nucleotide.position=CGH$nucposition, FL.norm=Normal.FL, FDR=0.01)
    
    These lines will be truncated in the PDF manual.
Flavors: r-devel-linux-x86_64-debian-clang, r-devel-linux-x86_64-debian-gcc, r-devel-linux-x86_64-fedora-clang, r-devel-linux-x86_64-fedora-gcc, r-patched-linux-x86_64, r-release-linux-x86_64

Version: 0.2-1
Check: Rd \usage sections
Result: NOTE
    S3 methods shown with full name in documentation object 'plot.cghFLasso':
     ‘plot.cghFLasso’
    
    S3 methods shown with full name in documentation object 'summary.cghFLasso':
     ‘summary.cghFLasso’ ‘print.summary.cghFLasso’
    
    The \usage entries for S3 methods should use the \method markup and not
    their full name.
    See the chapter ‘Writing R documentation files’ in the ‘Writing R
    Extensions’ manual.
Flavors: r-devel-linux-x86_64-debian-clang, r-devel-linux-x86_64-debian-gcc, r-devel-linux-x86_64-fedora-clang, r-devel-linux-x86_64-fedora-gcc, r-devel-osx-x86_64-clang, r-devel-windows-ix86+x86_64, r-patched-linux-x86_64, r-patched-solaris-sparc, r-patched-solaris-x86, r-release-linux-ix86, r-release-linux-x86_64, r-release-osx-x86_64-mavericks, r-release-windows-ix86+x86_64, r-oldrel-windows-ix86+x86_64