CRAN Package Check Results for Package changeLOS

Last updated on 2014-04-21 12:43:14.

Flavor Version Tinstall Tcheck Ttotal Status Flags
r-devel-linux-x86_64-debian-clang 2.1 0.55 9.77 10.32 NOTE
r-devel-linux-x86_64-debian-gcc 2.1 0.58 10.02 10.59 NOTE
r-devel-linux-x86_64-fedora-clang 2.1 20.43 NOTE
r-devel-linux-x86_64-fedora-gcc 2.1 18.99 NOTE
r-devel-osx-x86_64-clang 2.1 21.84 NOTE
r-devel-osx-x86_64-gcc 2.1 NOTE
r-devel-windows-ix86+x86_64 2.1 2.00 17.00 19.00 NOTE
r-patched-linux-x86_64 2.1 0.57 9.92 10.48 NOTE
r-patched-solaris-sparc 2.1 119.70 NOTE
r-patched-solaris-x86 2.1 31.70 NOTE
r-release-linux-x86_64 2.1 0.62 10.12 10.75 NOTE
r-release-osx-x86_64-mavericks 2.1 WARN
r-release-windows-ix86+x86_64 2.1 6.00 22.00 28.00 NOTE
r-oldrel-windows-ix86+x86_64 2.1 3.00 18.00 21.00 NOTE

Check Details

Version: 2.1
Check: dependencies in R code
Result: NOTE
    Package in Depends field not imported from: ‘survival’
     These packages need to be imported from (in the NAMESPACE file)
     for when this namespace is loaded but not attached.
    See the information on DESCRIPTION files in the chapter ‘Creating R
    packages’ of the ‘Writing R Extensions’ manual.
Flavors: r-devel-linux-x86_64-debian-clang, r-devel-linux-x86_64-debian-gcc, r-devel-linux-x86_64-fedora-clang, r-devel-linux-x86_64-fedora-gcc, r-devel-osx-x86_64-clang, r-devel-osx-x86_64-gcc, r-devel-windows-ix86+x86_64, r-patched-linux-x86_64, r-patched-solaris-sparc, r-patched-solaris-x86, r-release-linux-x86_64, r-release-osx-x86_64-mavericks, r-release-windows-ix86+x86_64, r-oldrel-windows-ix86+x86_64

Version: 2.1
Check: Rd cross-references
Result: NOTE
    Package unavailable to check Rd xrefs: ‘etm’
Flavor: r-devel-osx-x86_64-gcc

Version: 2.1
Check: PDF version of manual
Result: WARNING
    LaTeX errors when creating PDF version.
    This typically indicates Rd problems.
    LaTeX errors found:
    ! LaTeX Error: File `upquote.sty' not found.
    
    Type X to quit or <RETURN> to proceed,
    or enter new name. (Default extension: sty)
    
    42a9048/Rd2.tex:8: ==> Fatal error occurred, no output PDF file produced!
Flavor: r-release-osx-x86_64-mavericks