CRAN Package Check Results for Package changeLOS

Last updated on 2014-07-24 05:48:23.

Flavor Version Tinstall Tcheck Ttotal Status Flags
r-devel-linux-x86_64-debian-clang 2.1 0.51 9.60 10.12 NOTE
r-devel-linux-x86_64-debian-gcc 2.1 0.52 9.72 10.24 NOTE
r-devel-linux-x86_64-fedora-clang 2.1 20.42 NOTE
r-devel-linux-x86_64-fedora-gcc 2.1 19.49 NOTE
r-devel-osx-x86_64-clang 2.1 22.53 NOTE
r-devel-windows-ix86+x86_64 2.1 2.00 16.00 18.00 NOTE
r-patched-linux-x86_64 2.1 0.55 9.46 10.01 NOTE
r-patched-solaris-sparc 2.1 119.70 NOTE
r-patched-solaris-x86 2.1 30.50 NOTE
r-release-linux-ix86 2.1 0.88 15.96 16.84 NOTE
r-release-linux-x86_64 2.1 0.65 9.51 10.16 NOTE
r-release-osx-x86_64-mavericks 2.1 NOTE
r-release-windows-ix86+x86_64 2.1 4.00 18.00 22.00 NOTE
r-oldrel-windows-ix86+x86_64 2.1 3.00 18.00 21.00 NOTE

Check Details

Version: 2.1
Check: dependencies in R code
Result: NOTE
    Package in Depends field not imported from: ‘survival’
     These packages need to be imported from (in the NAMESPACE file)
     for when this namespace is loaded but not attached.
    See the information on DESCRIPTION files in the chapter ‘Creating R
    packages’ of the ‘Writing R Extensions’ manual.
Flavors: r-devel-linux-x86_64-debian-clang, r-devel-linux-x86_64-debian-gcc, r-devel-linux-x86_64-fedora-clang, r-devel-linux-x86_64-fedora-gcc, r-devel-osx-x86_64-clang, r-devel-windows-ix86+x86_64, r-patched-linux-x86_64, r-patched-solaris-sparc, r-patched-solaris-x86, r-release-linux-ix86, r-release-linux-x86_64, r-release-osx-x86_64-mavericks, r-release-windows-ix86+x86_64, r-oldrel-windows-ix86+x86_64