CRAN Package Check Results for Package changedetection

Last updated on 2020-09-23 03:03:01 CEST.

Flavor Version Tinstall Tcheck Ttotal Status Flags
r-devel-linux-x86_64-debian-clang 0.2.0 8.85 74.60 83.45 OK
r-devel-linux-x86_64-debian-gcc 0.2.0 6.87 59.00 65.87 OK
r-devel-linux-x86_64-fedora-clang 0.2.0 114.98 WARN
r-devel-linux-x86_64-fedora-gcc 0.2.0 100.43 OK
r-devel-windows-ix86+x86_64 0.2.0 18.00 99.00 117.00 OK
r-patched-linux-x86_64 0.2.0 7.41 73.16 80.57 OK
r-patched-solaris-x86 0.2.0 148.50 OK
r-release-linux-x86_64 0.2.0 9.12 72.68 81.80 OK
r-release-macos-x86_64 0.2.0 OK
r-release-windows-ix86+x86_64 0.2.0 21.00 98.00 119.00 OK
r-oldrel-macos-x86_64 0.2.0 OK
r-oldrel-windows-ix86+x86_64 0.2.0 10.00 100.00 110.00 OK

Check Details

Version: 0.2.0
Check: package dependencies
Result: WARN
    Requires (indirectly) orphaned package: ‘bibtex’
Flavor: r-devel-linux-x86_64-fedora-clang