CRAN Package Check Results for Package changepoint

Last updated on 2017-03-27 17:47:15.

Flavor Version Tinstall Tcheck Ttotal Status Flags
r-devel-linux-x86_64-debian-clang 2.2.2 2.71 75.95 78.66 NOTE
r-devel-linux-x86_64-debian-gcc 2.2.2 2.75 76.79 79.53 NOTE
r-devel-linux-x86_64-fedora-clang 2.2.2 160.14 NOTE --no-stop-on-test-error
r-devel-linux-x86_64-fedora-gcc 2.2.2 150.07 NOTE --no-stop-on-test-error
r-devel-macos-x86_64-clang 2.2.2 123.10 NOTE --no-stop-on-test-error
r-devel-windows-ix86+x86_64 2.2.2 12.00 200.00 212.00 NOTE
r-patched-linux-x86_64 2.2.2 2.50 76.94 79.44 NOTE
r-patched-solaris-sparc 2.2.2 895.90 NOTE
r-patched-solaris-x86 2.2.2 176.00 NOTE
r-release-linux-x86_64 2.2.2 2.37 90.12 92.49 OK
r-release-osx-x86_64-mavericks 2.2.2 OK
r-release-windows-ix86+x86_64 2.2.2 22.00 263.00 285.00 OK
r-oldrel-windows-ix86+x86_64 2.2.2 12.00 237.00 249.00 OK

Check Details

Version: 2.2.2
Check: DESCRIPTION meta-information
Result: NOTE
    BugReports field is not a suitable URL but contains an email address
     which will be used as from R 3.4.0
Flavors: r-devel-linux-x86_64-debian-clang, r-devel-linux-x86_64-debian-gcc, r-devel-windows-ix86+x86_64, r-patched-linux-x86_64, r-patched-solaris-sparc, r-patched-solaris-x86

Version: 2.2.2
Check: compiled code
Result: NOTE
    File ‘changepoint/libs/changepoint.so’:
     Found no calls to: ‘R_registerRoutines’, ‘R_useDynamicSymbols’
    
    It is good practice to register native routines and to disable symbol
    search.
    
    See ‘Writing portable packages’ in the ‘Writing R Extensions’ manual.
Flavors: r-devel-linux-x86_64-debian-clang, r-devel-linux-x86_64-debian-gcc, r-patched-linux-x86_64

Version: 2.2.2
Flags: --no-stop-on-test-error
Check: DESCRIPTION meta-information
Result: NOTE
    BugReports field is not a suitable URL but contains an email address
     which will be used as from R 3.4.0
Flavors: r-devel-linux-x86_64-fedora-clang, r-devel-linux-x86_64-fedora-gcc, r-devel-macos-x86_64-clang

Version: 2.2.2
Flags: --no-stop-on-test-error
Check: compiled code
Result: NOTE
    File ‘changepoint/libs/changepoint.so’:
     Found no calls to: ‘R_registerRoutines’, ‘R_useDynamicSymbols’
    
    It is good practice to register native routines and to disable symbol
    search.
    
    See ‘Writing portable packages’ in the ‘Writing R Extensions’ manual.
Flavors: r-devel-linux-x86_64-fedora-clang, r-devel-linux-x86_64-fedora-gcc, r-devel-macos-x86_64-clang