CRAN Package Check Results for Package changepoint

Last updated on 2017-05-28 02:46:51.

Flavor Version Tinstall Tcheck Ttotal Status Flags
r-devel-linux-x86_64-debian-clang 2.2.2 3.16 85.78 88.94 NOTE
r-devel-linux-x86_64-debian-gcc 2.2.2 2.87 83.37 86.24 NOTE
r-devel-linux-x86_64-fedora-clang 2.2.2 163.97 NOTE
r-devel-linux-x86_64-fedora-gcc 2.2.2 151.41 NOTE
r-devel-windows-ix86+x86_64 2.2.2 12.00 210.00 222.00 NOTE
r-patched-linux-x86_64 2.2.2 2.88 79.31 82.19 NOTE
r-patched-solaris-sparc 2.2.2 895.90 NOTE
r-patched-solaris-x86 2.2.2 178.00 NOTE
r-release-linux-x86_64 2.2.2 2.69 76.70 79.39 NOTE
r-release-windows-ix86+x86_64 2.2.2 12.00 200.00 212.00 NOTE
r-release-osx-x86_64 2.2.2 NOTE
r-oldrel-windows-ix86+x86_64 2.2.2 14.00 237.00 251.00 OK
r-oldrel-osx-x86_64 2.2.2 OK

Check Details

Version: 2.2.2
Check: DESCRIPTION meta-information
Result: NOTE
    BugReports field is not a suitable URL but contains an email address
     which will be used as from R 3.4.0
Flavors: r-devel-linux-x86_64-debian-clang, r-devel-linux-x86_64-debian-gcc, r-devel-linux-x86_64-fedora-clang, r-devel-linux-x86_64-fedora-gcc, r-devel-windows-ix86+x86_64, r-patched-linux-x86_64, r-patched-solaris-sparc, r-patched-solaris-x86, r-release-linux-x86_64, r-release-windows-ix86+x86_64, r-release-osx-x86_64

Version: 2.2.2
Check: compiled code
Result: NOTE
    File ‘changepoint/libs/changepoint.so’:
     Found no calls to: ‘R_registerRoutines’, ‘R_useDynamicSymbols’
    
    It is good practice to register native routines and to disable symbol
    search.
    
    See ‘Writing portable packages’ in the ‘Writing R Extensions’ manual.
Flavors: r-devel-linux-x86_64-debian-clang, r-devel-linux-x86_64-debian-gcc, r-devel-linux-x86_64-fedora-clang, r-devel-linux-x86_64-fedora-gcc, r-patched-linux-x86_64, r-release-linux-x86_64