CRAN Package Check Results for Package changepoint

Last updated on 2017-04-23 17:49:27.

Flavor Version Tinstall Tcheck Ttotal Status Flags
r-devel-linux-x86_64-debian-clang 2.2.2 2.68 76.84 79.52 NOTE
r-devel-linux-x86_64-debian-gcc 2.2.2 2.65 79.88 82.53 NOTE
r-devel-linux-x86_64-fedora-clang 2.2.2 156.63 NOTE --no-stop-on-test-error
r-devel-linux-x86_64-fedora-gcc 2.2.2 150.58 NOTE --no-stop-on-test-error
r-devel-windows-ix86+x86_64 2.2.2 20.00 273.00 293.00 NOTE
r-patched-linux-x86_64 2.2.2 2.53 79.70 82.23 NOTE
r-patched-solaris-sparc 2.2.2 895.90 NOTE
r-patched-solaris-x86 2.2.2 173.80 NOTE
r-release-linux-x86_64 2.2.2 2.46 80.50 82.96 NOTE
r-release-windows-ix86+x86_64 2.2.2 11.00 198.00 209.00 NOTE
r-release-osx-x86_64 2.2.2 NOTE
r-oldrel-windows-ix86+x86_64 2.2.2 11.00 230.00 241.00 OK
r-oldrel-osx-x86_64 2.2.2 OK

Check Details

Version: 2.2.2
Check: DESCRIPTION meta-information
Result: NOTE
    BugReports field is not a suitable URL but contains an email address
     which will be used as from R 3.4.0
Flavors: r-devel-linux-x86_64-debian-clang, r-devel-linux-x86_64-debian-gcc, r-devel-windows-ix86+x86_64, r-patched-linux-x86_64, r-patched-solaris-sparc, r-patched-solaris-x86, r-release-linux-x86_64, r-release-windows-ix86+x86_64, r-release-osx-x86_64

Version: 2.2.2
Check: compiled code
Result: NOTE
    File ‘changepoint/libs/changepoint.so’:
     Found no calls to: ‘R_registerRoutines’, ‘R_useDynamicSymbols’
    
    It is good practice to register native routines and to disable symbol
    search.
    
    See ‘Writing portable packages’ in the ‘Writing R Extensions’ manual.
Flavors: r-devel-linux-x86_64-debian-clang, r-devel-linux-x86_64-debian-gcc, r-patched-linux-x86_64, r-release-linux-x86_64

Version: 2.2.2
Flags: --no-stop-on-test-error
Check: DESCRIPTION meta-information
Result: NOTE
    BugReports field is not a suitable URL but contains an email address
     which will be used as from R 3.4.0
Flavors: r-devel-linux-x86_64-fedora-clang, r-devel-linux-x86_64-fedora-gcc

Version: 2.2.2
Flags: --no-stop-on-test-error
Check: compiled code
Result: NOTE
    File ‘changepoint/libs/changepoint.so’:
     Found no calls to: ‘R_registerRoutines’, ‘R_useDynamicSymbols’
    
    It is good practice to register native routines and to disable symbol
    search.
    
    See ‘Writing portable packages’ in the ‘Writing R Extensions’ manual.
Flavors: r-devel-linux-x86_64-fedora-clang, r-devel-linux-x86_64-fedora-gcc