CRAN Package Check Results for Package changepoint

Last updated on 2018-04-23 23:51:19 CEST.

Flavor Version Tinstall Tcheck Ttotal Status Flags
r-devel-linux-x86_64-debian-clang 2.2.2 7.84 117.16 125.00 NOTE
r-devel-linux-x86_64-debian-gcc 2.2.2 5.67 100.10 105.77 NOTE
r-devel-linux-x86_64-fedora-clang 2.2.2 168.62 NOTE
r-devel-linux-x86_64-fedora-gcc 2.2.2 163.51 NOTE
r-devel-windows-ix86+x86_64 2.2.2 22.00 228.00 250.00 NOTE
r-devel-osx-x86_64 2.2.2 NOTE
r-patched-linux-x86_64 2.2.2 7.68 132.09 139.77 NOTE
r-patched-solaris-x86 2.2.2 208.30 NOTE
r-release-linux-x86_64 2.2.2 8.28 130.07 138.35 NOTE
r-release-windows-ix86+x86_64 2.2.2 20.00 285.00 305.00 NOTE
r-release-osx-x86_64 2.2.2 NOTE
r-oldrel-windows-ix86+x86_64 2.2.2 12.00 317.00 329.00 OK

Check Details

Version: 2.2.2
Check: DESCRIPTION meta-information
Result: NOTE
    BugReports field is not a suitable URL but contains an email address
     which will be used as from R 3.4.0
Flavors: r-devel-linux-x86_64-debian-clang, r-devel-linux-x86_64-debian-gcc, r-devel-linux-x86_64-fedora-clang, r-devel-linux-x86_64-fedora-gcc, r-devel-windows-ix86+x86_64, r-devel-osx-x86_64, r-patched-linux-x86_64, r-patched-solaris-x86, r-release-linux-x86_64, r-release-windows-ix86+x86_64, r-release-osx-x86_64

Version: 2.2.2
Check: compiled code
Result: NOTE
    File ‘changepoint/libs/changepoint.so’:
     Found no calls to: ‘R_registerRoutines’, ‘R_useDynamicSymbols’
    
    It is good practice to register native routines and to disable symbol
    search.
    
    See ‘Writing portable packages’ in the ‘Writing R Extensions’ manual.
Flavors: r-devel-linux-x86_64-debian-clang, r-devel-linux-x86_64-debian-gcc, r-devel-linux-x86_64-fedora-clang, r-devel-linux-x86_64-fedora-gcc, r-patched-linux-x86_64, r-release-linux-x86_64