CRAN Package Check Results for Package changepoint

Last updated on 2017-07-20 19:47:47.

Flavor Version Tinstall Tcheck Ttotal Status Flags
r-devel-linux-x86_64-debian-clang 2.2.2 2.81 85.56 88.38 NOTE
r-devel-linux-x86_64-debian-gcc 2.2.2 2.56 84.60 87.15 NOTE
r-devel-linux-x86_64-fedora-clang 2.2.2 168.54 NOTE
r-devel-linux-x86_64-fedora-gcc 2.2.2 159.73 NOTE
r-devel-windows-ix86+x86_64 2.2.2 19.00 286.00 305.00 NOTE
r-patched-linux-x86_64 2.2.2 2.47 87.49 89.96 NOTE
r-patched-solaris-x86 2.2.2 181.30 NOTE
r-release-linux-x86_64 2.2.2 2.58 86.64 89.22 NOTE
r-release-windows-ix86+x86_64 2.2.2 12.00 214.00 226.00 NOTE
r-release-osx-x86_64 2.2.2 NOTE
r-oldrel-windows-ix86+x86_64 2.2.2 15.00 319.00 334.00 OK
r-oldrel-osx-x86_64 2.2.2 OK

Check Details

Version: 2.2.2
Check: DESCRIPTION meta-information
Result: NOTE
    BugReports field is not a suitable URL but contains an email address
     which will be used as from R 3.4.0
Flavors: r-devel-linux-x86_64-debian-clang, r-devel-linux-x86_64-debian-gcc, r-devel-linux-x86_64-fedora-clang, r-devel-linux-x86_64-fedora-gcc, r-devel-windows-ix86+x86_64, r-patched-linux-x86_64, r-patched-solaris-x86, r-release-linux-x86_64, r-release-windows-ix86+x86_64, r-release-osx-x86_64

Version: 2.2.2
Check: compiled code
Result: NOTE
    File ‘changepoint/libs/changepoint.so’:
     Found no calls to: ‘R_registerRoutines’, ‘R_useDynamicSymbols’
    
    It is good practice to register native routines and to disable symbol
    search.
    
    See ‘Writing portable packages’ in the ‘Writing R Extensions’ manual.
Flavors: r-devel-linux-x86_64-debian-clang, r-devel-linux-x86_64-debian-gcc, r-devel-linux-x86_64-fedora-clang, r-devel-linux-x86_64-fedora-gcc, r-patched-linux-x86_64, r-release-linux-x86_64