CRAN Package Check Results for Package changepoint

Last updated on 2015-09-03 18:46:58.

Flavor Version Tinstall Tcheck Ttotal Status Flags
r-devel-linux-x86_64-debian-clang 2.0.1 2.20 73.96 76.16 OK
r-devel-linux-x86_64-debian-gcc 2.0.1 2.17 74.48 76.65 OK
r-devel-linux-x86_64-fedora-clang 2.0.1 153.24 OK
r-devel-linux-x86_64-fedora-gcc 2.0.1 148.44 OK
r-devel-osx-x86_64-clang 2.0.1 134.50 OK
r-devel-windows-ix86+x86_64 2.0.1 21.00 210.00 231.00 OK
r-patched-linux-x86_64 2.0.1 2.25 74.00 76.24 OK
r-patched-solaris-sparc 2.0.1 893.50 OK
r-patched-solaris-x86 2.0.1 207.00 OK
r-release-linux-x86_64 2.0.1 2.21 73.72 75.92 OK
r-release-osx-x86_64-mavericks 2.0.1 OK
r-release-windows-ix86+x86_64 2.0.1 14.00 211.00 225.00 OK
r-oldrel-windows-ix86+x86_64 2.0.1 15.00 248.00 263.00 NOTE

Check Details

Version: 2.0.1
Check: DESCRIPTION meta-information
Result: NOTE
    Authors@R field gives persons with no valid roles:
     Jamie Lee [ctr]
Flavor: r-oldrel-windows-ix86+x86_64