CRAN Package Check Results for Package changepoint

Last updated on 2015-08-02 09:46:53.

Flavor Version Tinstall Tcheck Ttotal Status Flags
r-devel-linux-x86_64-debian-clang 2.0.1 2.31 75.71 78.02 OK
r-devel-linux-x86_64-debian-gcc 2.0.1 2.36 73.38 75.74 OK
r-devel-linux-x86_64-fedora-clang 2.0.1 156.55 OK
r-devel-linux-x86_64-fedora-gcc 2.0.1 142.81 OK
r-devel-osx-x86_64-clang 2.0.1 133.53 OK
r-devel-windows-ix86+x86_64 2.0.1 13.00 210.00 223.00 OK
r-patched-linux-x86_64 2.0.1 2.30 79.22 81.52 OK
r-patched-solaris-sparc 2.0.1 893.50 OK
r-patched-solaris-x86 2.0.1 208.50 OK
r-release-linux-x86_64 2.0.1 2.20 73.79 75.99 OK
r-release-osx-x86_64-mavericks 2.0.1 OK
r-release-windows-ix86+x86_64 2.0.1 14.00 221.00 235.00 OK
r-oldrel-windows-ix86+x86_64 2.0.1 17.00 226.00 243.00 NOTE

Check Details

Version: 2.0.1
Check: DESCRIPTION meta-information
Result: NOTE
    Authors@R field gives persons with no valid roles:
     Jamie Lee [ctr]
Flavor: r-oldrel-windows-ix86+x86_64