CRAN Package Check Results for Package changepoint

Last updated on 2015-05-28 12:47:43.

Flavor Version Tinstall Tcheck Ttotal Status Flags
r-devel-linux-x86_64-debian-clang 1.1.5 2.66 34.88 37.54 OK
r-devel-linux-x86_64-debian-gcc 1.1.5 2.87 32.45 35.32 OK
r-devel-linux-x86_64-fedora-clang 1.1.5 71.58 OK
r-devel-linux-x86_64-fedora-gcc 1.1.5 67.13 OK
r-devel-osx-x86_64-clang 1.1.5 61.97 OK
r-devel-windows-ix86+x86_64 1.1.5 12.00 67.00 79.00 OK
r-patched-linux-x86_64 1.1.5 2.66 32.89 35.55 OK
r-patched-solaris-sparc 1.1.5 459.50 OK
r-patched-solaris-x86 1.1.5 90.70 OK
r-release-linux-x86_64 1.1.5 2.74 34.58 37.32 OK
r-release-osx-x86_64-mavericks 1.1.5 OK
r-release-osx-x86_64-snowleopard 1.1.5 ERROR
r-release-windows-ix86+x86_64 1.1.5 11.00 65.00 76.00 OK
r-oldrel-windows-ix86+x86_64 1.1.5 10.00 69.00 79.00 OK

Check Details

Version: 1.1.5
Check: package dependencies
Result: ERROR
    Package required but not available: ‘zoo’
    
    See section ‘The DESCRIPTION file’ in the ‘Writing R Extensions’
    manual.
Flavor: r-release-osx-x86_64-snowleopard