CRAN Package Check Results for Package changepoint

Last updated on 2015-04-28 11:48:19.

Flavor Version Tinstall Tcheck Ttotal Status Flags
r-devel-linux-x86_64-debian-clang 1.1.5 2.64 33.66 36.30 OK
r-devel-linux-x86_64-debian-gcc 1.1.5 2.72 33.28 36.00 OK
r-devel-linux-x86_64-fedora-clang 1.1.5 71.00 OK
r-devel-linux-x86_64-fedora-gcc 1.1.5 67.35 OK
r-devel-osx-x86_64-clang 1.1.5 62.62 OK
r-devel-windows-ix86+x86_64 1.1.5 14.00 65.00 79.00 OK
r-patched-linux-x86_64 1.1.5 2.71 34.18 36.89 OK
r-patched-solaris-sparc 1.1.5 474.70 OK
r-patched-solaris-x86 1.1.5 89.60 OK
r-release-linux-x86_64 1.1.5 2.62 33.28 35.90 OK
r-release-osx-x86_64-mavericks 1.1.5 OK
r-release-osx-x86_64-snowleopard 1.1.5 ERROR
r-release-windows-ix86+x86_64 1.1.5 12.00 70.00 82.00 OK
r-oldrel-windows-ix86+x86_64 1.1.5 8.00 63.00 71.00 OK

Check Details

Version: 1.1.5
Check: package dependencies
Result: ERROR
    Package required but not available: ‘zoo’
    
    See section ‘The DESCRIPTION file’ in the ‘Writing R Extensions’
    manual.
Flavor: r-release-osx-x86_64-snowleopard