CRAN Package Check Results for Package changepoint

Last updated on 2014-04-23 20:47:09.

Flavor Version Tinstall Tcheck Ttotal Status Flags
r-devel-linux-x86_64-debian-clang 1.1.2 2.78 36.73 39.50 OK
r-devel-linux-x86_64-debian-gcc 1.1.2 2.90 36.62 39.52 OK
r-devel-linux-x86_64-fedora-clang 1.1.2 78.33 OK
r-devel-linux-x86_64-fedora-gcc 1.1.2 75.55 OK
r-devel-osx-x86_64-clang 1.1.2 63.15 OK
r-devel-osx-x86_64-gcc 1.1.2 ERROR
r-devel-windows-ix86+x86_64 1.1.2 11.00 77.00 88.00 OK
r-patched-linux-x86_64 1.1.2 3.05 36.65 39.70 OK
r-patched-solaris-sparc 1.1.2 436.20 OK
r-patched-solaris-x86 1.1.2 96.10 OK
r-release-linux-ix86 1.1.2 5.00 62.00 67.00 OK
r-release-linux-x86_64 1.1.2 2.88 38.03 40.91 OK
r-release-osx-x86_64-mavericks 1.1.2 OK
r-release-osx-x86_64-snowleopard 1.1.2 OK
r-release-windows-ix86+x86_64 1.1.2 10.00 78.00 88.00 OK
r-oldrel-windows-ix86+x86_64 1.1.2 10.00 78.00 88.00 OK

Check Details

Version: 1.1.2
Check: package dependencies
Result: ERROR
    Package required but not available: ‘zoo’
    
    See the information on DESCRIPTION files in the chapter ‘Creating R
    packages’ of the ‘Writing R Extensions’ manual.
Flavor: r-devel-osx-x86_64-gcc