CRAN Package Check Results for Package changepoint

Last updated on 2016-05-01 06:50:15.

Flavor Version Tinstall Tcheck Ttotal Status Flags
r-devel-linux-x86_64-debian-gcc 2.2.1 2.34 82.62 84.96 OK
r-devel-linux-x86_64-fedora-clang 2.2.1 162.03 OK
r-devel-linux-x86_64-fedora-gcc 2.2.1 151.56 OK
r-devel-osx-x86_64-clang 2.2.1 161.91 OK
r-devel-windows-ix86+x86_64 2.2.1 10.00 240.00 250.00 OK
r-patched-linux-x86_64 2.2.1 2.22 86.75 88.98 OK
r-patched-solaris-sparc 2.2.1 1005.40 OK
r-patched-solaris-x86 2.2.1 224.70 OK
r-release-linux-x86_64 2.2.1 2.34 84.37 86.71 OK
r-release-osx-x86_64-mavericks 2.2.1 OK
r-release-windows-ix86+x86_64 2.2.1 20.00 276.00 296.00 OK
r-oldrel-windows-ix86+x86_64 2.2.1 22.00 290.00 312.00 NOTE

Check Details

Version: 2.2.1
Check: DESCRIPTION meta-information
Result: NOTE
    Authors@R field gives persons with no valid roles:
     Jamie Lee [ctr]
Flavor: r-oldrel-windows-ix86+x86_64