CRAN Package Check Results for Package changepoint

Last updated on 2017-09-23 17:47:44.

Flavor Version Tinstall Tcheck Ttotal Status Flags
r-devel-linux-x86_64-debian-clang 2.2.2 2.75 80.28 83.03 NOTE
r-devel-linux-x86_64-debian-gcc 2.2.2 2.81 81.68 84.49 NOTE
r-devel-linux-x86_64-fedora-clang 2.2.2 162.70 NOTE
r-devel-linux-x86_64-fedora-gcc 2.2.2 165.35 NOTE
r-devel-windows-ix86+x86_64 2.2.2 13.00 214.00 227.00 NOTE
r-patched-linux-x86_64 2.2.2 2.60 77.51 80.11 NOTE
r-patched-solaris-x86 2.2.2 185.30 NOTE
r-release-linux-x86_64 2.2.2 2.68 77.75 80.43 NOTE
r-release-windows-ix86+x86_64 2.2.2 13.00 200.00 213.00 NOTE
r-release-osx-x86_64 2.2.2 NOTE
r-oldrel-windows-ix86+x86_64 2.2.2 10.00 249.00 259.00 OK
r-oldrel-osx-x86_64 2.2.2 OK

Check Details

Version: 2.2.2
Check: DESCRIPTION meta-information
Result: NOTE
    BugReports field is not a suitable URL but contains an email address
     which will be used as from R 3.4.0
Flavors: r-devel-linux-x86_64-debian-clang, r-devel-linux-x86_64-debian-gcc, r-devel-linux-x86_64-fedora-clang, r-devel-linux-x86_64-fedora-gcc, r-devel-windows-ix86+x86_64, r-patched-linux-x86_64, r-patched-solaris-x86, r-release-linux-x86_64, r-release-windows-ix86+x86_64, r-release-osx-x86_64

Version: 2.2.2
Check: compiled code
Result: NOTE
    File ‘changepoint/libs/changepoint.so’:
     Found no calls to: ‘R_registerRoutines’, ‘R_useDynamicSymbols’
    
    It is good practice to register native routines and to disable symbol
    search.
    
    See ‘Writing portable packages’ in the ‘Writing R Extensions’ manual.
Flavors: r-devel-linux-x86_64-debian-clang, r-devel-linux-x86_64-debian-gcc, r-devel-linux-x86_64-fedora-clang, r-devel-linux-x86_64-fedora-gcc, r-patched-linux-x86_64, r-release-linux-x86_64