CRAN Package Check Results for Package changepoint

Last updated on 2018-02-22 01:49:39 CET.

Flavor Version Tinstall Tcheck Ttotal Status Flags
r-devel-linux-x86_64-debian-clang 2.2.2 8.88 113.37 122.25 NOTE
r-devel-linux-x86_64-debian-gcc 2.2.2 4.92 101.56 106.48 NOTE
r-devel-linux-x86_64-fedora-clang 2.2.2 168.06 NOTE
r-devel-linux-x86_64-fedora-gcc 2.2.2 183.63 NOTE
r-devel-windows-ix86+x86_64 2.2.2 24.00 225.00 249.00 NOTE
r-patched-linux-x86_64 2.2.2 3.54 146.90 150.44 NOTE
r-patched-solaris-x86 2.2.2 205.10 NOTE
r-release-linux-x86_64 2.2.2 3.67 138.59 142.26 NOTE
r-release-windows-ix86+x86_64 2.2.2 12.00 321.00 333.00 NOTE
r-release-osx-x86_64 2.2.2 NOTE
r-oldrel-windows-ix86+x86_64 2.2.2 11.00 261.00 272.00 OK
r-oldrel-osx-x86_64 2.2.2 OK

Check Details

Version: 2.2.2
Check: DESCRIPTION meta-information
Result: NOTE
    BugReports field is not a suitable URL but contains an email address
     which will be used as from R 3.4.0
Flavors: r-devel-linux-x86_64-debian-clang, r-devel-linux-x86_64-debian-gcc, r-devel-linux-x86_64-fedora-clang, r-devel-linux-x86_64-fedora-gcc, r-devel-windows-ix86+x86_64, r-patched-linux-x86_64, r-patched-solaris-x86, r-release-linux-x86_64, r-release-windows-ix86+x86_64, r-release-osx-x86_64

Version: 2.2.2
Check: compiled code
Result: NOTE
    File ‘changepoint/libs/changepoint.so’:
     Found no calls to: ‘R_registerRoutines’, ‘R_useDynamicSymbols’
    
    It is good practice to register native routines and to disable symbol
    search.
    
    See ‘Writing portable packages’ in the ‘Writing R Extensions’ manual.
Flavors: r-devel-linux-x86_64-debian-clang, r-devel-linux-x86_64-debian-gcc, r-devel-linux-x86_64-fedora-clang, r-devel-linux-x86_64-fedora-gcc, r-patched-linux-x86_64, r-release-linux-x86_64