CRAN Package Check Results for Package changepoint

Last updated on 2016-02-09 18:49:06.

Flavor Version Tinstall Tcheck Ttotal Status Flags
r-devel-linux-x86_64-debian-gcc 2.2 2.22 80.73 82.95 OK
r-devel-linux-x86_64-fedora-clang 2.2 165.11 OK
r-devel-linux-x86_64-fedora-gcc 2.2 157.94 OK
r-devel-osx-x86_64-clang 2.2 176.91 OK
r-devel-windows-ix86+x86_64 2.2 17.00 288.00 305.00 OK
r-patched-linux-x86_64 2.2 2.49 78.60 81.09 OK
r-patched-solaris-sparc 2.2 920.00 OK
r-patched-solaris-x86 2.2 192.40 OK
r-release-linux-x86_64 2.2 2.42 77.24 79.66 OK
r-release-osx-x86_64-mavericks 2.2 OK
r-release-windows-ix86+x86_64 2.2 14.00 203.00 217.00 OK
r-oldrel-windows-ix86+x86_64 2.2 17.00 279.00 296.00 NOTE

Check Details

Version: 2.2
Check: DESCRIPTION meta-information
Result: NOTE
    Authors@R field gives persons with no valid roles:
     Jamie Lee [ctr]
Flavor: r-oldrel-windows-ix86+x86_64