CRAN Package Check Results for Package changepoint

Last updated on 2017-11-23 11:52:03 CET.

Flavor Version Tinstall Tcheck Ttotal Status Flags
r-devel-linux-x86_64-debian-clang 2.2.2 2.46 139.51 141.97 NOTE
r-devel-linux-x86_64-debian-gcc 2.2.2 3.96 163.56 167.52 NOTE
r-devel-linux-x86_64-fedora-clang 2.2.2 156.60 NOTE
r-devel-linux-x86_64-fedora-gcc 2.2.2 157.12 NOTE
r-devel-windows-ix86+x86_64 2.2.2 11.00 288.00 299.00 NOTE
r-patched-linux-x86_64 2.2.2 3.52 200.96 204.47 NOTE
r-patched-solaris-x86 2.2.2 177.80 NOTE
r-release-linux-x86_64 2.2.2 2.68 80.76 83.43 NOTE
r-release-windows-ix86+x86_64 2.2.2 10.00 190.00 200.00 NOTE
r-release-osx-x86_64 2.2.2 NOTE
r-oldrel-windows-ix86+x86_64 2.2.2 11.00 237.00 248.00 OK
r-oldrel-osx-x86_64 2.2.2 OK

Check Details

Version: 2.2.2
Check: DESCRIPTION meta-information
Result: NOTE
    BugReports field is not a suitable URL but contains an email address
     which will be used as from R 3.4.0
Flavors: r-devel-linux-x86_64-debian-clang, r-devel-linux-x86_64-debian-gcc, r-devel-linux-x86_64-fedora-clang, r-devel-linux-x86_64-fedora-gcc, r-devel-windows-ix86+x86_64, r-patched-linux-x86_64, r-patched-solaris-x86, r-release-linux-x86_64, r-release-windows-ix86+x86_64, r-release-osx-x86_64

Version: 2.2.2
Check: compiled code
Result: NOTE
    File ‘changepoint/libs/changepoint.so’:
     Found no calls to: ‘R_registerRoutines’, ‘R_useDynamicSymbols’
    
    It is good practice to register native routines and to disable symbol
    search.
    
    See ‘Writing portable packages’ in the ‘Writing R Extensions’ manual.
Flavors: r-devel-linux-x86_64-debian-clang, r-devel-linux-x86_64-debian-gcc, r-devel-linux-x86_64-fedora-clang, r-devel-linux-x86_64-fedora-gcc, r-patched-linux-x86_64, r-release-linux-x86_64