CRAN Package Check Results for Package changepoint

Last updated on 2017-02-21 03:49:13.

Flavor Version Tinstall Tcheck Ttotal Status Flags
r-devel-linux-x86_64-debian-clang 2.2.2 2.75 79.04 81.79 NOTE
r-devel-linux-x86_64-debian-gcc 2.2.2 2.50 77.73 80.23 NOTE
r-devel-linux-x86_64-fedora-clang 2.2.2 155.14 NOTE --no-stop-on-test-error
r-devel-linux-x86_64-fedora-gcc 2.2.2 149.40 NOTE --no-stop-on-test-error
r-devel-macos-x86_64-clang 2.2.2 123.51 NOTE --no-stop-on-test-error
r-devel-windows-ix86+x86_64 2.2.2 10.00 276.00 286.00 NOTE
r-patched-linux-x86_64 2.2.2 2.34 90.87 93.21 OK
r-patched-solaris-sparc 2.2.2 1108.70 OK
r-patched-solaris-x86 2.2.2 224.70 OK
r-release-linux-x86_64 2.2.2 2.46 92.63 95.09 OK
r-release-osx-x86_64-mavericks 2.2.2 OK
r-release-windows-ix86+x86_64 2.2.2 12.00 314.00 326.00 OK
r-oldrel-windows-ix86+x86_64 2.2.2 12.00 316.00 328.00 OK

Check Details

Version: 2.2.2
Check: DESCRIPTION meta-information
Result: NOTE
    BugReports field is not a suitable URL but contains an email address
     which will be used as from R 3.4.0
Flavors: r-devel-linux-x86_64-debian-clang, r-devel-linux-x86_64-debian-gcc, r-devel-windows-ix86+x86_64

Version: 2.2.2
Check: compiled code
Result: NOTE
    File ‘changepoint/libs/changepoint.so’:
     Found no calls to: ‘R_registerRoutines’, ‘R_useDynamicSymbols’
    
    It is good practice to register native routines and to disable symbol
    search.
    
    See ‘Writing portable packages’ in the ‘Writing R Extensions’ manual.
Flavors: r-devel-linux-x86_64-debian-clang, r-devel-linux-x86_64-debian-gcc

Version: 2.2.2
Flags: --no-stop-on-test-error
Check: DESCRIPTION meta-information
Result: NOTE
    BugReports field is not a suitable URL but contains an email address
     which will be used as from R 3.4.0
Flavors: r-devel-linux-x86_64-fedora-clang, r-devel-linux-x86_64-fedora-gcc, r-devel-macos-x86_64-clang

Version: 2.2.2
Flags: --no-stop-on-test-error
Check: compiled code
Result: NOTE
    File ‘changepoint/libs/changepoint.so’:
     Found no calls to: ‘R_registerRoutines’, ‘R_useDynamicSymbols’
    
    It is good practice to register native routines and to disable symbol
    search.
    
    See ‘Writing portable packages’ in the ‘Writing R Extensions’ manual.
Flavors: r-devel-linux-x86_64-fedora-clang, r-devel-linux-x86_64-fedora-gcc, r-devel-macos-x86_64-clang