CRAN Package Check Results for Package changepoint

Last updated on 2017-01-22 23:48:14.

Flavor Version Tinstall Tcheck Ttotal Status Flags
r-devel-linux-x86_64-debian-clang 2.2.2 2.78 82.64 85.42 NOTE
r-devel-linux-x86_64-debian-gcc 2.2.2 2.68 81.62 84.31 NOTE
r-devel-linux-x86_64-fedora-clang 2.2.2 163.40 NOTE --no-stop-on-test-error
r-devel-linux-x86_64-fedora-gcc 2.2.2 159.12 NOTE --no-stop-on-test-error
r-devel-macos-x86_64-clang 2.2.2 133.76 NOTE --no-stop-on-test-error
r-devel-windows-ix86+x86_64 2.2.2 11.00 238.00 249.00 NOTE
r-patched-linux-x86_64 2.2.2 2.36 88.97 91.33 OK
r-patched-solaris-sparc 2.2.2 1108.70 OK
r-patched-solaris-x86 2.2.2 222.60 OK
r-release-linux-x86_64 2.2.2 2.28 92.19 94.48 OK
r-release-osx-x86_64-mavericks 2.2.2 OK
r-release-windows-ix86+x86_64 2.2.2 26.00 254.00 280.00 OK
r-oldrel-windows-ix86+x86_64 2.2.2 27.00 304.00 331.00 OK

Check Details

Version: 2.2.2
Check: DESCRIPTION meta-information
Result: NOTE
    BugReports field is not a suitable URL but contains an email address
     which will be used as from R 3.4.0
Flavors: r-devel-linux-x86_64-debian-clang, r-devel-linux-x86_64-debian-gcc, r-devel-windows-ix86+x86_64

Version: 2.2.2
Flags: --no-stop-on-test-error
Check: DESCRIPTION meta-information
Result: NOTE
    BugReports field is not a suitable URL but contains an email address
     which will be used as from R 3.4.0
Flavors: r-devel-linux-x86_64-fedora-clang, r-devel-linux-x86_64-fedora-gcc, r-devel-macos-x86_64-clang