CRAN Package Check Results for Package changepoint

Last updated on 2015-07-08 03:47:57.

Flavor Version Tinstall Tcheck Ttotal Status Flags
r-devel-linux-x86_64-debian-clang 1.1.5 2.66 34.24 36.90 NOTE
r-devel-linux-x86_64-debian-gcc 1.1.5 2.70 33.34 36.04 NOTE
r-devel-linux-x86_64-fedora-clang 1.1.5 70.32 NOTE
r-devel-linux-x86_64-fedora-gcc 1.1.5 68.62 NOTE
r-devel-osx-x86_64-clang 1.1.5 59.63 OK
r-devel-windows-ix86+x86_64 1.1.5 22.00 74.00 96.00 NOTE
r-patched-linux-x86_64 1.1.5 2.70 32.62 35.31 OK
r-patched-solaris-sparc 1.1.5 459.50 OK
r-patched-solaris-x86 1.1.5 90.10 OK
r-release-linux-x86_64 1.1.5 2.96 32.89 35.86 OK
r-release-osx-x86_64-mavericks 1.1.5 OK
r-release-windows-ix86+x86_64 1.1.5 17.00 66.00 83.00 OK
r-oldrel-windows-ix86+x86_64 1.1.5 11.00 71.00 82.00 OK

Check Details

Version: 1.1.5
Check: R code for possible problems
Result: NOTE
    multiple.mean.cusum: no visible global function definition for ‘ts’
    multiple.mean.norm: no visible global function definition for ‘ts’
    multiple.meanvar.exp: no visible global function definition for ‘ts’
    multiple.meanvar.gamma: no visible global function definition for ‘ts’
    multiple.meanvar.norm: no visible global function definition for ‘ts’
    multiple.meanvar.poisson: no visible global function definition for
     ‘ts’
    multiple.var.norm: no visible global function definition for ‘ts’
    single.mean.cusum: no visible global function definition for ‘ts’
    single.mean.norm: no visible global function definition for ‘ts’
    single.meanvar.exp: no visible global function definition for ‘ts’
    single.meanvar.gamma: no visible global function definition for ‘ts’
    single.meanvar.norm: no visible global function definition for ‘ts’
    single.meanvar.poisson: no visible global function definition for ‘ts’
    single.var.css: no visible global function definition for ‘ts’
    single.var.norm: no visible global function definition for ‘ts’
    data.set<-,cpt: no visible global function definition for ‘is.ts’
    data.set<-,cpt: no visible global function definition for ‘ts’
    data.set<-,cpt.reg: no visible global function definition for ‘is.ts’
    data.set<-,cpt.reg: no visible global function definition for ‘ts’
    param,cpt : param.var: no visible global function definition for ‘var’
    Undefined global functions or variables:
     is.ts ts var
Flavors: r-devel-linux-x86_64-debian-clang, r-devel-linux-x86_64-debian-gcc, r-devel-linux-x86_64-fedora-clang, r-devel-linux-x86_64-fedora-gcc, r-devel-windows-ix86+x86_64