CRAN Package Check Results for Package chebpol

Last updated on 2014-08-21 19:48:42.

Flavor Version Tinstall Tcheck Ttotal Status Flags
r-devel-linux-x86_64-debian-clang 1.3-1040 1.58 24.22 25.80 OK
r-devel-linux-x86_64-debian-gcc 1.3-1040 2.16 23.88 26.04 OK
r-devel-linux-x86_64-fedora-clang 1.3-1040 49.09 NOTE
r-devel-linux-x86_64-fedora-gcc 1.3-1040 47.15 NOTE
r-devel-osx-x86_64-clang 1.3-1040 47.31 OK
r-devel-windows-ix86+x86_64 1.3-1040 7.00 59.00 66.00 OK
r-patched-linux-x86_64 1.3-1040 2.18 23.98 26.17 OK
r-patched-solaris-sparc 1.3-1040 253.20 OK
r-patched-solaris-x86 1.3-1040 69.70 OK
r-release-linux-ix86 1.3-1040 2.82 35.06 37.88 OK
r-release-linux-x86_64 1.3-1040 2.21 24.45 26.66 OK
r-release-osx-x86_64-mavericks 1.3-1040 OK
r-release-windows-ix86+x86_64 1.3-1040 10.00 58.00 68.00 OK
r-oldrel-windows-ix86+x86_64 1.3-1040 6.00 65.00 71.00 OK

Check Details

Version: 1.3-1040
Check: top-level files
Result: NOTE
    Non-standard file/directory found at top level:
     ‘aclocal.m4’
Flavors: r-devel-linux-x86_64-fedora-clang, r-devel-linux-x86_64-fedora-gcc