CRAN Package Check Results for Package chebpol

Last updated on 2015-08-28 10:48:55.

Flavor Version Tinstall Tcheck Ttotal Status Flags
r-devel-linux-x86_64-debian-clang 1.3-1367 1.72 14.92 16.64 NOTE
r-devel-linux-x86_64-debian-gcc 1.3-1367 2.14 14.44 16.58 NOTE
r-devel-linux-x86_64-fedora-clang 1.3-1367 31.25 NOTE
r-devel-linux-x86_64-fedora-gcc 1.3-1367 29.90 NOTE
r-devel-osx-x86_64-clang 1.3-1367 28.62 OK
r-devel-windows-ix86+x86_64 1.3-1367 11.00 59.00 70.00 NOTE
r-patched-linux-x86_64 1.3-1367 2.24 15.08 17.33 OK
r-patched-solaris-sparc 1.3-1367 216.20 OK
r-patched-solaris-x86 1.3-1367 46.00 OK
r-release-linux-x86_64 1.3-1367 2.29 15.09 17.38 OK
r-release-osx-x86_64-mavericks 1.3-1367 OK
r-release-windows-ix86+x86_64 1.3-1367 7.00 52.00 59.00 OK
r-oldrel-windows-ix86+x86_64 1.3-1367 10.00 44.00 54.00 OK

Check Details

Version: 1.3-1367
Check: R code for possible problems
Result: NOTE
    chebappxg: no visible binding for global variable ‘splinefun’
    polyh: no visible global function definition for ‘lm.fit’
    Undefined global functions or variables:
     lm.fit splinefun
    Consider adding
     importFrom("stats", "lm.fit", "splinefun")
    to your NAMESPACE.
Flavors: r-devel-linux-x86_64-debian-clang, r-devel-linux-x86_64-debian-gcc, r-devel-linux-x86_64-fedora-clang, r-devel-linux-x86_64-fedora-gcc, r-devel-windows-ix86+x86_64