CRAN Package Check Results for Package chebpol

Last updated on 2014-07-23 17:48:54.

Flavor Version Tinstall Tcheck Ttotal Status Flags
r-devel-linux-x86_64-debian-clang 1.3-1040 1.57 23.94 25.51 OK
r-devel-linux-x86_64-debian-gcc 1.3-1040 2.14 24.68 26.81 OK
r-devel-linux-x86_64-fedora-clang 1.3-1040 49.80 NOTE
r-devel-linux-x86_64-fedora-gcc 1.3-1040 48.15 NOTE
r-devel-osx-x86_64-clang 1.3-1040 46.71 OK
r-devel-windows-ix86+x86_64 1.3-1040 6.00 59.00 65.00 OK
r-patched-linux-x86_64 1.3-1040 2.11 24.02 26.13 OK
r-patched-solaris-sparc 1.3-1040 209.20 OK
r-patched-solaris-x86 1.3-1040 68.60 OK
r-release-linux-ix86 1.3-1040 2.74 34.87 37.60 OK
r-release-linux-x86_64 1.3-1040 2.33 24.25 26.58 OK
r-release-osx-x86_64-mavericks 1.3-1040 OK
r-release-windows-ix86+x86_64 1.3-1040 10.00 58.00 68.00 OK
r-oldrel-windows-ix86+x86_64 1.3-1040 6.00 65.00 71.00 OK

Check Details

Version: 1.3-1040
Check: top-level files
Result: NOTE
    Non-standard file/directory found at top level:
     ‘aclocal.m4’
Flavors: r-devel-linux-x86_64-fedora-clang, r-devel-linux-x86_64-fedora-gcc