CRAN Package Check Results for Package chebpol

Last updated on 2015-07-07 17:47:28.

Flavor Version Tinstall Tcheck Ttotal Status Flags
r-devel-linux-x86_64-debian-clang 1.3-1367 1.64 14.60 16.23 NOTE
r-devel-linux-x86_64-debian-gcc 1.3-1367 2.12 14.60 16.72 NOTE
r-devel-linux-x86_64-fedora-clang 1.3-1367 31.74 NOTE
r-devel-linux-x86_64-fedora-gcc 1.3-1367 30.82 NOTE
r-devel-osx-x86_64-clang 1.3-1367 30.98 OK
r-devel-windows-ix86+x86_64 1.3-1367 8.00 38.00 46.00 NOTE
r-patched-linux-x86_64 1.3-1367 2.18 15.32 17.50 OK
r-patched-solaris-sparc 1.3-1367 220.00 OK
r-patched-solaris-x86 1.3-1367 44.70 OK
r-release-linux-x86_64 1.3-1367 2.15 14.98 17.13 OK
r-release-osx-x86_64-mavericks 1.3-1367 OK
r-release-windows-ix86+x86_64 1.3-1367 6.00 42.00 48.00 OK
r-oldrel-windows-ix86+x86_64 1.3-1367 10.00 44.00 54.00 OK

Check Details

Version: 1.3-1367
Check: R code for possible problems
Result: NOTE
    chebappxg: no visible binding for global variable ‘splinefun’
    polyh: no visible global function definition for ‘lm.fit’
    Undefined global functions or variables:
     lm.fit splinefun
Flavors: r-devel-linux-x86_64-debian-clang, r-devel-linux-x86_64-debian-gcc, r-devel-linux-x86_64-fedora-clang, r-devel-linux-x86_64-fedora-gcc, r-devel-windows-ix86+x86_64