CRAN Package Check Results for Package chebpol

Last updated on 2014-04-18 11:47:14.

Flavor Version Tinstall Tcheck Ttotal Status Flags
r-devel-linux-x86_64-debian-clang 1.3-1040 1.59 25.02 26.61 OK
r-devel-linux-x86_64-debian-gcc OK
r-devel-linux-x86_64-fedora-clang 1.3-1040 49.44 NOTE
r-devel-linux-x86_64-fedora-gcc 1.3-1040 43.43 NOTE
r-devel-macosx-x86_64-clang 1.3-1040 47.46 OK
r-devel-macosx-x86_64-gcc 1.3-1040 OK
r-devel-windows-ix86+x86_64 1.3-1040 6.00 73.00 79.00 OK
r-patched-linux-x86_64 1.3-1040 2.24 24.72 26.96 OK
r-patched-solaris-sparc 1.3-1040 209.20 OK
r-patched-solaris-x86 1.3-1040 69.10 OK
r-release-linux-ix86 1.3-1040 5.00 42.00 47.00 OK
r-release-linux-x86_64 1.3-1040 2.19 24.94 27.13 OK
r-release-windows-ix86+x86_64 1.3-1040 13.00 72.00 85.00 OK
r-oldrel-windows-ix86+x86_64 1.3-1040 6.00 65.00 71.00 OK

Check Details

Version: 1.3-1040
Check: top-level files
Result: NOTE
    Non-standard file/directory found at top level:
     ‘aclocal.m4’
Flavors: r-devel-linux-x86_64-fedora-clang, r-devel-linux-x86_64-fedora-gcc