CRAN Package Check Results for Package chem16S

Last updated on 2024-04-13 00:56:21 CEST.

Flavor Version Tinstall Tcheck Ttotal Status Flags
r-devel-linux-x86_64-debian-clang 1.0.0 6.22 219.64 225.86 NOTE
r-devel-linux-x86_64-debian-gcc 1.0.0 6.22 163.96 170.18 NOTE
r-devel-linux-x86_64-fedora-clang 1.0.0 258.67 NOTE
r-devel-linux-x86_64-fedora-gcc 1.0.0 285.10 NOTE
r-devel-windows-x86_64 1.0.0 9.00 166.00 175.00 NOTE
r-patched-linux-x86_64 1.0.0 11.11 207.51 218.62 NOTE
r-release-linux-x86_64 1.0.0 7.40 193.92 201.32 OK
r-release-macos-arm64 1.0.0 12.00 ERROR
r-release-macos-x86_64 1.0.0 8.00 ERROR
r-release-windows-x86_64 1.0.0 11.00 206.00 217.00 OK
r-oldrel-macos-arm64 1.0.0 83.00 OK
r-oldrel-windows-x86_64 1.0.0 11.00 210.00 221.00 OK

Check Details

Version: 1.0.0
Check: Rd files
Result: NOTE checkRd: (-1) calc_metrics.Rd:22-25: Lost braces in \itemize; meant \describe ? checkRd: (-1) calc_metrics.Rd:26-29: Lost braces in \itemize; meant \describe ? checkRd: (-1) calc_metrics.Rd:30-33: Lost braces in \itemize; meant \describe ? checkRd: (-1) calc_metrics.Rd:34-37: Lost braces in \itemize; meant \describe ? checkRd: (-1) calc_metrics.Rd:38-44: Lost braces in \itemize; meant \describe ? checkRd: (-1) calc_metrics.Rd:45-48: Lost braces in \itemize; meant \describe ? checkRd: (-1) calc_metrics.Rd:49-52: Lost braces in \itemize; meant \describe ? checkRd: (-1) calc_metrics.Rd:53-55: Lost braces in \itemize; meant \describe ? checkRd: (-1) calc_metrics.Rd:56-58: Lost braces in \itemize; meant \describe ? checkRd: (-1) calc_metrics.Rd:59-61: Lost braces in \itemize; meant \describe ? checkRd: (-1) calc_metrics.Rd:62-64: Lost braces in \itemize; meant \describe ? Flavors: r-devel-linux-x86_64-debian-clang, r-devel-linux-x86_64-debian-gcc, r-devel-linux-x86_64-fedora-clang, r-devel-linux-x86_64-fedora-gcc, r-devel-windows-x86_64, r-patched-linux-x86_64

Version: 1.0.0
Check: package dependencies
Result: ERROR Package required but not available: ‘phyloseq’ See section ‘The DESCRIPTION file’ in the ‘Writing R Extensions’ manual. Flavors: r-release-macos-arm64, r-release-macos-x86_64