CRAN Package Check Results for Package chemCal

Last updated on 2014-04-24 07:52:24.

Flavor Version Tinstall Tcheck Ttotal Status Flags
r-devel-linux-x86_64-debian-clang 0.1-29 0.66 11.60 12.27 OK
r-devel-linux-x86_64-debian-gcc 0.1-29 0.64 11.80 12.44 OK
r-devel-linux-x86_64-fedora-clang 0.1-29 24.45 OK
r-devel-linux-x86_64-fedora-gcc 0.1-29 23.87 OK
r-devel-osx-x86_64-clang 0.1-29 27.17 OK
r-devel-osx-x86_64-gcc 0.1-29 OK
r-devel-windows-ix86+x86_64 0.1-29 2.00 21.00 23.00 OK
r-patched-linux-x86_64 0.1-29 0.73 11.35 12.08 OK
r-patched-solaris-sparc 0.1-29 135.40 NOTE
r-patched-solaris-x86 0.1-29 36.40 NOTE
r-release-linux-ix86 0.1-29 1.00 26.00 27.00 OK
r-release-linux-x86_64 0.1-29 0.72 12.01 12.72 OK
r-release-osx-x86_64-mavericks 0.1-29 WARN
r-release-windows-ix86+x86_64 0.1-29 2.00 21.00 23.00 OK
r-oldrel-windows-ix86+x86_64 0.1-29 3.00 23.00 26.00 OK

Check Details

Version: 0.1-29
Check: re-building of vignette outputs
Result: NOTE
    Error in re-building vignettes:
     ...
    for dir in ; do if [ -d $dir ] && [ -f $dir/Makefile ]; then cd $dir; make all; cd ..; fi; done
    sh: syntax error at line 1: `;' unexpected
    *** Error code 2
    make: Fatal error: Command failed for target `all-recursive'
    Current working directory /home/ripley/R/packages/tests32/chemCal.Rcheck/vign_test/chemCal/vignettes
    Error in buildVignettes(dir = "/home/ripley/R/packages/tests32/chemCal.Rcheck/vign_test/chemCal") :
     running 'make' failed
    Execution halted
Flavors: r-patched-solaris-sparc, r-patched-solaris-x86

Version: 0.1-29
Check: PDF version of manual
Result: WARNING
    LaTeX errors when creating PDF version.
    This typically indicates Rd problems.
    LaTeX errors found:
    ! LaTeX Error: File `upquote.sty' not found.
    
    Type X to quit or <RETURN> to proceed,
    or enter new name. (Default extension: sty)
    
    b96628d/Rd2.tex:8: ==> Fatal error occurred, no output PDF file produced!
Flavor: r-release-osx-x86_64-mavericks