CRAN Package Check Results for Package chemCal

Last updated on 2015-03-04 17:48:19.

Flavor Version Tinstall Tcheck Ttotal Status Flags
r-devel-linux-x86_64-debian-clang 0.1-34 0.58 12.69 13.26 NOTE
r-devel-linux-x86_64-debian-gcc 0.1-34 0.65 11.58 12.23 NOTE
r-devel-linux-x86_64-fedora-clang 0.1-34 23.48 NOTE
r-devel-linux-x86_64-fedora-gcc 0.1-34 22.69 NOTE
r-devel-osx-x86_64-clang 0.1-34 31.11 NOTE
r-devel-windows-ix86+x86_64 0.1-34 2.00 21.00 23.00 OK
r-patched-linux-x86_64 0.1-34 0.77 12.42 13.19 OK
r-patched-solaris-sparc 0.1-34 196.20 OK
r-patched-solaris-x86 0.1-34 38.00 OK
r-release-linux-ix86 0.1-34 0.90 20.76 21.66 OK
r-release-linux-x86_64 0.1-34 0.60 12.49 13.09 OK
r-release-osx-x86_64-mavericks 0.1-34 OK
r-release-osx-x86_64-snowleopard 0.1-34 OK
r-release-windows-ix86+x86_64 0.1-34 2.00 23.00 25.00 OK
r-oldrel-windows-ix86+x86_64 0.1-34 2.00 23.00 25.00 OK

Check Details

Version: 0.1-34
Check: S3 generic/method consistency
Result: NOTE
    Found the following apparent S3 methods exported but not registered:
     calplot.default calplot.lm inverse.predict.default lod.default
     loq.default
    See section ‘Registering S3 methods’ in the ‘Writing R Extensions’
    manual.
Flavors: r-devel-linux-x86_64-debian-clang, r-devel-linux-x86_64-debian-gcc, r-devel-linux-x86_64-fedora-clang, r-devel-linux-x86_64-fedora-gcc, r-devel-osx-x86_64-clang