CRAN Package Check Results for Package chemCal

Last updated on 2015-05-27 11:49:17.

Flavor Version Tinstall Tcheck Ttotal Status Flags
r-devel-linux-x86_64-debian-clang 0.1-34 0.58 11.76 12.33 NOTE
r-devel-linux-x86_64-debian-gcc 0.1-34 0.57 11.64 12.22 NOTE
r-devel-linux-x86_64-fedora-clang 0.1-34 24.02 NOTE
r-devel-linux-x86_64-fedora-gcc 0.1-34 22.62 NOTE
r-devel-osx-x86_64-clang 0.1-34 28.58 NOTE
r-devel-windows-ix86+x86_64 0.1-34 2.00 20.00 22.00 OK
r-patched-linux-x86_64 0.1-34 0.56 11.47 12.03 NOTE
r-patched-solaris-sparc 0.1-34 166.60 NOTE
r-patched-solaris-x86 0.1-34 34.10 NOTE
r-release-linux-x86_64 0.1-34 0.70 11.83 12.53 NOTE
r-release-osx-x86_64-mavericks 0.1-34 OK
r-release-osx-x86_64-snowleopard 0.1-34 OK
r-release-windows-ix86+x86_64 0.1-34 3.00 22.00 25.00 OK
r-oldrel-windows-ix86+x86_64 0.1-34 3.00 25.00 28.00 OK

Check Details

Version: 0.1-34
Check: S3 generic/method consistency
Result: NOTE
    Found the following apparent S3 methods exported but not registered:
     calplot.default calplot.lm inverse.predict.default lod.default
     loq.default
    See section ‘Registering S3 methods’ in the ‘Writing R Extensions’
    manual.
Flavors: r-devel-linux-x86_64-debian-clang, r-devel-linux-x86_64-debian-gcc, r-devel-linux-x86_64-fedora-clang, r-devel-linux-x86_64-fedora-gcc, r-devel-osx-x86_64-clang, r-patched-linux-x86_64, r-patched-solaris-sparc, r-patched-solaris-x86, r-release-linux-x86_64