CRAN Package Check Results for Package chemCal

Last updated on 2015-04-26 23:46:42.

Flavor Version Tinstall Tcheck Ttotal Status Flags
r-devel-linux-x86_64-debian-clang 0.1-34 0.58 12.10 12.68 NOTE
r-devel-linux-x86_64-debian-gcc 0.1-34 0.56 11.82 12.38 NOTE
r-devel-linux-x86_64-fedora-clang 0.1-34 24.32 NOTE
r-devel-linux-x86_64-fedora-gcc 0.1-34 22.65 NOTE
r-devel-osx-x86_64-clang 0.1-34 28.62 NOTE
r-devel-windows-ix86+x86_64 0.1-34 3.00 20.00 23.00 OK
r-patched-linux-x86_64 0.1-34 0.56 11.83 12.39 NOTE
r-patched-solaris-sparc 0.1-34 175.10 OK
r-patched-solaris-x86 0.1-34 33.50 NOTE
r-release-linux-x86_64 0.1-34 0.64 11.58 12.21 NOTE
r-release-osx-x86_64-mavericks 0.1-34 OK
r-release-osx-x86_64-snowleopard 0.1-34 OK
r-release-windows-ix86+x86_64 0.1-34 3.00 22.00 25.00 OK
r-oldrel-windows-ix86+x86_64 0.1-34 2.00 22.00 24.00 OK

Check Details

Version: 0.1-34
Check: S3 generic/method consistency
Result: NOTE
    Found the following apparent S3 methods exported but not registered:
     calplot.default calplot.lm inverse.predict.default lod.default
     loq.default
    See section ‘Registering S3 methods’ in the ‘Writing R Extensions’
    manual.
Flavors: r-devel-linux-x86_64-debian-clang, r-devel-linux-x86_64-fedora-clang, r-devel-linux-x86_64-fedora-gcc, r-devel-osx-x86_64-clang, r-patched-solaris-x86