CRAN Package Check Results for Package chemCal

Last updated on 2015-07-29 12:47:17.

Flavor Version Tinstall Tcheck Ttotal Status Flags
r-devel-linux-x86_64-debian-clang 0.1-34 0.54 11.88 12.43 NOTE
r-devel-linux-x86_64-debian-gcc 0.1-34 0.62 11.30 11.92 NOTE
r-devel-linux-x86_64-fedora-clang 0.1-34 23.95 NOTE
r-devel-linux-x86_64-fedora-gcc 0.1-34 21.78 NOTE
r-devel-osx-x86_64-clang 0.1-34 23.53 NOTE
r-devel-windows-ix86+x86_64 0.1-34 3.00 23.00 26.00 NOTE
r-patched-linux-x86_64 0.1-34 0.56 12.00 12.57 NOTE
r-patched-solaris-sparc 0.1-34 158.80 NOTE
r-patched-solaris-x86 0.1-34 34.40 NOTE
r-release-linux-x86_64 0.1-34 0.56 11.60 12.15 NOTE
r-release-osx-x86_64-mavericks 0.1-34 OK
r-release-windows-ix86+x86_64 0.1-34 3.00 23.00 26.00 OK
r-oldrel-windows-ix86+x86_64 0.1-34 4.00 36.00 40.00 OK

Check Details

Version: 0.1-34
Check: S3 generic/method consistency
Result: NOTE
    Found the following apparent S3 methods exported but not registered:
     calplot.default calplot.lm inverse.predict.default lod.default
     loq.default
    See section ‘Registering S3 methods’ in the ‘Writing R Extensions’
    manual.
Flavors: r-devel-linux-x86_64-debian-clang, r-devel-linux-x86_64-debian-gcc, r-devel-linux-x86_64-fedora-clang, r-devel-linux-x86_64-fedora-gcc, r-devel-osx-x86_64-clang, r-patched-linux-x86_64, r-patched-solaris-sparc, r-patched-solaris-x86, r-release-linux-x86_64

Version: 0.1-34
Check: R code for possible problems
Result: NOTE
    .inverse.predict: no visible global function definition for ‘qt’
    calplot.lm: no visible global function definition for ‘predict’
    calplot.lm: no visible global function definition for ‘plot’
    calplot.lm: no visible global function definition for ‘points’
    calplot.lm: no visible global function definition for ‘matlines’
    calplot.lm: no visible global function definition for ‘legend’
    lod.lm: no visible global function definition for ‘predict’
    lod.lm : f: no visible global function definition for ‘predict’
    lod.lm: no visible global function definition for ‘optimize’
    loq.lm : f: no visible global function definition for ‘predict’
    loq.lm: no visible global function definition for ‘optimize’
    loq.lm: no visible global function definition for ‘predict’
    Undefined global functions or variables:
     legend matlines optimize plot points predict qt
    Consider adding
     importFrom("graphics", "legend", "matlines", "plot", "points")
     importFrom("stats", "optimize", "predict", "qt")
    to your NAMESPACE.
Flavors: r-devel-linux-x86_64-debian-clang, r-devel-linux-x86_64-debian-gcc, r-devel-linux-x86_64-fedora-clang, r-devel-linux-x86_64-fedora-gcc, r-devel-windows-ix86+x86_64