CRAN Package Check Results for Package chemometrics

Last updated on 2015-04-18 21:48:56.

Flavor Version Tinstall Tcheck Ttotal Status Flags
r-devel-linux-x86_64-debian-clang 1.3.9 1.87 101.39 103.26 NOTE
r-devel-linux-x86_64-debian-gcc 1.3.9 1.62 98.76 100.38 NOTE
r-devel-linux-x86_64-fedora-clang 1.3.9 200.85 NOTE
r-devel-linux-x86_64-fedora-gcc 1.3.9 192.64 NOTE
r-devel-osx-x86_64-clang 1.3.9 157.71 NOTE
r-patched-linux-x86_64 1.3.9 1.70 99.54 101.24 NOTE
r-patched-solaris-sparc 1.3.9 1035.70 NOTE
r-patched-solaris-x86 1.3.9 254.80 NOTE
r-release-linux-x86_64 1.3.9 1.64 100.22 101.87 NOTE
r-release-osx-x86_64-mavericks 1.3.9 NOTE
r-release-osx-x86_64-snowleopard 1.3.9 NOTE
r-release-windows-ix86+x86_64 1.3.9 5.00 182.00 187.00 NOTE
r-oldrel-windows-ix86+x86_64 1.3.9 9.00 157.00 166.00 OK

Check Details

Version: 1.3.9
Check: DESCRIPTION meta-information
Result: NOTE
    Malformed Description field: should contain one or more complete sentences.
Flavors: r-devel-linux-x86_64-debian-clang, r-devel-linux-x86_64-debian-gcc, r-devel-linux-x86_64-fedora-clang, r-devel-linux-x86_64-fedora-gcc, r-devel-osx-x86_64-clang, r-patched-linux-x86_64, r-patched-solaris-sparc, r-patched-solaris-x86, r-release-linux-x86_64, r-release-osx-x86_64-mavericks, r-release-osx-x86_64-snowleopard, r-release-windows-ix86+x86_64