CRAN Package Check Results for Package chemometrics

Last updated on 2015-03-31 03:48:25.

Flavor Version Tinstall Tcheck Ttotal Status Flags
r-devel-linux-x86_64-debian-clang 1.3.9 1.74 84.97 86.71 NOTE
r-devel-linux-x86_64-debian-gcc 1.3.9 1.78 78.98 80.75 NOTE
r-devel-linux-x86_64-fedora-clang 1.3.9 158.12 NOTE
r-devel-linux-x86_64-fedora-gcc 1.3.9 158.24 NOTE
r-devel-osx-x86_64-clang 1.3.9 131.48 NOTE
r-prerel-windows-ix86+x86_64 1.3.9 10.00 109.00 119.00 NOTE
r-prerel-linux-x86_64 1.3.9 1.65 78.78 80.43 NOTE
r-prerel-solaris-sparc 1.3.9 1035.70 NOTE
r-prerel-solaris-x86 1.3.9 189.30 NOTE
r-release-linux-x86_64 1.3.9 3.10 87.53 90.63 OK
r-release-osx-x86_64-mavericks 1.3.9 OK
r-release-osx-x86_64-snowleopard 1.3.9 OK
r-release-windows-ix86+x86_64 1.3.9 9.00 133.00 142.00 OK
r-oldrel-windows-ix86+x86_64 1.3.9 10.00 131.00 141.00 OK

Check Details

Version: 1.3.9
Check: DESCRIPTION meta-information
Result: NOTE
    Malformed Description field: should contain one or more complete sentences.
Flavors: r-devel-linux-x86_64-debian-clang, r-devel-linux-x86_64-debian-gcc, r-devel-linux-x86_64-fedora-clang, r-devel-linux-x86_64-fedora-gcc, r-devel-osx-x86_64-clang, r-prerel-windows-ix86+x86_64, r-prerel-linux-x86_64, r-prerel-solaris-sparc, r-prerel-solaris-x86