CRAN Package Check Results for Package chemometrics

Last updated on 2015-09-05 12:49:16.

Flavor Version Tinstall Tcheck Ttotal Status Flags
r-devel-linux-x86_64-debian-clang 1.3.9 1.60 98.21 99.81 NOTE
r-devel-linux-x86_64-debian-gcc 1.3.9 1.73 100.63 102.36 NOTE
r-devel-linux-x86_64-fedora-clang 1.3.9 196.48 NOTE
r-devel-linux-x86_64-fedora-gcc 1.3.9 194.62 NOTE
r-devel-osx-x86_64-clang 1.3.9 151.28 NOTE
r-devel-windows-ix86+x86_64 1.3.9 10.00 162.00 172.00 NOTE
r-patched-linux-x86_64 1.3.9 2.25 99.73 101.98 NOTE
r-patched-solaris-sparc 1.3.9 1323.90 NOTE
r-patched-solaris-x86 1.3.9 259.40 NOTE
r-release-linux-x86_64 1.3.9 1.72 100.95 102.68 NOTE
r-release-osx-x86_64-mavericks 1.3.9 NOTE
r-release-windows-ix86+x86_64 1.3.9 7.00 162.00 169.00 NOTE
r-oldrel-windows-ix86+x86_64 1.3.9 11.00 167.00 178.00 OK

Check Details

Version: 1.3.9
Check: DESCRIPTION meta-information
Result: NOTE
    Malformed Description field: should contain one or more complete sentences.
Flavors: r-devel-linux-x86_64-debian-clang, r-devel-linux-x86_64-debian-gcc, r-devel-linux-x86_64-fedora-clang, r-devel-linux-x86_64-fedora-gcc, r-devel-osx-x86_64-clang, r-devel-windows-ix86+x86_64, r-patched-linux-x86_64, r-patched-solaris-sparc, r-patched-solaris-x86, r-release-linux-x86_64, r-release-osx-x86_64-mavericks, r-release-windows-ix86+x86_64

Version: 1.3.9
Check: R code for possible problems
Result: NOTE
    Moutlier: no visible global function definition for ‘mahalanobis’
    Moutlier: no visible global function definition for ‘cov’
    Moutlier: no visible global function definition for ‘qchisq’
    Moutlier: no visible global function definition for ‘par’
    Moutlier: no visible global function definition for ‘abline’
    RPvectors : genvec: no visible global function definition for ‘runif’
    RPvectors : genvec: no visible global function definition for ‘rnorm’
    clvalidity: no visible global function definition for ‘kmeans’
    clvalidity: no visible global function definition for ‘dist’
    clvalidity: no visible global function definition for ‘matplot’
    clvalidity: no visible global function definition for ‘axis’
    clvalidity: no visible global function definition for ‘legend’
    drawMahal: no visible global function definition for ‘qchisq’
    drawMahal: no visible global function definition for ‘plot’
    drawMahal: no visible global function definition for ‘sd’
    drawMahal: no visible global function definition for ‘lines’
    knnEval : evalSEfac: no visible global function definition for ‘sd’
    knnEval: no visible global function definition for ‘plot’
    knnEval: no visible global function definition for ‘axis’
    knnEval: no visible global function definition for ‘points’
    knnEval: no visible global function definition for ‘lines’
    knnEval: no visible global function definition for ‘segments’
    knnEval: no visible global function definition for ‘abline’
    lassoCV: no visible global function definition for ‘model.response’
    lassoCV: no visible global function definition for ‘model.matrix’
    lassoCV: no visible global function definition for ‘predict’
    lassoCV: no visible binding for global variable ‘sd’
    lassoCV: no visible binding for global variable ‘var’
    lassoCV : error.bars: no visible global function definition for
     ‘segments’
    lassoCV: no visible global function definition for ‘plot’
    lassoCV: no visible global function definition for ‘lines’
    lassoCV: no visible global function definition for ‘points’
    lassoCV: no visible global function definition for ‘abline’
    lassoCV: no visible global function definition for ‘legend’
    lassocoef: no visible global function definition for ‘model.response’
    lassocoef: no visible global function definition for ‘model.matrix’
    lassocoef: no visible global function definition for ‘predict’
    lassocoef: no visible global function definition for ‘plot’
    lassocoef: no visible global function definition for ‘gray’
    lassocoef: no visible global function definition for ‘abline’
    lassocoef: no visible global function definition for ‘title’
    lmCV: no visible global function definition for ‘model.response’
    lmCV: no visible global function definition for ‘model.matrix’
    lmCV: no visible global function definition for ‘lm’
    lmCV: no visible binding for global variable ‘sd’
    mvr_dcv: no visible global function definition for ‘model.response’
    mvr_dcv: no visible global function definition for ‘model.matrix’
    mvr_dcv: no visible binding for global variable ‘sd’
    mvr_dcv: no visible global function definition for ‘plot’
    mvr_dcv: no visible global function definition for ‘abline’
    mvr_dcv: no visible global function definition for ‘predict’
    mvr_dcv: no visible global function definition for ‘IQR’
    mvr_dcv: no visible global function definition for ‘mad’
    nnetEval : evalSE: no visible global function definition for ‘sd’
    nnetEval: no visible global function definition for ‘predict’
    nnetEval: no visible global function definition for ‘plot’
    nnetEval: no visible global function definition for ‘title’
    nnetEval: no visible global function definition for ‘axis’
    nnetEval: no visible global function definition for ‘points’
    nnetEval: no visible global function definition for ‘lines’
    nnetEval: no visible global function definition for ‘segments’
    nnetEval: no visible global function definition for ‘abline’
    pcaCV: no visible global function definition for ‘boxplot’
    pcaDiagplot: no visible binding for global variable ‘sd’
    pcaDiagplot: no visible global function definition for ‘qchisq’
    pcaDiagplot: no visible global function definition for ‘median’
    pcaDiagplot: no visible global function definition for ‘mad’
    pcaDiagplot: no visible global function definition for ‘qnorm’
    pcaDiagplot: no visible global function definition for ‘par’
    pcaDiagplot: no visible global function definition for ‘abline’
    pcaVarexpl: no visible global function definition for ‘barplot’
    plotRidge: no visible global function definition for ‘model.response’
    plotRidge: no visible global function definition for ‘model.matrix’
    plotRidge: no visible global function definition for ‘par’
    plotRidge: no visible global function definition for ‘plot’
    plotRidge: no visible global function definition for ‘abline’
    plotRidge: no visible global function definition for ‘lines’
    plotRidge: no visible global function definition for ‘gray’
    plotSEPmvr: no visible binding for global variable ‘sd’
    plotSEPmvr: no visible global function definition for ‘matplot’
    plotSEPmvr: no visible global function definition for ‘gray’
    plotSEPmvr: no visible global function definition for ‘lines’
    plotSEPmvr: no visible global function definition for ‘abline’
    plotSEPprm: no visible global function definition for ‘matplot’
    plotSEPprm: no visible global function definition for ‘gray’
    plotSEPprm: no visible global function definition for ‘lines’
    plotSEPprm: no visible global function definition for ‘abline’
    plotcompmvr: no visible global function definition for ‘plot’
    plotcompmvr: no visible global function definition for ‘abline’
    plotcompprm: no visible global function definition for ‘plot’
    plotcompprm: no visible global function definition for ‘abline’
    plotpredmvr: no visible global function definition for ‘par’
    plotpredmvr: no visible global function definition for ‘plot’
    plotpredmvr: no visible global function definition for ‘title’
    plotpredmvr: no visible global function definition for ‘abline’
    plotpredmvr: no visible global function definition for ‘points’
    plotpredmvr: no visible global function definition for ‘gray’
    plotpredprm: no visible global function definition for ‘par’
    plotpredprm: no visible global function definition for ‘plot’
    plotpredprm: no visible global function definition for ‘title’
    plotpredprm: no visible global function definition for ‘abline’
    plotpredprm: no visible global function definition for ‘points’
    plotpredprm: no visible global function definition for ‘gray’
    plotprm: no visible global function definition for ‘par’
    plotprm: no visible global function definition for ‘plot’
    plotprm: no visible global function definition for ‘abline’
    plotresmvr: no visible global function definition for ‘par’
    plotresmvr: no visible global function definition for ‘plot’
    plotresmvr: no visible global function definition for ‘title’
    plotresmvr: no visible global function definition for ‘abline’
    plotresmvr: no visible global function definition for ‘gray’
    plotresmvr: no visible global function definition for ‘points’
    plotresprm: no visible global function definition for ‘par’
    plotresprm: no visible global function definition for ‘plot’
    plotresprm: no visible global function definition for ‘title’
    plotresprm: no visible global function definition for ‘abline’
    plotresprm: no visible global function definition for ‘gray’
    plotresprm: no visible global function definition for ‘points’
    plotsom: no visible global function definition for ‘layout’
    plotsom: no visible global function definition for ‘par’
    plotsom: no visible global function definition for ‘plot’
    plotsom: no visible global function definition for ‘segments’
    plotsom: no visible global function definition for ‘text’
    plotsom: no visible global function definition for ‘barplot’
    prm: no visible binding for global variable ‘median’
    prm: no visible global function definition for ‘median’
    prm_cv : prm_cvsub: no visible binding for global variable ‘median’
    prm_cv : prm_cvsub: no visible global function definition for ‘median’
    prm_cv : prm_cvsub: no visible global function definition for ‘sd’
    prm_cv: no visible binding for global variable ‘sd’
    prm_cv: no visible global function definition for ‘plot’
    prm_cv: no visible global function definition for ‘lines’
    prm_cv: no visible global function definition for ‘points’
    prm_cv: no visible global function definition for ‘abline’
    prm_cv: no visible global function definition for ‘legend’
    prm_dcv: no visible global function definition for ‘median’
    prm_dcv: no visible binding for global variable ‘sd’
    ridgeCV: no visible global function definition for ‘model.response’
    ridgeCV: no visible global function definition for ‘model.matrix’
    ridgeCV: no visible binding for global variable ‘sd’
    ridgeCV: no visible binding for global variable ‘mad’
    ridgeCV: no visible global function definition for ‘par’
    ridgeCV: no visible global function definition for ‘plot’
    ridgeCV: no visible global function definition for ‘points’
    ridgeCV: no visible global function definition for ‘gray’
    ridgeCV: no visible global function definition for ‘title’
    ridgeCV: no visible global function definition for ‘abline’
    ridgeCV: no visible global function definition for ‘legend’
    sd_trim: no visible binding for global variable ‘quantile’
    stepwise: no visible global function definition for ‘model.response’
    stepwise: no visible global function definition for ‘model.matrix’
    stepwise : form: no visible global function definition for ‘as.formula’
    stepwise: no visible global function definition for ‘lm’
    stepwise: no visible global function definition for ‘update’
    stepwise: no visible global function definition for ‘step’
    stepwise: no visible global function definition for ‘AIC’
    stepwise: no visible global function definition for ‘write.table’
    svmEval : evalSEfac: no visible global function definition for ‘sd’
    svmEval: no visible global function definition for ‘predict’
    svmEval: no visible global function definition for ‘plot’
    svmEval: no visible global function definition for ‘axis’
    svmEval: no visible global function definition for ‘points’
    svmEval: no visible global function definition for ‘lines’
    svmEval: no visible global function definition for ‘segments’
    svmEval: no visible global function definition for ‘abline’
    treeEval : evalSE: no visible global function definition for ‘sd’
    treeEval: no visible global function definition for ‘predict’
    treeEval: no visible global function definition for ‘plot’
    treeEval: no visible global function definition for ‘axis’
    treeEval: no visible global function definition for ‘points’
    treeEval: no visible global function definition for ‘lines’
    treeEval: no visible global function definition for ‘segments’
    treeEval: no visible global function definition for ‘abline’
    Undefined global functions or variables:
     AIC IQR abline as.formula axis barplot boxplot cov dist gray kmeans
     layout legend lines lm mad mahalanobis matplot median model.matrix
     model.response par plot points predict qchisq qnorm quantile rnorm
     runif sd segments step text title update var write.table
    Consider adding
     importFrom("grDevices", "gray")
     importFrom("graphics", "abline", "axis", "barplot", "boxplot",
     "layout", "legend", "lines", "matplot", "par", "plot",
     "points", "segments", "text", "title")
     importFrom("stats", "AIC", "IQR", "as.formula", "cov", "dist",
     "kmeans", "lm", "mad", "mahalanobis", "median",
     "model.matrix", "model.response", "predict", "qchisq",
     "qnorm", "quantile", "rnorm", "runif", "sd", "step",
     "update", "var")
     importFrom("utils", "write.table")
    to your NAMESPACE.
Flavors: r-devel-linux-x86_64-debian-clang, r-devel-linux-x86_64-debian-gcc, r-devel-linux-x86_64-fedora-clang, r-devel-linux-x86_64-fedora-gcc, r-devel-windows-ix86+x86_64