CRAN Package Check Results for Package chemometrics

Last updated on 2015-05-24 19:47:48.

Flavor Version Tinstall Tcheck Ttotal Status Flags
r-devel-linux-x86_64-debian-clang 1.3.9 2.64 101.52 104.15 NOTE
r-devel-linux-x86_64-debian-gcc 1.3.9 1.63 99.96 101.59 NOTE
r-devel-linux-x86_64-fedora-clang 1.3.9 199.19 NOTE
r-devel-linux-x86_64-fedora-gcc 1.3.9 193.01 NOTE
r-devel-osx-x86_64-clang 1.3.9 155.80 NOTE
r-devel-windows-ix86+x86_64 1.3.9 6.00 152.00 158.00 NOTE
r-patched-linux-x86_64 1.3.9 2.00 102.34 104.34 NOTE
r-patched-solaris-sparc 1.3.9 1291.60 NOTE
r-patched-solaris-x86 1.3.9 256.10 NOTE
r-release-linux-x86_64 1.3.9 1.79 99.18 100.97 NOTE
r-release-osx-x86_64-mavericks 1.3.9 NOTE
r-release-osx-x86_64-snowleopard 1.3.9 NOTE
r-release-windows-ix86+x86_64 1.3.9 8.00 146.00 154.00 NOTE
r-oldrel-windows-ix86+x86_64 1.3.9 9.00 163.00 172.00 OK

Check Details

Version: 1.3.9
Check: DESCRIPTION meta-information
Result: NOTE
    Malformed Description field: should contain one or more complete sentences.
Flavors: r-devel-linux-x86_64-debian-clang, r-devel-linux-x86_64-debian-gcc, r-devel-linux-x86_64-fedora-clang, r-devel-linux-x86_64-fedora-gcc, r-devel-osx-x86_64-clang, r-devel-windows-ix86+x86_64, r-patched-linux-x86_64, r-patched-solaris-sparc, r-patched-solaris-x86, r-release-linux-x86_64, r-release-osx-x86_64-mavericks, r-release-osx-x86_64-snowleopard, r-release-windows-ix86+x86_64