CRAN Package Check Results for Package chemosensors

Last updated on 2014-12-22 21:47:12.

Flavor Version Tinstall Tcheck Ttotal Status Flags
r-devel-linux-x86_64-debian-clang 0.7.8 2.87 62.52 65.38 OK
r-devel-linux-x86_64-debian-gcc 0.7.8 2.72 60.13 62.85 OK
r-devel-linux-x86_64-fedora-clang 0.7.8 139.15 OK
r-devel-linux-x86_64-fedora-gcc 0.7.8 131.79 OK
r-devel-osx-x86_64-clang 0.7.8 116.23 OK
r-devel-windows-ix86+x86_64 0.7.8 11.00 92.00 103.00 NOTE
r-patched-linux-x86_64 0.7.8 2.95 65.87 68.82 OK
r-patched-solaris-sparc 0.7.8 835.70 OK
r-patched-solaris-x86 0.7.8 172.50 OK
r-release-linux-ix86 0.7.8 3.61 78.40 82.01 OK
r-release-linux-x86_64 0.7.8 2.98 66.75 69.72 OK
r-release-osx-x86_64-mavericks 0.7.8 OK
r-release-osx-x86_64-snowleopard 0.7.8 OK
r-release-windows-ix86+x86_64 0.7.8 11.00 114.00 125.00 NOTE
r-oldrel-windows-ix86+x86_64 0.7.8 13.00 111.00 124.00 NOTE

Check Details

Version: 0.7.8
Check: package dependencies
Result: NOTE
    Package suggested but not available for checking: 'doMC'
Flavors: r-devel-windows-ix86+x86_64, r-release-windows-ix86+x86_64, r-oldrel-windows-ix86+x86_64