CRAN Package Check Results for Package chemosensors

Last updated on 2014-10-02 17:48:08.

Flavor Version Tinstall Tcheck Ttotal Status Flags
r-devel-linux-x86_64-debian-clang 0.7.8 2.80 60.34 63.14 OK
r-devel-linux-x86_64-debian-gcc 0.7.8 2.79 59.89 62.68 OK
r-devel-linux-x86_64-fedora-clang 0.7.8 140.83 OK
r-devel-linux-x86_64-fedora-gcc 0.7.8 134.91 OK
r-devel-osx-x86_64-clang 0.7.8 108.73 OK
r-devel-windows-ix86+x86_64 0.7.8 10.00 93.00 103.00 NOTE
r-patched-linux-x86_64 0.7.8 2.97 67.26 70.23 OK
r-patched-solaris-sparc 0.7.8 738.80 OK
r-patched-solaris-x86 0.7.8 168.80 OK
r-release-linux-ix86 0.7.8 4.16 81.98 86.14 OK
r-release-linux-x86_64 0.7.8 3.30 66.72 70.03 OK
r-release-osx-x86_64-mavericks 0.7.8 OK
r-release-osx-x86_64-snowleopard 0.7.8 OK
r-release-windows-ix86+x86_64 0.7.8 13.00 109.00 122.00 NOTE
r-oldrel-windows-ix86+x86_64 0.7.8 11.00 114.00 125.00 NOTE

Check Details

Version: 0.7.8
Check: package dependencies
Result: NOTE
    Package suggested but not available for checking: 'doMC'
Flavors: r-devel-windows-ix86+x86_64, r-release-windows-ix86+x86_64, r-oldrel-windows-ix86+x86_64