CRAN Package Check Results for Package chemosensors

Last updated on 2015-03-27 19:48:19.

Flavor Version Tinstall Tcheck Ttotal Status Flags
r-devel-linux-x86_64-debian-clang 0.7.8 2.30 54.90 57.19 NOTE
r-devel-linux-x86_64-debian-gcc 0.7.8 2.22 53.62 55.84 NOTE
r-devel-linux-x86_64-fedora-clang 0.7.8 117.42 NOTE
r-devel-linux-x86_64-fedora-gcc 0.7.8 107.13 NOTE
r-devel-osx-x86_64-clang 0.7.8 104.33 NOTE
r-prerel-windows-ix86+x86_64 0.7.8 9.00 86.00 95.00 NOTE
r-prerel-linux-x86_64 0.7.8 3.14 54.68 57.82 NOTE
r-prerel-solaris-sparc 0.7.8 771.50 NOTE
r-prerel-solaris-x86 0.7.8 133.90 NOTE
r-release-linux-x86_64 0.7.8 3.38 66.07 69.45 NOTE
r-release-osx-x86_64-mavericks 0.7.8 OK
r-release-osx-x86_64-snowleopard 0.7.8 OK
r-release-windows-ix86+x86_64 0.7.8 10.00 111.00 121.00 NOTE
r-oldrel-windows-ix86+x86_64 0.7.8 12.00 117.00 129.00 NOTE

Check Details

Version: 0.7.8
Check: DESCRIPTION meta-information
Result: NOTE
    Malformed Title field: should not end in a period.
Flavors: r-devel-linux-x86_64-debian-clang, r-devel-linux-x86_64-debian-gcc, r-devel-linux-x86_64-fedora-clang, r-devel-linux-x86_64-fedora-gcc, r-devel-osx-x86_64-clang, r-prerel-windows-ix86+x86_64, r-prerel-linux-x86_64, r-prerel-solaris-sparc, r-prerel-solaris-x86

Version: 0.7.8
Check: dependencies in R code
Result: NOTE
    'library' or 'require' call to ‘doMC’ in package code.
     Please use :: or requireNamespace() instead.
     See section 'Suggested packages' in the 'Writing R Extensions' manual.
Flavors: r-devel-linux-x86_64-debian-clang, r-devel-linux-x86_64-debian-gcc, r-devel-linux-x86_64-fedora-clang, r-devel-linux-x86_64-fedora-gcc, r-devel-osx-x86_64-clang, r-prerel-windows-ix86+x86_64, r-prerel-linux-x86_64, r-prerel-solaris-sparc, r-prerel-solaris-x86, r-release-linux-x86_64, r-release-windows-ix86+x86_64

Version: 0.7.8
Check: package dependencies
Result: NOTE
    Package suggested but not available for checking: 'doMC'
Flavors: r-prerel-windows-ix86+x86_64, r-release-windows-ix86+x86_64, r-oldrel-windows-ix86+x86_64