CRAN Package Check Results for Package chemosensors

Last updated on 2014-08-20 12:46:34.

Flavor Version Tinstall Tcheck Ttotal Status Flags
r-devel-linux-x86_64-debian-clang 0.7.7 2.99 62.80 65.78 OK
r-devel-linux-x86_64-debian-gcc 0.7.7 3.15 60.72 63.87 OK
r-devel-linux-x86_64-fedora-clang 0.7.7 143.86 NOTE
r-devel-linux-x86_64-fedora-gcc 0.7.7 135.22 NOTE
r-devel-osx-x86_64-clang 0.7.7 110.12 NOTE
r-devel-windows-ix86+x86_64 0.7.7 10.00 91.00 101.00 NOTE
r-patched-linux-x86_64 0.7.7 3.44 66.29 69.73 OK
r-patched-solaris-sparc 0.7.7 821.30 OK
r-patched-solaris-x86 0.7.7 164.70 OK
r-release-linux-ix86 0.7.7 3.84 82.47 86.31 OK
r-release-linux-x86_64 0.7.7 4.38 65.62 70.00 OK
r-release-osx-x86_64-mavericks 0.7.7 OK
r-release-osx-x86_64-snowleopard 0.7.7 OK
r-release-windows-ix86+x86_64 0.7.7 8.00 98.00 106.00 NOTE
r-oldrel-windows-ix86+x86_64 0.7.7 10.00 103.00 113.00 NOTE

Check Details

Version: 0.7.7
Check: R code for possible problems
Result: NOTE
    computeAffinity.integral: no visible global function definition for
     ‘registerDoMC’
Flavors: r-devel-linux-x86_64-fedora-clang, r-devel-linux-x86_64-fedora-gcc, r-devel-osx-x86_64-clang, r-devel-windows-ix86+x86_64, r-release-windows-ix86+x86_64, r-oldrel-windows-ix86+x86_64

Version: 0.7.7
Check: package dependencies
Result: NOTE
    Packages suggested but not available for checking: 'doMC' 'multicore'
Flavors: r-devel-windows-ix86+x86_64, r-release-windows-ix86+x86_64, r-oldrel-windows-ix86+x86_64