CRAN Package Check Results for Package chemosensors

Last updated on 2015-02-28 17:48:31.

Flavor Version Tinstall Tcheck Ttotal Status Flags
r-devel-linux-x86_64-debian-clang 0.7.8 2.35 54.83 57.18 NOTE
r-devel-linux-x86_64-debian-gcc 0.7.8 2.69 53.06 55.74 NOTE
r-devel-linux-x86_64-fedora-clang 0.7.8 118.96 NOTE
r-devel-linux-x86_64-fedora-gcc 0.7.8 108.55 NOTE
r-devel-osx-x86_64-clang 0.7.8 107.18 NOTE
r-devel-windows-ix86+x86_64 0.7.8 15.00 84.00 99.00 NOTE
r-patched-linux-x86_64 0.7.8 3.26 66.53 69.79 NOTE
r-patched-solaris-sparc 0.7.8 906.30 NOTE
r-patched-solaris-x86 0.7.8 165.90 NOTE
r-release-linux-ix86 0.7.8 3.61 83.28 86.89 OK
r-release-linux-x86_64 0.7.8 3.46 66.74 70.21 OK
r-release-osx-x86_64-mavericks 0.7.8 OK
r-release-osx-x86_64-snowleopard 0.7.8 OK
r-release-windows-ix86+x86_64 0.7.8 12.00 111.00 123.00 NOTE
r-oldrel-windows-ix86+x86_64 0.7.8 12.00 118.00 130.00 NOTE

Check Details

Version: 0.7.8
Check: DESCRIPTION meta-information
Result: NOTE
    Malformed Title field: should not end in a period.
Flavors: r-devel-linux-x86_64-debian-clang, r-devel-linux-x86_64-debian-gcc, r-devel-linux-x86_64-fedora-clang, r-devel-linux-x86_64-fedora-gcc, r-devel-osx-x86_64-clang, r-devel-windows-ix86+x86_64

Version: 0.7.8
Check: dependencies in R code
Result: NOTE
    'library' or 'require' call to ‘doMC’ in package code.
     Please use :: or requireNamespace() instead.
     See section 'Suggested packages' in the 'Writing R Extensions' manual.
Flavors: r-devel-linux-x86_64-debian-clang, r-devel-linux-x86_64-debian-gcc, r-devel-linux-x86_64-fedora-clang, r-devel-linux-x86_64-fedora-gcc, r-devel-osx-x86_64-clang, r-devel-windows-ix86+x86_64, r-patched-linux-x86_64, r-patched-solaris-sparc, r-patched-solaris-x86

Version: 0.7.8
Check: package dependencies
Result: NOTE
    Package suggested but not available for checking: 'doMC'
Flavors: r-devel-windows-ix86+x86_64, r-release-windows-ix86+x86_64, r-oldrel-windows-ix86+x86_64