CRAN Package Check Results for Package chemosensors

Last updated on 2015-07-06 14:48:29.

Flavor Version Tinstall Tcheck Ttotal Status Flags
r-devel-linux-x86_64-debian-clang 0.7.8 2.29 59.10 61.38 NOTE
r-devel-linux-x86_64-debian-gcc 0.7.8 2.26 55.60 57.86 NOTE
r-devel-linux-x86_64-fedora-clang 0.7.8 118.52 NOTE
r-devel-linux-x86_64-fedora-gcc 0.7.8 111.66 NOTE
r-devel-osx-x86_64-clang 0.7.8 96.12 NOTE
r-devel-windows-ix86+x86_64 0.7.8 9.00 94.00 103.00 NOTE
r-patched-linux-x86_64 0.7.8 2.37 55.40 57.77 NOTE
r-patched-solaris-sparc 0.7.8 698.20 NOTE
r-patched-solaris-x86 0.7.8 139.90 NOTE
r-release-linux-x86_64 0.7.8 2.43 53.83 56.26 NOTE
r-release-osx-x86_64-mavericks 0.7.8 NOTE
r-release-windows-ix86+x86_64 0.7.8 14.00 94.00 108.00 NOTE
r-oldrel-windows-ix86+x86_64 0.7.8 15.00 111.00 126.00 NOTE

Check Details

Version: 0.7.8
Check: DESCRIPTION meta-information
Result: NOTE
    Malformed Title field: should not end in a period.
Flavors: r-devel-linux-x86_64-debian-clang, r-devel-linux-x86_64-debian-gcc, r-devel-linux-x86_64-fedora-clang, r-devel-linux-x86_64-fedora-gcc, r-devel-osx-x86_64-clang, r-devel-windows-ix86+x86_64, r-patched-linux-x86_64, r-patched-solaris-sparc, r-patched-solaris-x86, r-release-linux-x86_64, r-release-osx-x86_64-mavericks, r-release-windows-ix86+x86_64

Version: 0.7.8
Check: dependencies in R code
Result: NOTE
    'library' or 'require' call to ‘doMC’ in package code.
     Please use :: or requireNamespace() instead.
     See section 'Suggested packages' in the 'Writing R Extensions' manual.
Flavors: r-devel-linux-x86_64-debian-clang, r-devel-linux-x86_64-debian-gcc, r-devel-linux-x86_64-fedora-clang, r-devel-linux-x86_64-fedora-gcc, r-devel-osx-x86_64-clang, r-devel-windows-ix86+x86_64, r-patched-linux-x86_64, r-patched-solaris-sparc, r-patched-solaris-x86, r-release-linux-x86_64, r-release-osx-x86_64-mavericks, r-release-windows-ix86+x86_64, r-oldrel-windows-ix86+x86_64

Version: 0.7.8
Check: R code for possible problems
Result: NOTE
    computeAffinity.integral : <anonymous>: no visible global function
     definition for ‘integrate’
    initDataModelLm: no visible global function definition for ‘lm’
    initDataModelMvr: no visible binding for global variable ‘sd’
    initDataModelMvrBrokenStick: no visible binding for global variable
     ‘sd’
    is.installed: no visible global function definition for
     ‘installed.packages’
    loadUNIMANdata: Error while checking: invalid ‘envir’ argument
    plot.ConcNoiseModel.noise: no visible global function definition for
     ‘matplot’
    plot.DataModel.pca: no visible global function definition for ‘prcomp’
    plot.DriftNoiseModel.noise: no visible global function definition for
     ‘grey.colors’
    plot.DriftNoiseModel.noise: no visible global function definition for
     ‘matplot’
    plot.DriftNoiseModel.pc: no visible binding for global variable ‘sd’
    plot.DriftNoiseModel.pc: no visible global function definition for
     ‘prcomp’
    plot.DriftNoiseModel.pc: no visible global function definition for
     ‘grey.colors’
    plot.DriftNoiseModel.pc: no visible global function definition for
     ‘abline’
    plot.DriftNoiseModel.pc: no visible global function definition for
     ‘text’
    plot.Scenario.time: no visible binding for global variable ‘time’
    plot.SensorDynamics.predict: no visible binding for global variable
     ‘data’
    plot.SensorNoiseModel.barplot: no visible global function definition
     for ‘barplot’
    plot.SensorNoiseModel.noise: no visible global function definition for
     ‘grey.colors’
    plot.SensorNoiseModel.noise: no visible global function definition for
     ‘matplot’
    plot.SensorNoiseModel.walk: no visible global function definition for
     ‘grey.colors’
    plot.SensorNoiseModel.walk: no visible binding for global variable ‘sd’
    plot.SensorNoiseModel.walk: no visible global function definition for
     ‘lines’
    plot.SorptionModel.data: no visible global function definition for
     ‘barplot’
    plot.SorptionModel.heatmap: no visible global function definition for
     ‘image’
    plot.SorptionModel.heatmap: no visible global function definition for
     ‘axis’
    plot.SorptionModel.predict: no visible global function definition for
     ‘matplot’
    plot.SorptionModel.response: no visible global function definition for
     ‘matplot’
    plotSplineBasis: no visible global function definition for ‘rainbow’
    plotSplineBasis: no visible global function definition for ‘matplot’
    plotSplineBasis: no visible global function definition for ‘abline’
    plotSplineBasis: no visible global function definition for ‘legend’
    predict.DriftCommonModel: no visible binding for global variable ‘sd’
    splineBasis: no visible global function definition for ‘median’
    conc2col,ANY: no visible global function definition for
     ‘colorRampPalette’
    concModel,ConcNoiseModel: no visible global function definition for
     ‘rnorm’
    initialize,SensorDynamics: no visible global function definition for
     ‘runif’
    initialize,SensorModel: no visible global function definition for
     ‘runif’
    mapcol,ANY: no visible global function definition for
     ‘colorRampPalette’
    plotAffinity,ANY: no visible global function definition for ‘image’
    plotAffinity,ANY: no visible global function definition for ‘contour’
    plotAffinityMap,ANY: no visible global function definition for ‘image’
    plotAffinityMap,ANY: no visible global function definition for
     ‘contour’
    plotAffinitySpace,ANY: no visible binding for global variable ‘sensor’
    plotAffinitySpace,ANY: no visible binding for global variable ‘gas’
    plotAffinitySpace,ANY: no visible binding for global variable ‘y1’
    plotAffinitySpace,ANY: no visible binding for global variable ‘y2’
    plotAffinitySpaceOld,ANY: no visible global function definition for
     ‘grey.colors’
    plotAffinitySpaceOld,ANY: no visible global function definition for
     ‘abline’
    plotAffinitySpaceOld,ANY: no visible global function definition for
     ‘points’
    plotAffinitySpaceOld,ANY: no visible global function definition for
     ‘image’
    plotAffinitySpaceOld,ANY: no visible global function definition for
     ‘contour’
    plotBox,ANY: no visible binding for global variable ‘lab’
    plotBox,ANY: no visible binding for global variable ‘value’
    plotMixture,ANY: no visible global function definition for ‘image’
    plotMixture,ANY: no visible global function definition for ‘contour’
    plotMixture,ANY: no visible global function definition for ‘axis’
    plotPCA,ANY: no visible global function definition for ‘prcomp’
    plotPCA,ANY: no visible binding for global variable ‘PCx’
    plotPCA,ANY: no visible binding for global variable ‘PCy’
    plotPCA,ANY: no visible binding for global variable ‘lab’
    plotPolar,ANY: no visible binding for global variable ‘sensor’
    plotPolar,ANY: no visible binding for global variable ‘S’
    plotPolar,ANY: no visible binding for global variable ‘gas’
    plotPolarGases,ANY: no visible binding for global variable ‘sensor’
    plotPolarGases,ANY: no visible binding for global variable ‘S’
    plotPolarGases,ANY: no visible binding for global variable ‘p’
    plotResponse,ANY: no visible binding for global variable ‘value’
    plotResponse,ANY: no visible binding for global variable ‘variable’
    plotResponseOld,ANY: Error while checking: invalid ‘envir’ argument
    plotSignal,ANY: no visible binding for global variable ‘value’
    plotSignal,ANY: no visible binding for global variable ‘data’
    plotTimeline,ANY: no visible global function definition for ‘matplot’
    plotTimeline,ANY: no visible global function definition for ‘abline’
    plotTimeline,ANY: no visible global function definition for ‘legend’
    predict,SensorDynamics: no visible global function definition for
     ‘filter’
    predict,SensorNoiseModel : <anonymous>: no visible global function
     definition for ‘rnorm’
    scol,ANY: no visible global function definition for ‘gray.colors’
    Undefined global functions or variables:
     PCx PCy S abline axis barplot colorRampPalette contour data filter
     gas gray.colors grey.colors image installed.packages integrate lab
     legend lines lm matplot median p points prcomp rainbow rnorm runif sd
     sensor text time value variable y1 y2
Flavors: r-devel-linux-x86_64-debian-clang, r-devel-linux-x86_64-debian-gcc, r-devel-linux-x86_64-fedora-clang, r-devel-linux-x86_64-fedora-gcc

Version: 0.7.8
Check: R code for possible problems
Result: NOTE
    plotResponseOld,ANY: warning in matplot(xp, yp, bty = "n", t = "l", col
     = col, lwd = lwd, lty = lty, xlim = xlim, ylim = ylim, main = main,
     xlab = xlab, ylab = ylab, ...): partial argument match of 't' to
     'type'
    plotTimeline,ANY: warning in matplot(sdata, t = "l", lwd = lwd, lty =
     lty, bty = bty, col = col, main = main, xlab = xlab, ylab = ylab,
     ...): partial argument match of 't' to 'type'
    plotTimeline,ANY: warning in legend(leg, legend = lab, col = col, lwd =
     lwd, lty = lty, bt = "n"): partial argument match of 'bt' to 'bty'
    plotAffinitySpace,ANY: no visible binding for global variable ‘sensor’
    plotAffinitySpace,ANY: no visible binding for global variable ‘gas’
    plotAffinitySpace,ANY: no visible binding for global variable ‘y1’
    plotAffinitySpace,ANY: no visible binding for global variable ‘y2’
    plotBox,ANY: no visible binding for global variable ‘lab’
    plotBox,ANY: no visible binding for global variable ‘value’
    plotPCA,ANY: no visible binding for global variable ‘PCx’
    plotPCA,ANY: no visible binding for global variable ‘PCy’
    plotPCA,ANY: no visible binding for global variable ‘lab’
    plotPolar,ANY: no visible binding for global variable ‘sensor’
    plotPolar,ANY: no visible binding for global variable ‘S’
    plotPolar,ANY: no visible binding for global variable ‘gas’
    plotPolarGases,ANY: no visible binding for global variable ‘sensor’
    plotPolarGases,ANY: no visible binding for global variable ‘S’
    plotPolarGases,ANY: no visible binding for global variable ‘p’
    plotResponse,ANY: no visible binding for global variable ‘value’
    plotResponse,ANY: no visible binding for global variable ‘variable’
    plotResponseOld,ANY: no visible binding for global variable ‘dat’
    plotResponseOld,ANY: no visible binding for global variable ‘conc’
    plotResponseOld,ANY: no visible binding for global variable ‘sdata’
    plotResponseOld,ANY: no visible binding for global variable ‘gas’
    plotSignal,ANY: no visible binding for global variable ‘value’
    Undefined global functions or variables:
     PCx PCy S conc dat gas lab p sdata sensor value variable y1 y2
Flavor: r-devel-osx-x86_64-clang

Version: 0.7.8
Check: package dependencies
Result: NOTE
    Package suggested but not available for checking: 'doMC'
Flavors: r-devel-windows-ix86+x86_64, r-release-windows-ix86+x86_64, r-oldrel-windows-ix86+x86_64

Version: 0.7.8
Check: R code for possible problems
Result: NOTE
    computeAffinity.integral : <anonymous>: no visible global function
     definition for 'integrate'
    initDataModelLm: no visible global function definition for 'lm'
    initDataModelMvr: no visible binding for global variable 'sd'
    initDataModelMvrBrokenStick: no visible binding for global variable
     'sd'
    is.installed: no visible global function definition for
     'installed.packages'
    loadUNIMANdata: no visible global function definition for 'data'
    plot.ConcNoiseModel.noise: no visible global function definition for
     'matplot'
    plot.DataModel.pca: no visible global function definition for 'prcomp'
    plot.DriftNoiseModel.noise: no visible global function definition for
     'grey.colors'
    plot.DriftNoiseModel.noise: no visible global function definition for
     'matplot'
    plot.DriftNoiseModel.pc: no visible binding for global variable 'sd'
    plot.DriftNoiseModel.pc: no visible global function definition for
     'prcomp'
    plot.DriftNoiseModel.pc: no visible global function definition for
     'grey.colors'
    plot.DriftNoiseModel.pc: no visible global function definition for
     'abline'
    plot.DriftNoiseModel.pc: no visible global function definition for
     'text'
    plot.Scenario.time: no visible binding for global variable 'time'
    plot.SensorDynamics.predict: no visible binding for global variable
     'data'
    plot.SensorNoiseModel.barplot: no visible global function definition
     for 'barplot'
    plot.SensorNoiseModel.noise: no visible global function definition for
     'grey.colors'
    plot.SensorNoiseModel.noise: no visible global function definition for
     'matplot'
    plot.SensorNoiseModel.walk: no visible global function definition for
     'grey.colors'
    plot.SensorNoiseModel.walk: no visible binding for global variable 'sd'
    plot.SensorNoiseModel.walk: no visible global function definition for
     'lines'
    plot.SorptionModel.data: no visible global function definition for
     'barplot'
    plot.SorptionModel.heatmap: no visible global function definition for
     'image'
    plot.SorptionModel.heatmap: no visible global function definition for
     'axis'
    plot.SorptionModel.predict: no visible global function definition for
     'matplot'
    plot.SorptionModel.response: no visible global function definition for
     'matplot'
    plotSplineBasis: no visible global function definition for 'rainbow'
    plotSplineBasis: no visible global function definition for 'matplot'
    plotSplineBasis: no visible global function definition for 'abline'
    plotSplineBasis: no visible global function definition for 'legend'
    predict.DriftCommonModel: no visible binding for global variable 'sd'
    splineBasis: no visible global function definition for 'median'
    conc2col,ANY: no visible global function definition for
     'colorRampPalette'
    concModel,ConcNoiseModel: no visible global function definition for
     'rnorm'
    initialize,SensorDynamics: no visible global function definition for
     'runif'
    initialize,SensorModel: no visible global function definition for
     'runif'
    mapcol,ANY: no visible global function definition for
     'colorRampPalette'
    plotAffinity,ANY: no visible global function definition for 'image'
    plotAffinity,ANY: no visible global function definition for 'contour'
    plotAffinityMap,ANY: no visible global function definition for 'image'
    plotAffinityMap,ANY: no visible global function definition for
     'contour'
    plotAffinitySpace,ANY: no visible binding for global variable 'sensor'
    plotAffinitySpace,ANY: no visible binding for global variable 'gas'
    plotAffinitySpace,ANY: no visible binding for global variable 'y1'
    plotAffinitySpace,ANY: no visible binding for global variable 'y2'
    plotAffinitySpaceOld,ANY: no visible global function definition for
     'grey.colors'
    plotAffinitySpaceOld,ANY: no visible global function definition for
     'abline'
    plotAffinitySpaceOld,ANY: no visible global function definition for
     'points'
    plotAffinitySpaceOld,ANY: no visible global function definition for
     'image'
    plotAffinitySpaceOld,ANY: no visible global function definition for
     'contour'
    plotBox,ANY: no visible binding for global variable 'lab'
    plotBox,ANY: no visible binding for global variable 'value'
    plotMixture,ANY: no visible global function definition for 'image'
    plotMixture,ANY: no visible global function definition for 'contour'
    plotMixture,ANY: no visible global function definition for 'axis'
    plotPCA,ANY: no visible global function definition for 'prcomp'
    plotPCA,ANY: no visible binding for global variable 'PCx'
    plotPCA,ANY: no visible binding for global variable 'PCy'
    plotPCA,ANY: no visible binding for global variable 'lab'
    plotPolar,ANY: no visible binding for global variable 'sensor'
    plotPolar,ANY: no visible binding for global variable 'S'
    plotPolar,ANY: no visible binding for global variable 'gas'
    plotPolarGases,ANY: no visible binding for global variable 'sensor'
    plotPolarGases,ANY: no visible binding for global variable 'S'
    plotPolarGases,ANY: no visible binding for global variable 'p'
    plotResponse,ANY: no visible binding for global variable 'value'
    plotResponse,ANY: no visible binding for global variable 'variable'
    plotResponseOld,ANY: no visible global function definition for 'data'
    plotResponseOld,ANY: no visible binding for global variable 'dat'
    plotResponseOld,ANY: no visible global function definition for
     'matplot'
    plotResponseOld,ANY: no visible binding for global variable 'conc'
    plotResponseOld,ANY: no visible binding for global variable 'sdata'
    plotResponseOld,ANY: no visible binding for global variable 'gas'
    plotResponseOld,ANY: no visible binding for global variable 'C'
    plotResponseOld,ANY: no visible global function definition for 'points'
    plotSignal,ANY: no visible binding for global variable 'value'
    plotSignal,ANY: no visible binding for global variable 'data'
    plotTimeline,ANY: no visible global function definition for 'matplot'
    plotTimeline,ANY: no visible global function definition for 'abline'
    plotTimeline,ANY: no visible global function definition for 'legend'
    predict,SensorDynamics: no visible global function definition for
     'filter'
    predict,SensorNoiseModel : <anonymous>: no visible global function
     definition for 'rnorm'
    scol,ANY: no visible global function definition for 'gray.colors'
    Undefined global functions or variables:
     C PCx PCy S abline axis barplot colorRampPalette conc contour dat
     data filter gas gray.colors grey.colors image installed.packages
     integrate lab legend lines lm matplot median p points prcomp rainbow
     rnorm runif sd sdata sensor text time value variable y1 y2
Flavor: r-devel-windows-ix86+x86_64

Version: 0.7.8
Check: package dependencies
Result: NOTE
    Package suggested but not available for checking: ‘car’
Flavor: r-release-osx-x86_64-mavericks