CRAN Package Check Results for Package chemosensors

Last updated on 2014-04-24 03:47:41.

Flavor Version Tinstall Tcheck Ttotal Status Flags
r-devel-linux-x86_64-debian-clang 0.7.7 3.21 70.23 73.44 OK
r-devel-linux-x86_64-debian-gcc 0.7.7 3.22 69.39 72.61 OK
r-devel-linux-x86_64-fedora-clang 0.7.7 152.23 OK
r-devel-linux-x86_64-fedora-gcc 0.7.7 146.24 OK
r-devel-osx-x86_64-clang 0.7.7 116.14 OK
r-devel-osx-x86_64-gcc 0.7.7 ERROR
r-devel-windows-ix86+x86_64 0.7.7 10.00 100.00 110.00 NOTE
r-patched-linux-x86_64 0.7.7 3.72 70.33 74.05 OK
r-patched-solaris-sparc 0.7.7 818.30 OK
r-patched-solaris-x86 0.7.7 171.00 OK
r-release-linux-ix86 0.7.7 6.00 110.00 116.00 OK
r-release-linux-x86_64 0.7.7 3.29 71.08 74.37 OK
r-release-osx-x86_64-mavericks 0.7.7 WARN
r-release-osx-x86_64-snowleopard 0.7.7 OK
r-release-windows-ix86+x86_64 0.7.7 11.00 107.00 118.00 NOTE
r-oldrel-windows-ix86+x86_64 0.7.7 9.00 105.00 114.00 NOTE

Check Details

Version: 0.7.7
Check: package dependencies
Result: ERROR
    Package required but not available: ‘ggplot2’
    
    Packages suggested but not available for checking: ‘car’ ‘gridExtra’
    
    See the information on DESCRIPTION files in the chapter ‘Creating R
    packages’ of the ‘Writing R Extensions’ manual.
Flavor: r-devel-osx-x86_64-gcc

Version: 0.7.7
Check: package dependencies
Result: NOTE
    Packages suggested but not available for checking: 'doMC' 'multicore'
Flavors: r-devel-windows-ix86+x86_64, r-release-windows-ix86+x86_64, r-oldrel-windows-ix86+x86_64

Version: 0.7.7
Check: R code for possible problems
Result: NOTE
    computeAffinity.integral: no visible global function definition for
     'registerDoMC'
Flavors: r-devel-windows-ix86+x86_64, r-release-osx-x86_64-mavericks, r-release-windows-ix86+x86_64, r-oldrel-windows-ix86+x86_64

Version: 0.7.7
Check: package dependencies
Result: NOTE
    Package suggested but not available for checking: ‘doMC’
Flavor: r-release-osx-x86_64-mavericks

Version: 0.7.7
Check: PDF version of manual
Result: WARNING
    LaTeX errors when creating PDF version.
    This typically indicates Rd problems.
    LaTeX errors found:
    ! LaTeX Error: File `upquote.sty' not found.
    
    Type X to quit or <RETURN> to proceed,
    or enter new name. (Default extension: sty)
    
    6b6e533/Rd2.tex:8: ==> Fatal error occurred, no output PDF file produced!
Flavor: r-release-osx-x86_64-mavericks