CRAN Package Check Results for Package chemosensors

Last updated on 2014-11-21 16:46:27.

Flavor Version Tinstall Tcheck Ttotal Status Flags
r-devel-linux-x86_64-debian-clang 0.7.8 2.90 66.09 68.99 OK
r-devel-linux-x86_64-debian-gcc 0.7.8 2.76 63.18 65.95 OK
r-devel-linux-x86_64-fedora-clang 0.7.8 138.24 OK
r-devel-linux-x86_64-fedora-gcc 0.7.8 128.38 OK
r-devel-osx-x86_64-clang 0.7.8 120.59 OK
r-devel-windows-ix86+x86_64 0.7.8 9.00 90.00 99.00 NOTE
r-patched-linux-x86_64 0.7.8 2.91 66.42 69.33 OK
r-patched-solaris-sparc 0.7.8 738.80 OK
r-patched-solaris-x86 0.7.8 167.00 OK
r-release-linux-ix86 0.7.8 3.59 78.33 81.92 OK
r-release-linux-x86_64 0.7.8 2.96 66.51 69.47 OK
r-release-osx-x86_64-mavericks 0.7.8 OK
r-release-osx-x86_64-snowleopard 0.7.8 OK
r-release-windows-ix86+x86_64 0.7.8 13.00 110.00 123.00 NOTE
r-oldrel-windows-ix86+x86_64 0.7.8 12.00 100.00 112.00 NOTE

Check Details

Version: 0.7.8
Check: package dependencies
Result: NOTE
    Package suggested but not available for checking: 'doMC'
Flavors: r-devel-windows-ix86+x86_64, r-release-windows-ix86+x86_64, r-oldrel-windows-ix86+x86_64