CRAN Package Check Results for Package chemosensors

Last updated on 2015-05-24 03:47:56.

Flavor Version Tinstall Tcheck Ttotal Status Flags
r-devel-linux-x86_64-debian-clang 0.7.8 2.36 54.98 57.34 NOTE
r-devel-linux-x86_64-debian-gcc 0.7.8 2.51 53.68 56.19 NOTE
r-devel-linux-x86_64-fedora-clang 0.7.8 115.13 NOTE
r-devel-linux-x86_64-fedora-gcc 0.7.8 108.68 NOTE
r-devel-osx-x86_64-clang 0.7.8 96.55 NOTE
r-devel-windows-ix86+x86_64 0.7.8 10.00 87.00 97.00 NOTE
r-patched-linux-x86_64 0.7.8 2.44 53.57 56.00 NOTE
r-patched-solaris-sparc 0.7.8 698.20 NOTE
r-patched-solaris-x86 0.7.8 138.60 NOTE
r-release-linux-x86_64 0.7.8 2.58 54.67 57.25 NOTE
r-release-osx-x86_64-mavericks 0.7.8 NOTE
r-release-osx-x86_64-snowleopard 0.7.8 ERROR
r-release-windows-ix86+x86_64 0.7.8 8.00 100.00 108.00 NOTE
r-oldrel-windows-ix86+x86_64 0.7.8 14.00 108.00 122.00 NOTE

Check Details

Version: 0.7.8
Check: DESCRIPTION meta-information
Result: NOTE
    Malformed Title field: should not end in a period.
Flavors: r-devel-linux-x86_64-debian-clang, r-devel-linux-x86_64-debian-gcc, r-devel-linux-x86_64-fedora-clang, r-devel-linux-x86_64-fedora-gcc, r-devel-osx-x86_64-clang, r-devel-windows-ix86+x86_64, r-patched-linux-x86_64, r-patched-solaris-sparc, r-patched-solaris-x86, r-release-linux-x86_64, r-release-osx-x86_64-mavericks, r-release-windows-ix86+x86_64

Version: 0.7.8
Check: dependencies in R code
Result: NOTE
    'library' or 'require' call to ‘doMC’ in package code.
     Please use :: or requireNamespace() instead.
     See section 'Suggested packages' in the 'Writing R Extensions' manual.
Flavors: r-devel-linux-x86_64-debian-clang, r-devel-linux-x86_64-debian-gcc, r-devel-linux-x86_64-fedora-clang, r-devel-linux-x86_64-fedora-gcc, r-devel-osx-x86_64-clang, r-devel-windows-ix86+x86_64, r-patched-linux-x86_64, r-patched-solaris-sparc, r-patched-solaris-x86, r-release-linux-x86_64, r-release-osx-x86_64-mavericks, r-release-windows-ix86+x86_64, r-oldrel-windows-ix86+x86_64

Version: 0.7.8
Check: package dependencies
Result: NOTE
    Package suggested but not available for checking: 'doMC'
Flavors: r-devel-windows-ix86+x86_64, r-release-windows-ix86+x86_64, r-oldrel-windows-ix86+x86_64

Version: 0.7.8
Check: package dependencies
Result: NOTE
    Package suggested but not available for checking: ‘car’
Flavor: r-release-osx-x86_64-mavericks

Version: 0.7.8
Check: package dependencies
Result: ERROR
    Package required but not available: ‘ggplot2’
    
    Packages suggested but not available for checking: ‘car’ ‘gridExtra’
    
    See section ‘The DESCRIPTION file’ in the ‘Writing R Extensions’
    manual.
Flavor: r-release-osx-x86_64-snowleopard