CRAN Package Check Results for Package chemosensors

Last updated on 2014-09-02 15:48:53.

Flavor Version Tinstall Tcheck Ttotal Status Flags
r-devel-linux-x86_64-debian-clang 0.7.8 2.91 61.18 64.10 OK
r-devel-linux-x86_64-debian-gcc 0.7.8 2.88 60.26 63.14 OK
r-devel-linux-x86_64-fedora-clang 0.7.8 142.15 OK
r-devel-linux-x86_64-fedora-gcc 0.7.8 66.38 OK
r-devel-osx-x86_64-clang 0.7.8 108.99 OK
r-devel-windows-ix86+x86_64 0.7.8 10.00 91.00 101.00 NOTE
r-patched-linux-x86_64 0.7.8 3.00 67.60 70.60 OK
r-patched-solaris-sparc 0.7.8 738.80 OK
r-patched-solaris-x86 0.7.8 163.80 OK
r-release-linux-ix86 0.7.7 3.85 81.59 85.44 OK
r-release-linux-x86_64 0.7.8 3.16 66.52 69.68 OK
r-release-osx-x86_64-mavericks 0.7.8 OK
r-release-osx-x86_64-snowleopard 0.7.7 OK
r-release-windows-ix86+x86_64 0.7.8 10.00 99.00 109.00 NOTE
r-oldrel-windows-ix86+x86_64 0.7.8 11.00 105.00 116.00 NOTE

Check Details

Version: 0.7.8
Check: package dependencies
Result: NOTE
    Package suggested but not available for checking: 'doMC'
Flavors: r-devel-windows-ix86+x86_64, r-release-windows-ix86+x86_64, r-oldrel-windows-ix86+x86_64