CRAN Package Check Results for Package chemosensors

Last updated on 2014-07-22 23:48:16.

Flavor Version Tinstall Tcheck Ttotal Status Flags
r-devel-linux-x86_64-debian-clang 0.7.7 2.97 65.53 68.50 OK
r-devel-linux-x86_64-debian-gcc 0.7.7 2.92 64.81 67.73 OK
r-devel-linux-x86_64-fedora-clang 0.7.7 152.35 OK
r-devel-linux-x86_64-fedora-gcc 0.7.7 142.42 OK
r-devel-osx-x86_64-clang 0.7.7 116.34 OK
r-devel-windows-ix86+x86_64 0.7.7 10.00 99.00 109.00 NOTE
r-patched-linux-x86_64 0.7.7 3.25 67.09 70.34 OK
r-patched-solaris-sparc 0.7.7 818.30 OK
r-patched-solaris-x86 0.7.7 163.70 OK
r-release-linux-ix86 0.7.7 3.79 81.49 85.28 OK
r-release-linux-x86_64 0.7.7 3.13 66.10 69.23 OK
r-release-osx-x86_64-mavericks 0.7.7 OK
r-release-osx-x86_64-snowleopard 0.7.7 OK
r-release-windows-ix86+x86_64 0.7.7 10.00 112.00 122.00 NOTE
r-oldrel-windows-ix86+x86_64 0.7.7 11.00 107.00 118.00 NOTE

Check Details

Version: 0.7.7
Check: package dependencies
Result: NOTE
    Packages suggested but not available for checking: 'doMC' 'multicore'
Flavors: r-devel-windows-ix86+x86_64, r-release-windows-ix86+x86_64, r-oldrel-windows-ix86+x86_64

Version: 0.7.7
Check: R code for possible problems
Result: NOTE
    computeAffinity.integral: no visible global function definition for
     'registerDoMC'
Flavors: r-devel-windows-ix86+x86_64, r-release-windows-ix86+x86_64, r-oldrel-windows-ix86+x86_64