CRAN Package Check Results for Package cherry

Last updated on 2019-08-18 00:46:08 CEST.

Flavor Version Tinstall Tcheck Ttotal Status Flags
r-devel-linux-x86_64-debian-clang 0.6-12 9.20 84.34 93.54 OK
r-devel-linux-x86_64-debian-gcc 0.6-12 8.48 67.00 75.48 OK
r-devel-linux-x86_64-fedora-clang 0.6-12 115.38 OK
r-devel-linux-x86_64-fedora-gcc 0.6-12 112.68 OK
r-devel-windows-ix86+x86_64 0.6-12 23.00 128.00 151.00 OK
r-patched-linux-x86_64 0.6-12 8.14 83.98 92.12 OK
r-patched-solaris-x86 0.6-12 170.20 OK
r-release-linux-x86_64 0.6-12 9.42 83.88 93.30 OK
r-release-windows-ix86+x86_64 0.6-12 22.00 127.00 149.00 OK
r-release-osx-x86_64 0.6-12 NOTE
r-oldrel-windows-ix86+x86_64 0.6-12 14.00 124.00 138.00 OK
r-oldrel-osx-x86_64 0.6-12 OK

Check Details

Version: 0.6-12
Check: package dependencies
Result: NOTE
    Package suggested but not available for checking: ‘multtest’
Flavor: r-release-osx-x86_64