CRAN Package Check Results for Package cherry

Last updated on 2014-07-30 22:47:21.

Flavor Version Tinstall Tcheck Ttotal Status Flags
r-devel-linux-x86_64-debian-clang 0.5-10 3.68 59.81 63.49 NOTE
r-devel-linux-x86_64-debian-gcc 0.5-10 3.65 59.11 62.76 NOTE
r-devel-linux-x86_64-fedora-clang 0.5-10 152.67 NOTE
r-devel-linux-x86_64-fedora-gcc 0.5-10 145.68 NOTE
r-devel-osx-x86_64-clang 0.5-10 118.19 NOTE
r-devel-windows-ix86+x86_64 0.5-10 9.00 91.00 100.00 NOTE
r-patched-linux-x86_64 0.5-10 4.92 59.12 64.04 NOTE
r-patched-solaris-sparc 0.5-10 808.20 NOTE
r-patched-solaris-x86 0.5-10 188.90 NOTE
r-release-linux-ix86 0.5-10 4.35 77.06 81.41 NOTE
r-release-linux-x86_64 0.5-10 3.89 64.28 68.17 NOTE
r-release-osx-x86_64-mavericks 0.5-10 NOTE
r-release-osx-x86_64-snowleopard 0.5-10 NOTE
r-release-windows-ix86+x86_64 0.5-10 9.00 84.00 93.00 NOTE
r-oldrel-windows-ix86+x86_64 0.5-10 14.00 118.00 132.00 NOTE

Check Details

Version: 0.5-10
Check: package dependencies
Result: NOTE
    Package suggested but not available for checking: gurobi
Flavors: r-devel-linux-x86_64-debian-clang, r-devel-linux-x86_64-debian-gcc, r-devel-linux-x86_64-fedora-clang, r-devel-linux-x86_64-fedora-gcc, r-devel-osx-x86_64-clang, r-devel-windows-ix86+x86_64, r-patched-linux-x86_64, r-patched-solaris-sparc, r-patched-solaris-x86, r-release-linux-ix86, r-release-linux-x86_64, r-release-osx-x86_64-mavericks, r-release-osx-x86_64-snowleopard, r-release-windows-ix86+x86_64, r-oldrel-windows-ix86+x86_64