CRAN Package Check Results for Package cherry

Last updated on 2014-08-21 17:46:42.

Flavor Version Tinstall Tcheck Ttotal Status Flags
r-devel-linux-x86_64-debian-clang 0.5-10 3.66 58.74 62.40 NOTE
r-devel-linux-x86_64-debian-gcc 0.5-10 3.68 56.92 60.60 NOTE
r-devel-linux-x86_64-fedora-clang 0.5-10 152.04 NOTE
r-devel-linux-x86_64-fedora-gcc 0.5-10 137.26 NOTE
r-devel-osx-x86_64-clang 0.5-10 114.70 NOTE
r-devel-windows-ix86+x86_64 0.5-10 10.00 83.00 93.00 NOTE
r-patched-linux-x86_64 0.5-10 3.63 63.34 66.98 NOTE
r-patched-solaris-sparc 0.5-10 808.20 NOTE
r-patched-solaris-x86 0.5-10 186.20 NOTE
r-release-linux-ix86 0.5-10 4.40 74.63 79.03 NOTE
r-release-linux-x86_64 0.5-10 3.74 59.58 63.32 NOTE
r-release-osx-x86_64-mavericks 0.5-10 NOTE
r-release-osx-x86_64-snowleopard 0.5-10 NOTE
r-release-windows-ix86+x86_64 0.5-10 9.00 93.00 102.00 NOTE
r-oldrel-windows-ix86+x86_64 0.5-10 10.00 83.00 93.00 NOTE

Check Details

Version: 0.5-10
Check: package dependencies
Result: NOTE
    Package suggested but not available for checking: ‘gurobi’
Flavors: r-devel-linux-x86_64-debian-clang, r-devel-linux-x86_64-debian-gcc, r-devel-linux-x86_64-fedora-clang, r-devel-linux-x86_64-fedora-gcc, r-devel-osx-x86_64-clang, r-devel-windows-ix86+x86_64, r-patched-linux-x86_64, r-patched-solaris-sparc, r-patched-solaris-x86, r-release-linux-ix86, r-release-linux-x86_64, r-release-osx-x86_64-mavericks, r-release-osx-x86_64-snowleopard, r-release-windows-ix86+x86_64, r-oldrel-windows-ix86+x86_64