CRAN Package Check Results for Package cherry

Last updated on 2019-05-25 17:48:03 CEST.

Flavor Version Tinstall Tcheck Ttotal Status Flags
r-devel-linux-x86_64-debian-clang 0.6-12 8.20 84.59 92.79 OK
r-devel-linux-x86_64-debian-gcc 0.6-12 8.09 66.24 74.33 OK
r-devel-linux-x86_64-fedora-clang 0.6-12 115.29 OK
r-devel-linux-x86_64-fedora-gcc 0.6-12 114.48 OK
r-devel-windows-ix86+x86_64 0.6-12 13.00 133.00 146.00 OK
r-patched-linux-x86_64 0.6-12 OK
r-patched-solaris-x86 0.6-12 181.20 OK
r-release-linux-x86_64 0.6-12 8.66 83.53 92.19 OK
r-release-windows-ix86+x86_64 0.6-12 20.00 101.00 121.00 OK
r-release-osx-x86_64 0.6-12 NOTE
r-oldrel-windows-ix86+x86_64 0.6-12 14.00 95.00 109.00 OK
r-oldrel-osx-x86_64 0.6-12 OK

Check Details

Version: 0.6-12
Check: package dependencies
Result: NOTE
    Package suggested but not available for checking: ‘multtest’
Flavor: r-release-osx-x86_64