CRAN Package Check Results for Package cherry

Last updated on 2015-07-03 09:46:48.

Flavor Version Tinstall Tcheck Ttotal Status Flags
r-devel-linux-x86_64-debian-clang 0.6-11 2.84 53.13 55.97 NOTE
r-devel-linux-x86_64-debian-gcc 0.6-11 2.76 52.60 55.37 NOTE
r-devel-linux-x86_64-fedora-clang 0.6-11 113.11 NOTE
r-devel-linux-x86_64-fedora-gcc 0.6-11 107.16 NOTE
r-devel-osx-x86_64-clang 0.6-11 98.18 NOTE
r-devel-windows-ix86+x86_64 0.6-11 8.00 78.00 86.00 NOTE
r-patched-linux-x86_64 0.6-11 2.83 53.18 56.02 NOTE
r-patched-solaris-sparc 0.6-11 631.10 NOTE
r-patched-solaris-x86 0.6-11 149.70 NOTE
r-release-linux-x86_64 0.6-11 2.93 51.83 54.76 NOTE
r-release-osx-x86_64-mavericks 0.6-11 NOTE
r-release-windows-ix86+x86_64 0.6-11 8.00 87.00 95.00 NOTE
r-oldrel-windows-ix86+x86_64 0.6-11 11.00 97.00 108.00 NOTE

Check Details

Version: 0.6-11
Check: package dependencies
Result: NOTE
    Package suggested but not available for checking: ‘gurobi’
Flavors: r-devel-linux-x86_64-debian-clang, r-devel-linux-x86_64-debian-gcc, r-devel-linux-x86_64-fedora-clang, r-devel-linux-x86_64-fedora-gcc, r-devel-osx-x86_64-clang, r-devel-windows-ix86+x86_64, r-patched-linux-x86_64, r-patched-solaris-sparc, r-patched-solaris-x86, r-release-linux-x86_64, r-release-osx-x86_64-mavericks, r-release-windows-ix86+x86_64, r-oldrel-windows-ix86+x86_64

Version: 0.6-11
Check: R code for possible problems
Result: NOTE
    DAGmethod: no visible global function definition for ‘flush.console’
    curveFisher: no visible global function definition for ‘qchisq’
    curveFisher: no visible global function definition for ‘lines’
    curveFisher: no visible global function definition for ‘legend’
    curveMeinshausen: no visible global function definition for ‘lines’
    curveMeinshausen: no visible global function definition for ‘legend’
    curveSimes: no visible global function definition for ‘lines’
    curveSimes: no visible global function definition for ‘legend’
    curveSimes_old: no visible global function definition for ‘lines’
    curveSimes_old: no visible global function definition for ‘legend’
    pick: no visible global function definition for ‘barplot’
    pick: no visible global function definition for ‘text’
    pickFisher : <anonymous>: no visible global function definition for
     ‘qchisq’
    regionmethod: no visible global function definition for ‘flush.console’
    regionplot: no visible global function definition for ‘plot’
    regionplot: no visible global function definition for ‘axis’
    regionplot: no visible global function definition for ‘polygon’
    regionplot: no visible global function definition for ‘par’
    regionplot: no visible global function definition for ‘legend’
    regionplot2 : drawsegment: no visible global function definition for
     ‘segments’
    regionplot2: no visible global function definition for ‘plot’
    regionplot2: no visible global function definition for ‘axis’
    regionplot2: no visible global function definition for ‘par’
    regionplot2: no visible global function definition for ‘legend’
    structuredHolm: no visible global function definition for
     ‘flush.console’
    Undefined global functions or variables:
     axis barplot flush.console legend lines par plot polygon qchisq
     segments text
Flavors: r-devel-linux-x86_64-debian-clang, r-devel-linux-x86_64-debian-gcc, r-devel-linux-x86_64-fedora-clang, r-devel-linux-x86_64-fedora-gcc, r-devel-windows-ix86+x86_64