CRAN Package Check Results for Package cherry

Last updated on 2015-01-29 03:48:27.

Flavor Version Tinstall Tcheck Ttotal Status Flags
r-devel-linux-x86_64-debian-clang 0.5-10 4.60 54.45 59.06 NOTE
r-devel-linux-x86_64-debian-gcc 0.5-10 3.32 54.02 57.33 NOTE
r-devel-linux-x86_64-fedora-clang 0.5-10 139.50 NOTE
r-devel-linux-x86_64-fedora-gcc 0.5-10 134.08 NOTE
r-devel-osx-x86_64-clang 0.5-10 116.46 NOTE
r-devel-windows-ix86+x86_64 0.5-10 12.00 88.00 100.00 NOTE
r-patched-linux-x86_64 0.5-10 3.76 59.05 62.80 NOTE
r-patched-solaris-sparc 0.5-10 801.50 NOTE
r-patched-solaris-x86 0.5-10 181.70 NOTE
r-release-linux-ix86 0.5-10 4.17 71.26 75.42 NOTE
r-release-linux-x86_64 0.5-10 3.65 60.38 64.03 NOTE
r-release-osx-x86_64-mavericks 0.5-10 NOTE
r-release-osx-x86_64-snowleopard 0.5-10 NOTE
r-release-windows-ix86+x86_64 0.5-10 9.00 91.00 100.00 NOTE
r-oldrel-windows-ix86+x86_64 0.5-10 11.00 129.00 140.00 NOTE

Check Details

Version: 0.5-10
Check: package dependencies
Result: NOTE
    Package suggested but not available for checking: ‘gurobi’
Flavors: r-devel-linux-x86_64-debian-clang, r-devel-linux-x86_64-debian-gcc, r-devel-linux-x86_64-fedora-clang, r-devel-linux-x86_64-fedora-gcc, r-devel-osx-x86_64-clang, r-devel-windows-ix86+x86_64, r-patched-linux-x86_64, r-patched-solaris-sparc, r-patched-solaris-x86, r-release-linux-ix86, r-release-linux-x86_64, r-release-osx-x86_64-mavericks, r-release-osx-x86_64-snowleopard, r-release-windows-ix86+x86_64, r-oldrel-windows-ix86+x86_64

Version: 0.5-10
Check: dependencies in R code
Result: NOTE
    'library' or 'require' call to ‘gurobi’ in package code.
     Please use :: or requireNamespace() instead.
     See section 'Suggested packages' in the 'Writing R Extensions' manual.
Flavors: r-devel-linux-x86_64-debian-clang, r-devel-linux-x86_64-debian-gcc, r-devel-linux-x86_64-fedora-clang, r-devel-linux-x86_64-fedora-gcc, r-devel-osx-x86_64-clang, r-devel-windows-ix86+x86_64