CRAN Package Check Results for Package cherry

Last updated on 2014-12-18 19:50:33.

Flavor Version Tinstall Tcheck Ttotal Status Flags
r-devel-linux-x86_64-debian-clang 0.5-10 4.35 60.25 64.60 NOTE
r-devel-linux-x86_64-debian-gcc 0.5-10 3.46 56.65 60.10 NOTE
r-devel-linux-x86_64-fedora-clang 0.5-10 146.31 NOTE
r-devel-linux-x86_64-fedora-gcc 0.5-10 131.31 NOTE
r-devel-osx-x86_64-clang 0.5-10 119.92 NOTE
r-devel-windows-ix86+x86_64 0.5-10 12.00 85.00 97.00 NOTE
r-patched-linux-x86_64 0.5-10 3.63 59.54 63.17 NOTE
r-patched-solaris-sparc 0.5-10 808.20 NOTE
r-patched-solaris-x86 0.5-10 178.90 NOTE
r-release-linux-ix86 0.5-10 4.25 71.03 75.28 NOTE
r-release-linux-x86_64 0.5-10 3.64 59.75 63.39 NOTE
r-release-osx-x86_64-mavericks 0.5-10 NOTE
r-release-osx-x86_64-snowleopard 0.5-10 NOTE
r-release-windows-ix86+x86_64 0.5-10 10.00 89.00 99.00 NOTE
r-oldrel-windows-ix86+x86_64 0.5-10 10.00 90.00 100.00 NOTE

Check Details

Version: 0.5-10
Check: package dependencies
Result: NOTE
    Package suggested but not available for checking: ‘gurobi’
Flavors: r-devel-linux-x86_64-debian-clang, r-devel-linux-x86_64-debian-gcc, r-devel-linux-x86_64-fedora-clang, r-devel-linux-x86_64-fedora-gcc, r-devel-osx-x86_64-clang, r-devel-windows-ix86+x86_64, r-patched-linux-x86_64, r-patched-solaris-sparc, r-patched-solaris-x86, r-release-linux-ix86, r-release-linux-x86_64, r-release-osx-x86_64-mavericks, r-release-osx-x86_64-snowleopard, r-release-windows-ix86+x86_64, r-oldrel-windows-ix86+x86_64