CRAN Package Check Results for Package cherry

Last updated on 2014-11-25 23:46:42.

Flavor Version Tinstall Tcheck Ttotal Status Flags
r-devel-linux-x86_64-debian-clang 0.5-10 3.52 58.62 62.14 NOTE
r-devel-linux-x86_64-debian-gcc 0.5-10 3.61 56.94 60.56 NOTE
r-devel-linux-x86_64-fedora-clang 0.5-10 150.91 NOTE
r-devel-linux-x86_64-fedora-gcc 0.5-10 133.34 NOTE
r-devel-osx-x86_64-clang 0.5-10 121.12 NOTE
r-devel-windows-ix86+x86_64 0.5-10 11.00 84.00 95.00 NOTE
r-patched-linux-x86_64 0.5-10 3.62 59.69 63.31 NOTE
r-patched-solaris-sparc 0.5-10 808.20 NOTE
r-patched-solaris-x86 0.5-10 182.00 NOTE
r-release-linux-ix86 0.5-10 4.26 70.93 75.19 NOTE
r-release-linux-x86_64 0.5-10 3.65 59.45 63.10 NOTE
r-release-osx-x86_64-mavericks 0.5-10 NOTE
r-release-osx-x86_64-snowleopard 0.5-10 NOTE
r-release-windows-ix86+x86_64 0.5-10 10.00 84.00 94.00 NOTE
r-oldrel-windows-ix86+x86_64 0.5-10 10.00 86.00 96.00 NOTE

Check Details

Version: 0.5-10
Check: package dependencies
Result: NOTE
    Package suggested but not available for checking: ‘gurobi’
Flavors: r-devel-linux-x86_64-debian-clang, r-devel-linux-x86_64-debian-gcc, r-devel-linux-x86_64-fedora-clang, r-devel-linux-x86_64-fedora-gcc, r-devel-osx-x86_64-clang, r-devel-windows-ix86+x86_64, r-patched-linux-x86_64, r-patched-solaris-sparc, r-patched-solaris-x86, r-release-linux-ix86, r-release-linux-x86_64, r-release-osx-x86_64-mavericks, r-release-osx-x86_64-snowleopard, r-release-windows-ix86+x86_64, r-oldrel-windows-ix86+x86_64