CRAN Package Check Results for Package cherry

Last updated on 2014-10-24 19:47:36.

Flavor Version Tinstall Tcheck Ttotal Status Flags
r-devel-linux-x86_64-debian-clang 0.5-10 3.59 57.29 60.88 NOTE
r-devel-linux-x86_64-debian-gcc 0.5-10 3.43 56.75 60.18 NOTE
r-devel-linux-x86_64-fedora-clang 0.5-10 143.00 NOTE
r-devel-linux-x86_64-fedora-gcc 0.5-10 147.39 NOTE
r-devel-osx-x86_64-clang 0.5-10 118.42 NOTE
r-devel-windows-ix86+x86_64 0.5-10 10.00 86.00 96.00 NOTE
r-patched-linux-x86_64 0.5-10 3.62 60.88 64.50 NOTE
r-patched-solaris-sparc 0.5-10 808.20 NOTE
r-patched-solaris-x86 0.5-10 181.40 NOTE
r-release-linux-ix86 0.5-10 4.50 75.59 80.09 NOTE
r-release-linux-x86_64 0.5-10 3.69 61.22 64.91 NOTE
r-release-osx-x86_64-mavericks 0.5-10 NOTE
r-release-osx-x86_64-snowleopard 0.5-10 NOTE
r-release-windows-ix86+x86_64 0.5-10 10.00 97.00 107.00 NOTE
r-oldrel-windows-ix86+x86_64 0.5-10 9.00 83.00 92.00 NOTE

Check Details

Version: 0.5-10
Check: package dependencies
Result: NOTE
    Package suggested but not available for checking: ‘gurobi’
Flavors: r-devel-linux-x86_64-debian-clang, r-devel-linux-x86_64-debian-gcc, r-devel-linux-x86_64-fedora-clang, r-devel-linux-x86_64-fedora-gcc, r-devel-osx-x86_64-clang, r-devel-windows-ix86+x86_64, r-patched-linux-x86_64, r-patched-solaris-sparc, r-patched-solaris-x86, r-release-linux-ix86, r-release-linux-x86_64, r-release-osx-x86_64-mavericks, r-release-osx-x86_64-snowleopard, r-release-windows-ix86+x86_64, r-oldrel-windows-ix86+x86_64