CRAN Package Check Results for Package cherry

Last updated on 2015-03-03 14:47:19.

Flavor Version Tinstall Tcheck Ttotal Status Flags
r-devel-linux-x86_64-debian-clang 0.5-10 3.20 51.44 54.64 NOTE
r-devel-linux-x86_64-debian-gcc 0.5-10 2.86 50.80 53.65 NOTE
r-devel-linux-x86_64-fedora-clang 0.5-10 113.43 NOTE
r-devel-linux-x86_64-fedora-gcc 0.5-10 103.48 NOTE
r-devel-osx-x86_64-clang 0.5-10 103.77 NOTE
r-devel-windows-ix86+x86_64 0.5-10 12.00 100.00 112.00 NOTE
r-patched-linux-x86_64 0.5-10 3.70 60.20 63.90 NOTE
r-patched-solaris-sparc 0.5-10 830.80 NOTE
r-patched-solaris-x86 0.5-10 183.70 NOTE
r-release-linux-ix86 0.5-10 4.31 75.04 79.35 NOTE
r-release-linux-x86_64 0.5-10 3.74 59.44 63.18 NOTE
r-release-osx-x86_64-mavericks 0.5-10 NOTE
r-release-osx-x86_64-snowleopard 0.5-10 NOTE
r-release-windows-ix86+x86_64 0.5-10 16.00 119.00 135.00 NOTE
r-oldrel-windows-ix86+x86_64 0.5-10 11.00 92.00 103.00 NOTE

Check Details

Version: 0.5-10
Check: package dependencies
Result: NOTE
    Package suggested but not available for checking: ‘gurobi’
Flavors: r-devel-linux-x86_64-debian-clang, r-devel-linux-x86_64-debian-gcc, r-devel-linux-x86_64-fedora-clang, r-devel-linux-x86_64-fedora-gcc, r-devel-osx-x86_64-clang, r-devel-windows-ix86+x86_64, r-patched-linux-x86_64, r-patched-solaris-sparc, r-patched-solaris-x86, r-release-linux-ix86, r-release-linux-x86_64, r-release-osx-x86_64-mavericks, r-release-osx-x86_64-snowleopard, r-release-windows-ix86+x86_64, r-oldrel-windows-ix86+x86_64

Version: 0.5-10
Check: dependencies in R code
Result: NOTE
    'library' or 'require' call to ‘gurobi’ in package code.
     Please use :: or requireNamespace() instead.
     See section 'Suggested packages' in the 'Writing R Extensions' manual.
Flavors: r-devel-linux-x86_64-debian-clang, r-devel-linux-x86_64-debian-gcc, r-devel-linux-x86_64-fedora-clang, r-devel-linux-x86_64-fedora-gcc, r-devel-osx-x86_64-clang, r-devel-windows-ix86+x86_64, r-patched-linux-x86_64, r-patched-solaris-sparc, r-patched-solaris-x86