CRAN Package Check Results for Package cherry

Last updated on 2015-04-28 03:47:14.

Flavor Version Tinstall Tcheck Ttotal Status Flags
r-devel-linux-x86_64-debian-clang 0.5-10 2.81 51.22 54.03 NOTE
r-devel-linux-x86_64-debian-gcc 0.5-10 3.68 51.71 55.38 NOTE
r-devel-linux-x86_64-fedora-clang 0.5-10 113.12 NOTE
r-devel-linux-x86_64-fedora-gcc 0.5-10 103.58 NOTE
r-devel-osx-x86_64-clang 0.5-10 92.76 NOTE
r-devel-windows-ix86+x86_64 0.5-10 9.00 79.00 88.00 NOTE
r-patched-linux-x86_64 0.5-10 2.79 51.22 54.01 NOTE
r-patched-solaris-sparc 0.5-10 682.50 NOTE
r-patched-solaris-x86 0.5-10 144.20 NOTE
r-release-linux-x86_64 0.5-10 2.73 49.38 52.12 NOTE
r-release-osx-x86_64-mavericks 0.5-10 NOTE
r-release-osx-x86_64-snowleopard 0.5-10 ERROR
r-release-windows-ix86+x86_64 0.5-10 11.00 102.00 113.00 NOTE
r-oldrel-windows-ix86+x86_64 0.5-10 10.00 86.00 96.00 NOTE

Check Details

Version: 0.5-10
Check: package dependencies
Result: NOTE
    Package suggested but not available for checking: ‘gurobi’
Flavors: r-devel-linux-x86_64-debian-clang, r-devel-linux-x86_64-debian-gcc, r-devel-linux-x86_64-fedora-clang, r-devel-linux-x86_64-fedora-gcc, r-devel-osx-x86_64-clang, r-devel-windows-ix86+x86_64, r-patched-solaris-sparc, r-patched-solaris-x86, r-release-linux-x86_64, r-release-osx-x86_64-mavericks, r-release-windows-ix86+x86_64, r-oldrel-windows-ix86+x86_64

Version: 0.5-10
Check: dependencies in R code
Result: NOTE
    'library' or 'require' call to ‘gurobi’ in package code.
     Please use :: or requireNamespace() instead.
     See section 'Suggested packages' in the 'Writing R Extensions' manual.
Flavors: r-devel-linux-x86_64-debian-clang, r-devel-linux-x86_64-debian-gcc, r-devel-linux-x86_64-fedora-clang, r-devel-linux-x86_64-fedora-gcc, r-devel-osx-x86_64-clang, r-devel-windows-ix86+x86_64, r-patched-solaris-sparc, r-patched-solaris-x86, r-release-linux-x86_64, r-release-osx-x86_64-mavericks, r-release-osx-x86_64-snowleopard, r-release-windows-ix86+x86_64, r-oldrel-windows-ix86+x86_64

Version: 0.5-10
Check: package dependencies
Result: NOTE
    Packages suggested but not available for checking: ‘multtest’ ‘gurobi’
Flavor: r-release-osx-x86_64-snowleopard

Version: 0.5-10
Check: examples
Result: ERROR
    Running examples in ‘cherry-Ex.R’ failed
    The error most likely occurred in:
    
    > ### Name: Select with shortcuts
    > ### Title: Confidence limits for the number of true hypotheses, with
    > ### shortcuts.
    > ### Aliases: pickFisher pickSimes pickMeinshausen curveFisher curveSimes
    > ### curveMeinshausen
    > ### Keywords: htest
    >
    > ### ** Examples
    >
    > # Fisher's method
    > data(NAEP)
    > pickFisher(NAEP, c("NH", "NC", "IA"))
    Rejected 3 hypotheses at confidence level 0.95.
    Correct rejections >= 2; False rejections <= 1.
    > pickFisher(NAEP, 1:7)
    Rejected 7 hypotheses at confidence level 0.95.
    Correct rejections >= 6; False rejections <= 1.
    > curveFisher(NAEP)
    > curveFisher(NAEP, order=7:1)
    >
    >
    > # Simes method
    > pickSimes(NAEP, c("NH", "NC", "IA"))
    Rejected 3 hypotheses. At confidence level 0.95:
    Correct rejections >= 2; False rejections <= 1.
    > pickSimes(NAEP, 1:7)
    Rejected 7 hypotheses. At confidence level 0.95:
    Correct rejections >= 6; False rejections <= 1.
    > curveSimes(NAEP)
    > curveSimes(NAEP, select=1:7)
    >
    > # Meinshausen's method
    > library(multtest)
    Error in library(multtest) : there is no package called ‘multtest’
    Execution halted
Flavor: r-release-osx-x86_64-snowleopard