CRAN Package Check Results for Package cherry

Last updated on 2014-09-16 14:47:27.

Flavor Version Tinstall Tcheck Ttotal Status Flags
r-devel-linux-x86_64-debian-clang 0.5-10 3.69 60.20 63.89 NOTE
r-devel-linux-x86_64-debian-gcc 0.5-10 3.49 55.86 59.34 NOTE
r-devel-linux-x86_64-fedora-clang 0.5-10 145.02 NOTE
r-devel-linux-x86_64-fedora-gcc 0.5-10 142.72 NOTE
r-devel-osx-x86_64-clang 0.5-10 110.73 NOTE
r-devel-windows-ix86+x86_64 0.5-10 10.00 87.00 97.00 NOTE
r-patched-linux-x86_64 0.5-10 3.89 59.70 63.59 NOTE
r-patched-solaris-sparc 0.5-10 808.20 NOTE
r-patched-solaris-x86 0.5-10 183.00 NOTE
r-release-linux-ix86 0.5-10 4.42 75.02 79.45 NOTE
r-release-linux-x86_64 0.5-10 3.68 61.02 64.70 NOTE
r-release-osx-x86_64-mavericks 0.5-10 NOTE
r-release-osx-x86_64-snowleopard 0.5-10 NOTE
r-release-windows-ix86+x86_64 0.5-10 9.00 87.00 96.00 NOTE
r-oldrel-windows-ix86+x86_64 0.5-10 12.00 83.00 95.00 NOTE

Check Details

Version: 0.5-10
Check: package dependencies
Result: NOTE
    Package suggested but not available for checking: ‘gurobi’
Flavors: r-devel-linux-x86_64-debian-clang, r-devel-linux-x86_64-debian-gcc, r-devel-linux-x86_64-fedora-clang, r-devel-linux-x86_64-fedora-gcc, r-devel-osx-x86_64-clang, r-devel-windows-ix86+x86_64, r-patched-linux-x86_64, r-patched-solaris-sparc, r-patched-solaris-x86, r-release-linux-ix86, r-release-linux-x86_64, r-release-osx-x86_64-mavericks, r-release-osx-x86_64-snowleopard, r-release-windows-ix86+x86_64, r-oldrel-windows-ix86+x86_64