Last updated on 2023-09-28 19:59:36 CEST.
Flavor | Version | Tinstall | Tcheck | Ttotal | Status | Flags |
---|---|---|---|---|---|---|
r-devel-linux-x86_64-debian-clang | 0.73.1 | 46.02 | 294.09 | 340.11 | OK | |
r-devel-linux-x86_64-debian-gcc | 0.73.1 | 29.25 | 217.15 | 246.40 | OK | |
r-devel-linux-x86_64-fedora-clang | 0.73.1 | 422.25 | NOTE | |||
r-devel-linux-x86_64-fedora-gcc | 0.73.1 | 437.46 | OK | |||
r-devel-windows-x86_64 | 0.73.1 | 36.00 | 280.00 | 316.00 | OK | |
r-patched-linux-x86_64 | 0.73.1 | 48.63 | 280.99 | 329.62 | OK | |
r-release-linux-x86_64 | 0.73.1 | 38.30 | 283.37 | 321.67 | OK | |
r-release-macos-arm64 | 0.73.1 | 115.00 | OK | |||
r-release-macos-x86_64 | 0.73.1 | 261.00 | OK | |||
r-release-windows-x86_64 | 0.73.1 | 53.00 | 354.00 | 407.00 | OK | |
r-oldrel-macos-arm64 | 0.73.1 | 116.00 | OK | |||
r-oldrel-macos-x86_64 | 0.73.1 | 153.00 | OK | |||
r-oldrel-windows-x86_64 | 0.73.1 | 48.00 | 311.00 | 359.00 | OK |
Version: 0.73.1
Check: package dependencies
Result: NOTE
Imports includes 26 non-default packages.
Importing from so many packages makes the package vulnerable to any of
them becoming unavailable. Move as many as possible to Suggests and
use conditionally.
Flavor: r-devel-linux-x86_64-fedora-clang