CRAN Package Check Results for Package chinese.misc

Last updated on 2020-02-25 03:46:55 CET.

Flavor Version Tinstall Tcheck Ttotal Status Flags
r-devel-linux-x86_64-debian-clang 0.2.1 9.66 73.30 82.96 OK
r-devel-linux-x86_64-debian-gcc 0.2.1 8.93 60.64 69.57 OK
r-devel-linux-x86_64-fedora-clang 0.2.1 98.30 OK
r-devel-linux-x86_64-fedora-gcc 0.2.1 108.34 OK
r-devel-windows-ix86+x86_64 0.2.1 22.00 102.00 124.00 OK
r-devel-windows-ix86+x86_64-gcc8 0.2.1 30.00 121.00 151.00 OK
r-patched-linux-x86_64 0.2.1 8.43 70.18 78.61 OK
r-patched-solaris-x86 0.2.1 187.70 OK
r-release-linux-x86_64 0.2.1 9.94 70.70 80.64 OK
r-release-windows-ix86+x86_64 0.2.1 22.00 102.00 124.00 OK
r-release-osx-x86_64 0.2.1 OK
r-oldrel-windows-ix86+x86_64 0.2.0 21.00 135.00 156.00 OK
r-oldrel-osx-x86_64 0.2.1 ERROR

Check Details

Version: 0.2.1
Check: whether package can be installed
Result: ERROR
    Installation failed.
Flavor: r-oldrel-osx-x86_64