CRAN Package Check Results for Package chipPCR

Last updated on 2014-04-23 20:47:09.

Flavor Version Tinstall Tcheck Ttotal Status Flags
r-devel-linux-x86_64-debian-clang 0.0.5 1.12 16.02 17.14 OK
r-devel-linux-x86_64-debian-gcc 0.0.5 1.24 16.19 17.44 OK
r-devel-linux-x86_64-fedora-clang 0.0.5 32.74 OK
r-devel-linux-x86_64-fedora-gcc 0.0.5 31.39 OK
r-devel-osx-x86_64-clang 0.0.5 32.09 OK
r-devel-osx-x86_64-gcc 0.0.5 ERROR
r-devel-windows-ix86+x86_64 0.0.5 4.00 26.00 30.00 OK
r-patched-linux-x86_64 0.0.5 1.10 15.94 17.04 OK
r-patched-solaris-sparc 0.0.5 193.30 OK
r-patched-solaris-x86 0.0.5 47.20 OK
r-release-linux-ix86 0.0.5 2.00 32.00 34.00 OK
r-release-linux-x86_64 0.0.5 1.11 16.13 17.24 OK
r-release-osx-x86_64-mavericks 0.0.5 OK
r-release-osx-x86_64-snowleopard 0.0.5 OK
r-release-windows-ix86+x86_64 0.0.5 4.00 26.00 30.00 OK
r-oldrel-windows-ix86+x86_64 0.0.5 4.00 29.00 33.00 OK

Check Details

Version: 0.0.5
Check: package dependencies
Result: ERROR
    Package required but not available: ‘robustbase’
    
    See the information on DESCRIPTION files in the chapter ‘Creating R
    packages’ of the ‘Writing R Extensions’ manual.
Flavor: r-devel-osx-x86_64-gcc