CRAN Package Check Results for Package chipPCR

Last updated on 2015-09-03 23:47:25.

Flavor Version Tinstall Tcheck Ttotal Status Flags
r-devel-linux-x86_64-debian-clang 0.0.8-10 6.02 98.34 104.35 NOTE
r-devel-linux-x86_64-debian-gcc 0.0.8-10 5.06 92.91 97.97 NOTE
r-devel-linux-x86_64-fedora-clang 0.0.8-10 203.27 NOTE
r-devel-linux-x86_64-fedora-gcc 0.0.8-10 199.82 NOTE
r-devel-osx-x86_64-clang 0.0.8-10 166.23 OK
r-devel-windows-ix86+x86_64 0.0.8-10 16.00 149.00 165.00 NOTE
r-patched-linux-x86_64 0.0.8-10 6.39 99.87 106.26 OK
r-patched-solaris-sparc 0.0.8-10 969.10 OK
r-patched-solaris-x86 0.0.8-10 269.20 OK
r-release-linux-x86_64 0.0.8-10 5.56 94.80 100.36 OK
r-release-osx-x86_64-mavericks 0.0.8-10 OK
r-release-windows-ix86+x86_64 0.0.8-10 23.00 152.00 175.00 OK
r-oldrel-windows-ix86+x86_64 0.0.8-10 33.00 194.00 227.00 OK

Check Details

Version: 0.0.8-10
Check: R code for possible problems
Result: NOTE
    AmpSim: no visible global function definition for ‘sd’
    AmpSim: no visible global function definition for ‘rnorm’
    RGt: no visible global function definition for ‘na.omit’
    RGt : <anonymous>: no visible global function definition for ‘lm’
    amptester: no visible global function definition for ‘shapiro.test’
    amptester : <anonymous>: no visible global function definition for ‘lm’
    amptester : <anonymous>: no visible global function definition for
     ‘cor’
    amptester : <anonymous>: no visible global function definition for
     ‘rstudent’
    amptester: no visible global function definition for ‘na.omit’
    amptester: no visible global function definition for ‘median’
    amptester: no visible global function definition for ‘mad’
    amptester: no visible global function definition for ‘rnorm’
    amptester: no visible global function definition for ‘wilcox.test’
    amptester: no visible global function definition for ‘head’
    amptester: no visible global function definition for ‘tail’
    amptester : pco: no visible global function definition for ‘predict’
    amptester : pco: no visible global function definition for
     ‘smooth.spline’
    amptester: no visible global function definition for ‘coef’
    amptester: no visible global function definition for ‘lm’
    lm.coefs : lm.fit : <anonymous>: no visible global function definition
     for ‘lm’
    normalizer : <anonymous>: no visible global function definition for
     ‘quantile’
    normalizer : <anonymous>: no visible global function definition for
     ‘sd’
    plotCurves: no visible global function definition for ‘matplot’
    plotCurves: no visible global function definition for ‘par’
    plotCurves: no visible global function definition for ‘layout’
    plotCurves : <anonymous>: no visible global function definition for
     ‘rect’
    plotCurves : <anonymous>: no visible global function definition for
     ‘par’
    plotCurves : <anonymous>: no visible global function definition for
     ‘text’
    plotCurves : <anonymous>: no visible global function definition for
     ‘rug’
    plotCurves : <anonymous>: no visible global function definition for
     ‘axis’
    plotCurves : <anonymous>: no visible global function definition for
     ‘lines’
    rtg.test : <anonymous>: no visible global function definition for ‘lm’
    rtg.test : <anonymous>: no visible global function definition for ‘cor’
    rtg.test : <anonymous>: no visible global function definition for
     ‘rstudent’
    th.cyc: no visible global function definition for ‘quantile’
    th.cyc: no visible global function definition for ‘mad’
    th.est: no visible global function definition for ‘tail’
    th.est: no visible global function definition for ‘head’
    th.est: no visible global function definition for ‘lm’
    plot,amptest-ANY: no visible global function definition for ‘head’
    plot,amptest-ANY: no visible global function definition for ‘tail’
    plot,amptest-ANY: no visible global function definition for ‘median’
    plot,amptest-ANY: no visible global function definition for ‘mad’
    plot,amptest-ANY: no visible global function definition for
     ‘shapiro.test’
    plot,amptest-ANY: no visible global function definition for
     ‘wilcox.test’
    plot,amptest-ANY: no visible global function definition for ‘layout’
    plot,amptest-ANY: no visible global function definition for ‘abline’
    plot,amptest-ANY: no visible global function definition for ‘text’
    plot,amptest-ANY: no visible global function definition for ‘arrows’
    plot,amptest-ANY: no visible global function definition for ‘mtext’
    plot,amptest-ANY: no visible global function definition for ‘axis’
    plot,bg-ANY: no visible global function definition for ‘abline’
    plot,bg-ANY: no visible global function definition for ‘text’
    plot,der-ANY: no visible global function definition for ‘points’
    plot,eff-ANY: no visible global function definition for ‘predict.lm’
    plot,eff-ANY: no visible global function definition for ‘polygon’
    plot,eff-ANY: no visible global function definition for ‘adjustcolor’
    plot,eff-ANY: no visible global function definition for ‘arrows’
    plot,eff-ANY: no visible global function definition for ‘abline’
    plot,eff-ANY: no visible global function definition for ‘legend’
    plot,refMFI-ANY: no visible global function definition for ‘par’
    plot,refMFI-ANY: no visible global function definition for ‘layout’
    plot,refMFI-ANY: no visible global function definition for ‘arrows’
    plot,refMFI-ANY: no visible global function definition for ‘mtext’
    plot,refMFI-ANY: no visible global function definition for ‘abline’
    plot,refMFI-refMFI: no visible global function definition for ‘par’
    plot,refMFI-refMFI: no visible global function definition for ‘layout’
    plot,refMFI-refMFI: no visible global function definition for ‘points’
    plot,refMFI-refMFI: no visible global function definition for
     ‘adjustcolor’
    plot,refMFI-refMFI: no visible global function definition for ‘arrows’
    plot,refMFI-refMFI: no visible global function definition for ‘mtext’
    plot,refMFI-refMFI: no visible global function definition for ‘abline’
    plot,refMFI-refMFI: no visible global function definition for ‘legend’
    plot,refMFI-refMFI: no visible global function definition for ‘lines’
    qqline,refMFI: no visible binding for global variable ‘qnorm’
    Undefined global functions or variables:
     abline adjustcolor arrows axis coef cor head layout legend lines lm
     mad matplot median mtext na.omit par points polygon predict
     predict.lm qnorm quantile rect rnorm rstudent rug sd shapiro.test
     smooth.spline tail text wilcox.test
    Consider adding
     importFrom("grDevices", "adjustcolor")
     importFrom("graphics", "abline", "arrows", "axis", "layout", "legend",
     "lines", "matplot", "mtext", "par", "points", "polygon",
     "rect", "rug", "text")
     importFrom("stats", "coef", "cor", "lm", "mad", "median", "na.omit",
     "predict", "predict.lm", "qnorm", "quantile", "rnorm",
     "rstudent", "sd", "shapiro.test", "smooth.spline",
     "wilcox.test")
     importFrom("utils", "head", "tail")
    to your NAMESPACE.
Flavors: r-devel-linux-x86_64-debian-clang, r-devel-linux-x86_64-debian-gcc, r-devel-linux-x86_64-fedora-clang, r-devel-linux-x86_64-fedora-gcc, r-devel-windows-ix86+x86_64