CRAN Package Check Results for Package chipPCR

Last updated on 2014-09-16 08:49:40.

Flavor Version Tinstall Tcheck Ttotal Status Flags
r-devel-linux-x86_64-debian-clang 0.0.8-1 4.22 96.08 100.30 OK
r-devel-linux-x86_64-debian-gcc 0.0.8-1 4.10 94.41 98.51 OK
r-devel-linux-x86_64-fedora-clang 0.0.8-1 218.30 OK
r-devel-linux-x86_64-fedora-gcc 0.0.8-1 218.68 OK
r-devel-osx-x86_64-clang 0.0.8-1 163.36 OK
r-devel-windows-ix86+x86_64 0.0.8-1 14.00 142.00 156.00 OK
r-patched-linux-x86_64 0.0.8-1 4.45 101.24 105.70 OK
r-patched-solaris-sparc 0.0.8-1 1144.10 OK
r-patched-solaris-x86 0.0.8-1 258.50 OK
r-release-linux-ix86 0.0.8-1 5.46 123.12 128.58 OK
r-release-linux-x86_64 0.0.8-1 4.59 105.74 110.33 OK
r-release-osx-x86_64-mavericks 0.0.8-1 NOTE
r-release-osx-x86_64-snowleopard 0.0.8-1 OK
r-release-windows-ix86+x86_64 0.0.8-1 12.00 138.00 150.00 OK
r-oldrel-windows-ix86+x86_64 0.0.8-1 16.00 157.00 173.00 OK

Check Details

Version: 0.0.8-1
Check: re-building of vignette outputs
Result: NOTE
    Error in re-building vignettes:
     ...
    The data should be visually inspected with a plot (see examples of diffQ).
    Approximate and calculated Tm varri. This is an expected behaviour
    but the calculation should be confirmed with a plot (see examples of diffQ).
    The distribution of the curve data indicates noise.
    The data should be visually inspected with a plot (see examples of diffQ).
    Approximate and calculated Tm varri. This is an expected behaviour
    but the calculation should be confirmed with a plot (see examples of diffQ).
    The distribution of the curve data indicates noise.
    The data should be visually inspected with a plot (see examples of diffQ).
    NA values introduced by smoothing method mova. fixNA() used.
    NA values introduced by smoothing method mova. fixNA() used.
    NA values introduced by smoothing method mova. fixNA() used.
    NA values introduced by smoothing method mova. fixNA() used.
    Error in texi2dvi(file = file, pdf = TRUE, clean = clean, quiet = quiet, :
     Running 'texi2dvi' on 'chipPCR.tex' failed.
    LaTeX errors:
    ! LaTeX Error: File `titlesec.sty' not found.
    
    Type X to quit or <RETURN> to proceed,
    or enter new name. (Default extension: sty)
    
    _test/chipPCR/vignettes/chipPCR.tex:55: ==> Fatal error occurred, no output PD
    F file produced!
    Calls: buildVignettes -> texi2pdf -> texi2dvi
    Execution halted
Flavor: r-release-osx-x86_64-mavericks