CRAN Package Check Results for Package chipPCR

Last updated on 2015-05-28 11:48:17.

Flavor Version Tinstall Tcheck Ttotal Status Flags
r-devel-linux-x86_64-debian-clang 0.0.8-10 3.57 77.00 80.57 OK
r-devel-linux-x86_64-debian-gcc 0.0.8-10 3.17 72.32 75.49 OK
r-devel-linux-x86_64-fedora-clang 0.0.8-10 159.23 OK
r-devel-linux-x86_64-fedora-gcc 0.0.8-10 152.51 OK
r-devel-osx-x86_64-clang 0.0.8-10 130.59 OK
r-devel-windows-ix86+x86_64 0.0.8-10 11.00 120.00 131.00 OK
r-patched-linux-x86_64 0.0.8-10 3.23 81.05 84.28 OK
r-patched-solaris-sparc 0.0.8-10 966.00 OK
r-patched-solaris-x86 0.0.8-10 194.80 OK
r-release-linux-x86_64 0.0.8-10 3.31 75.54 78.84 OK
r-release-osx-x86_64-mavericks 0.0.8-10 OK
r-release-osx-x86_64-snowleopard 0.0.8-10 ERROR
r-release-windows-ix86+x86_64 0.0.8-10 12.00 120.00 132.00 OK
r-oldrel-windows-ix86+x86_64 0.0.8-10 18.00 149.00 167.00 OK

Check Details

Version: 0.0.8-10
Check: package dependencies
Result: ERROR
    Packages required but not available: ‘lmtest’ ‘quantreg’ ‘Rfit’
    
    Packages suggested but not available for checking: ‘drc’ ‘knitr’ ‘RDML’
    
    VignetteBuilder package required for checking but not installed: ‘knitr’
    
    Files named as vignettes but with no recognized vignette engine:
     ‘inst/doc/chipPCR.Rnw’
    (Is a VignetteBuilder field missing?)
    
    See section ‘The DESCRIPTION file’ in the ‘Writing R Extensions’
    manual.
Flavor: r-release-osx-x86_64-snowleopard