CRAN Package Check Results for Package chngpt

Last updated on 2015-07-03 07:47:50.

Flavor Version Tinstall Tcheck Ttotal Status Flags
r-devel-linux-x86_64-debian-clang 2014.12-2 0.61 14.85 15.46 NOTE
r-devel-linux-x86_64-debian-gcc 2014.12-2 0.59 15.77 16.36 NOTE
r-devel-linux-x86_64-fedora-clang 2014.12-2 30.02 NOTE
r-devel-linux-x86_64-fedora-gcc 2014.12-2 27.94 NOTE
r-devel-osx-x86_64-clang 2014.12-2 30.34 NOTE
r-devel-windows-ix86+x86_64 2014.12-2 3.00 30.00 33.00 NOTE
r-patched-linux-x86_64 2014.12-2 0.68 15.46 16.14 NOTE
r-patched-solaris-sparc 2014.12-2 215.60 NOTE
r-patched-solaris-x86 2014.12-2 44.10 NOTE
r-release-linux-x86_64 2014.12-2 0.62 15.88 16.50 NOTE
r-release-osx-x86_64-mavericks 2014.12-2 NOTE
r-release-windows-ix86+x86_64 2014.12-2 3.00 31.00 34.00 NOTE
r-oldrel-windows-ix86+x86_64 2014.12-2 4.00 35.00 39.00 NOTE

Check Details

Version: 2014.12-2
Check: dependencies in R code
Result: NOTE
    'library' or 'require' call to ‘mvtnorm’ in package code.
     Please use :: or requireNamespace() instead.
     See section 'Suggested packages' in the 'Writing R Extensions' manual.
Flavors: r-devel-linux-x86_64-debian-clang, r-devel-linux-x86_64-debian-gcc, r-devel-linux-x86_64-fedora-clang, r-devel-linux-x86_64-fedora-gcc, r-devel-osx-x86_64-clang, r-devel-windows-ix86+x86_64, r-patched-linux-x86_64, r-patched-solaris-sparc, r-patched-solaris-x86, r-release-linux-x86_64, r-release-osx-x86_64-mavericks, r-release-windows-ix86+x86_64, r-oldrel-windows-ix86+x86_64

Version: 2014.12-2
Check: S3 generic/method consistency
Result: NOTE
    Found the following apparent S3 methods exported but not registered:
     coef.chngptm plot.chngpt.test print.chngptm summary.chngptm
     vcov.chngptm
    See section ‘Registering S3 methods’ in the ‘Writing R Extensions’
    manual.
Flavors: r-devel-linux-x86_64-debian-clang, r-devel-linux-x86_64-debian-gcc, r-devel-linux-x86_64-fedora-clang, r-devel-linux-x86_64-fedora-gcc, r-devel-osx-x86_64-clang, r-patched-linux-x86_64, r-patched-solaris-sparc, r-patched-solaris-x86, r-release-linux-x86_64

Version: 2014.12-2
Check: R code for possible problems
Result: NOTE
    antoch.test: no visible global function definition for ‘model.frame’
    antoch.test: no visible global function definition for ‘glm’
    antoch.test: no visible global function definition for ‘predict’
    antoch.test: no visible global function definition for ‘plot’
    chngpt.test: no visible global function definition for ‘complete.cases’
    chngpt.test: no visible global function definition for ‘model.frame’
    chngpt.test: no visible binding for global variable ‘na.pass’
    chngpt.test: no visible global function definition for ‘model.matrix’
    chngpt.test: no visible global function definition for ‘glm’
    chngpt.test: no visible global function definition for ‘coef’
    chngpt.test: no visible global function definition for ‘quantile’
    chngpt.test: no visible global function definition for ‘update’
    chngpt.test: no visible global function definition for ‘as.formula’
    chngpt.test: no visible global function definition for ‘pnorm’
    chngpt.test: no visible global function definition for ‘pchisq’
    chngpt.test: no visible global function definition for ‘cov2cor’
    chngptm: no visible global function definition for ‘update’
    chngptm: no visible global function definition for ‘complete.cases’
    chngptm: no visible global function definition for ‘model.frame’
    chngptm: no visible binding for global variable ‘na.pass’
    chngptm: no visible global function definition for ‘model.matrix’
    chngptm: no visible global function definition for ‘as.formula’
    chngptm : <anonymous>: no visible global function definition for ‘glm’
    chngptm : <anonymous>: no visible global function definition for
     ‘logLik’
    chngptm: no visible global function definition for ‘glm’
    chngptm: no visible global function definition for ‘coef’
    chngptm: no visible global function definition for ‘optim’
    chngptm: no visible global function definition for ‘quantile’
    chngptm: no visible global function definition for ‘deriv3’
    plot.chngpt.test: no visible global function definition for ‘plot’
    plot.chngpt.test: no visible global function definition for ‘abline’
    sim.my: no visible global function definition for ‘rnorm’
    sim.my: no visible global function definition for ‘runif’
    sim.my: no visible global function definition for ‘rgamma’
    sim.my: no visible global function definition for ‘median’
    sim.my: no visible global function definition for ‘quantile’
    sim.pastor: no visible global function definition for ‘rbeta’
    sim.pastor: no visible global function definition for ‘median’
    sim.sigmoid: no visible global function definition for ‘rnorm’
    sim.sigmoid: no visible global function definition for ‘runif’
    sim.sigmoid: no visible global function definition for ‘rgamma’
    sim.sigmoid: no visible global function definition for ‘median’
    sim.sigmoid: no visible global function definition for ‘quantile’
    summary.chngptm : <anonymous>: no visible global function definition
     for ‘pt’
    summary.chngptm : <anonymous>: no visible global function definition
     for ‘qt’
    summary.chngptm: no visible global function definition for ‘pt’
    summary.chngptm: no visible global function definition for ‘qt’
    Undefined global functions or variables:
     abline as.formula coef complete.cases cov2cor deriv3 glm logLik
     median model.frame model.matrix na.pass optim pchisq plot pnorm
     predict pt qt quantile rbeta rgamma rnorm runif update
Flavors: r-devel-linux-x86_64-debian-clang, r-devel-linux-x86_64-debian-gcc, r-devel-linux-x86_64-fedora-clang, r-devel-linux-x86_64-fedora-gcc, r-devel-windows-ix86+x86_64