CRAN Package Check Results for Package chngpt

Last updated on 2017-12-17 21:47:27 CET.

Flavor Version Tinstall Tcheck Ttotal Status Flags
r-devel-linux-x86_64-debian-clang 2017.12-3 8.62 67.44 76.06 WARN
r-devel-linux-x86_64-debian-gcc OK
r-devel-linux-x86_64-fedora-clang 2017.12-3 99.46 WARN
r-devel-linux-x86_64-fedora-gcc 2017.12-3 98.41 OK
r-devel-windows-ix86+x86_64 2017.12-3 19.00 102.00 121.00 OK
r-patched-linux-x86_64 2017.12-3 8.44 72.65 81.09 OK
r-patched-solaris-x86 2017.12-3 6.90 ERROR
r-release-linux-x86_64 2017.12-3 9.07 72.61 81.68 OK
r-release-windows-ix86+x86_64 2017.12-3 20.00 113.00 133.00 OK
r-release-osx-x86_64 2017.12-3 WARN
r-oldrel-windows-ix86+x86_64 2017.12-3 29.00 123.00 152.00 OK
r-oldrel-osx-x86_64 2017.12-3 WARN

Check Details

Version: 2017.12-3
Check: whether package can be installed
Result: WARN
    Found the following significant warnings:
     chnpgt_boot.cc:70:19: warning: 'crossprod1' has C-linkage specified, but returns user-defined type 'Matrix<>' which is incompatible with C [-Wreturn-type-c-linkage]
Flavors: r-devel-linux-x86_64-debian-clang, r-devel-linux-x86_64-fedora-clang, r-release-osx-x86_64, r-oldrel-osx-x86_64

Version: 2017.12-3
Check: whether package can be installed
Result: ERROR
    Installation failed.
Flavor: r-patched-solaris-x86