CRAN Package Check Results for Package chngpt

Last updated on 2014-08-29 05:47:15.

Flavor Version Tinstall Tcheck Ttotal Status Flags
r-devel-linux-x86_64-debian-clang 2014.5-29 0.64 15.96 16.61 NOTE
r-devel-linux-x86_64-debian-gcc 2014.5-29 0.64 16.13 16.77 NOTE
r-devel-linux-x86_64-fedora-clang 2014.5-29 33.61 NOTE
r-devel-linux-x86_64-fedora-gcc 2014.5-29 32.03 NOTE
r-devel-osx-x86_64-clang 2014.5-29 35.02 NOTE
r-devel-windows-ix86+x86_64 2014.5-29 3.00 28.00 31.00 NOTE
r-patched-linux-x86_64 2014.5-29 0.68 16.50 17.19 OK
r-patched-solaris-sparc 2014.5-29 235.50 OK
r-patched-solaris-x86 2014.5-29 46.30 OK
r-release-linux-ix86 2014.5-29 1.06 25.01 26.07 OK
r-release-linux-x86_64 2014.5-29 0.73 17.01 17.74 OK
r-release-osx-x86_64-mavericks 2014.5-29 OK
r-release-osx-x86_64-snowleopard 2014.5-29 OK
r-release-windows-ix86+x86_64 2014.5-29 3.00 33.00 36.00 OK
r-oldrel-windows-ix86+x86_64 2014.5-29 3.00 28.00 31.00 OK

Check Details

Version: 2014.5-29
Check: R code for possible problems
Result: NOTE
    chngpt.test: no visible global function definition for ‘myprint’
    chngptm: no visible global function definition for ‘myprint’
    chngptm: no visible global function definition for ‘concatList’
    sim.my: no visible global function definition for ‘endsWith’
    sim.sigmoid: no visible global function definition for ‘rmvnorm’
    summary.chngptm: no visible global function definition for ‘mysapply’
Flavors: r-devel-linux-x86_64-debian-clang, r-devel-linux-x86_64-debian-gcc, r-devel-linux-x86_64-fedora-clang, r-devel-linux-x86_64-fedora-gcc, r-devel-osx-x86_64-clang, r-devel-windows-ix86+x86_64