CRAN Package Check Results for Package chngpt

Last updated on 2016-10-01 20:47:11.

Flavor Version Tinstall Tcheck Ttotal Status Flags
r-devel-linux-x86_64-debian-clang 2016.7-31 2.44 53.55 55.99 OK
r-devel-linux-x86_64-debian-gcc 2016.7-31 2.31 48.47 50.78 OK
r-devel-linux-x86_64-fedora-clang 2016.7-31 114.77 OK
r-devel-linux-x86_64-fedora-gcc 2016.7-31 108.46 OK
r-devel-macos-x86_64-clang 2016.7-31 76.40 OK
r-devel-windows-ix86+x86_64 2016.7-31 13.00 121.00 134.00 OK
r-patched-linux-x86_64 2016.7-31 2.17 48.30 50.46 OK
r-patched-solaris-sparc 2016.7-31 607.30 OK
r-patched-solaris-x86 2016.7-31 131.20 OK
r-release-linux-x86_64 2016.7-31 2.53 48.72 51.25 OK
r-release-osx-x86_64-mavericks 2016.7-31 OK
r-release-windows-ix86+x86_64 2016.7-31 6.00 80.00 86.00 OK
r-oldrel-windows-ix86+x86_64 2016.7-9 7.00 63.00 70.00 ERROR

Check Details

Version: 2016.7-9
Check: R code for possible problems
Result: NOTE
    chngpt.test.2: no visible global function definition for 'startsWith'
    sim.chngpt: no visible global function definition for 'startsWith'
    sim.my: no visible global function definition for 'endsWith'
    sim.my: no visible global function definition for 'startsWith'
Flavor: r-oldrel-windows-ix86+x86_64

Version: 2016.7-9
Check: examples
Result: ERROR
    Running examples in 'chngpt-Ex.R' failed
    The error most likely occurred in:
    
    > ### Name: chngpt.test
    > ### Title: Change Point Tests
    > ### Aliases: antoch.test chngpt.test plot.chngpt.test
    >
    > ### ** Examples
    >
    >
    > dat=sim.chngpt("sigmoid4", type="step", n=200, seed=1, beta=1, alpha=-1, x.distr="norm", e.=4)
    Loading required namespace: mvtnorm
    Error in sim.chngpt("sigmoid4", type = "step", n = 200, seed = 1, beta = 1, :
     could not find function "startsWith"
    Execution halted
Flavor: r-oldrel-windows-ix86+x86_64

Version: 2016.7-9
Check: tests
Result: ERROR
    Running the tests in 'tests/doRUnit.R' failed.
    Last 13 lines of output:
    
    
     1 Test Suite :
     chngpt unit testing - 2 test functions, 2 errors, 0 failures
     ERROR in test.chngpt.test: Error in sim.chngpt("sigmoid4", type = "step", n = 250, seed = 1, beta = 0, :
     could not find function "startsWith"
     ERROR in test.chngptm: Error in sim.chngpt("sigmoid2", type = "hinge", n = 250, seed = 1, beta = log(0.4), :
     could not find function "startsWith"
     Error:
    
     unit testing failed (#test failures: 0, #R errors: 2)
    
     Execution halted
Flavor: r-oldrel-windows-ix86+x86_64