CRAN Package Check Results for Package chngpt

Last updated on 2014-10-23 10:48:00.

Flavor Version Tinstall Tcheck Ttotal Status Flags
r-devel-linux-x86_64-debian-clang 2014.5-29 0.73 16.66 17.38 NOTE
r-devel-linux-x86_64-debian-gcc 2014.5-29 0.72 17.30 18.02 NOTE
r-devel-linux-x86_64-fedora-clang 2014.5-29 33.35 NOTE
r-devel-linux-x86_64-fedora-gcc 2014.5-29 33.72 NOTE
r-devel-osx-x86_64-clang 2014.5-29 36.07 NOTE
r-devel-windows-ix86+x86_64 2014.5-29 3.00 31.00 34.00 NOTE
r-patched-linux-x86_64 2014.5-29 0.98 16.81 17.79 NOTE
r-patched-solaris-sparc 2014.5-29 206.20 NOTE
r-patched-solaris-x86 2014.5-29 47.10 NOTE
r-release-linux-ix86 2014.5-29 1.09 25.04 26.13 OK
r-release-linux-x86_64 2014.5-29 0.71 17.89 18.60 OK
r-release-osx-x86_64-mavericks 2014.5-29 OK
r-release-osx-x86_64-snowleopard 2014.5-29 OK
r-release-windows-ix86+x86_64 2014.5-29 3.00 32.00 35.00 OK
r-oldrel-windows-ix86+x86_64 2014.5-29 4.00 28.00 32.00 OK

Check Details

Version: 2014.5-29
Check: R code for possible problems
Result: NOTE
    chngpt.test: no visible global function definition for ‘myprint’
    chngptm: no visible global function definition for ‘myprint’
    chngptm: no visible global function definition for ‘concatList’
    sim.my: no visible global function definition for ‘endsWith’
    sim.sigmoid: no visible global function definition for ‘rmvnorm’
    summary.chngptm: no visible global function definition for ‘mysapply’
Flavors: r-devel-linux-x86_64-debian-clang, r-devel-linux-x86_64-debian-gcc, r-devel-linux-x86_64-fedora-clang, r-devel-linux-x86_64-fedora-gcc, r-devel-osx-x86_64-clang, r-devel-windows-ix86+x86_64, r-patched-linux-x86_64, r-patched-solaris-sparc, r-patched-solaris-x86