CRAN Package Check Results for Package chngpt

Last updated on 2015-04-01 08:50:00.

Flavor Version Tinstall Tcheck Ttotal Status Flags
r-devel-linux-x86_64-debian-clang 2014.12-2 0.64 15.52 16.15 NOTE
r-devel-linux-x86_64-debian-gcc 2014.12-2 0.84 15.44 16.28 NOTE
r-devel-linux-x86_64-fedora-clang 2014.12-2 32.66 NOTE
r-devel-linux-x86_64-fedora-gcc 2014.12-2 30.83 NOTE
r-devel-osx-x86_64-clang 2014.12-2 37.10 NOTE
r-prerel-windows-ix86+x86_64 2014.12-2 4.00 32.00 36.00 NOTE
r-prerel-linux-x86_64 2014.12-2 0.63 15.38 16.01 NOTE
r-prerel-solaris-sparc 2014.12-2 233.70 NOTE
r-prerel-solaris-x86 2014.12-2 43.60 NOTE
r-release-linux-x86_64 2014.12-2 0.75 17.77 18.52 NOTE
r-release-osx-x86_64-mavericks 2014.12-2 OK
r-release-osx-x86_64-snowleopard 2014.12-2 OK
r-release-windows-ix86+x86_64 2014.12-2 3.00 34.00 37.00 NOTE
r-oldrel-windows-ix86+x86_64 2014.12-2 3.00 31.00 34.00 OK

Check Details

Version: 2014.12-2
Check: dependencies in R code
Result: NOTE
    'library' or 'require' call to ‘mvtnorm’ in package code.
     Please use :: or requireNamespace() instead.
     See section 'Suggested packages' in the 'Writing R Extensions' manual.
Flavors: r-devel-linux-x86_64-debian-clang, r-devel-linux-x86_64-debian-gcc, r-devel-linux-x86_64-fedora-clang, r-devel-linux-x86_64-fedora-gcc, r-devel-osx-x86_64-clang, r-prerel-windows-ix86+x86_64, r-prerel-linux-x86_64, r-prerel-solaris-sparc, r-prerel-solaris-x86, r-release-linux-x86_64, r-release-windows-ix86+x86_64

Version: 2014.12-2
Check: S3 generic/method consistency
Result: NOTE
    Found the following apparent S3 methods exported but not registered:
     coef.chngptm plot.chngpt.test print.chngptm summary.chngptm
     vcov.chngptm
    See section ‘Registering S3 methods’ in the ‘Writing R Extensions’
    manual.
Flavors: r-devel-linux-x86_64-debian-clang, r-devel-linux-x86_64-debian-gcc, r-devel-linux-x86_64-fedora-clang, r-devel-linux-x86_64-fedora-gcc, r-devel-osx-x86_64-clang, r-prerel-linux-x86_64