CRAN Package Check Results for Package chngpt

Last updated on 2015-01-27 05:47:29.

Flavor Version Tinstall Tcheck Ttotal Status Flags
r-devel-linux-x86_64-debian-clang 2014.12-2 0.67 15.63 16.30 NOTE
r-devel-linux-x86_64-debian-gcc 2014.12-2 0.88 15.38 16.25 NOTE
r-devel-linux-x86_64-fedora-clang 2014.12-2 39.23 NOTE
r-devel-linux-x86_64-fedora-gcc 2014.12-2 36.30 NOTE
r-devel-osx-x86_64-clang 2014.12-2 36.85 NOTE
r-devel-windows-ix86+x86_64 2014.12-2 3.00 28.00 31.00 NOTE
r-patched-linux-x86_64 2014.12-2 0.79 17.19 17.98 OK
r-patched-solaris-sparc 2014.12-2 256.50 OK
r-patched-solaris-x86 2014.12-2 48.50 OK
r-release-linux-ix86 2014.12-2 1.04 24.07 25.11 OK
r-release-linux-x86_64 2014.12-2 0.84 17.00 17.84 OK
r-release-osx-x86_64-mavericks 2014.12-2 OK
r-release-osx-x86_64-snowleopard 2014.12-2 OK
r-release-windows-ix86+x86_64 2014.12-2 6.00 30.00 36.00 OK
r-oldrel-windows-ix86+x86_64 2014.12-2 6.00 30.00 36.00 OK

Check Details

Version: 2014.12-2
Check: dependencies in R code
Result: NOTE
    'library' or 'require' call to ‘mvtnorm’ in package code.
     Please use :: or requireNamespace() instead.
     See section 'Suggested packages' in the 'Writing R Extensions' manual.
Flavors: r-devel-linux-x86_64-debian-clang, r-devel-linux-x86_64-debian-gcc, r-devel-linux-x86_64-fedora-clang, r-devel-linux-x86_64-fedora-gcc, r-devel-osx-x86_64-clang, r-devel-windows-ix86+x86_64

Version: 2014.12-2
Check: S3 generic/method consistency
Result: NOTE
    Found the following apparent S3 methods exported but not registered:
     print.chngptm summary.chngptm plot.chngpt.test coef.chngptm
     vcov.chngptm
    See section ‘Registering S3 methods’ in the ‘Writing R Extensions’
    manual.
Flavors: r-devel-linux-x86_64-fedora-clang, r-devel-linux-x86_64-fedora-gcc, r-devel-osx-x86_64-clang