CRAN Package Check Results for Package chngpt

Last updated on 2016-06-27 21:46:58.

Flavor Version Tinstall Tcheck Ttotal Status Flags
r-devel-linux-x86_64-debian-gcc 2015.9-5 2.44 38.74 41.19 OK
r-devel-linux-x86_64-fedora-clang 2015.9-5 82.44 OK
r-devel-linux-x86_64-fedora-gcc 2015.9-5 82.41 OK
r-devel-osx-x86_64-clang 2015.9-5 63.61 OK
r-devel-windows-ix86+x86_64 2015.9-5 6.00 100.00 106.00 OK
r-patched-linux-x86_64 2015.9-5 2.66 40.19 42.84 OK
r-patched-solaris-sparc 2015.9-5 500.10 OK
r-patched-solaris-x86 2015.9-5 108.00 OK
r-release-linux-x86_64 2015.9-5 2.60 39.66 42.26 OK
r-release-osx-x86_64-mavericks 2015.9-5 OK
r-release-windows-ix86+x86_64 2015.9-5 2.00 4.00 6.00 ERROR
r-oldrel-windows-ix86+x86_64 2015.9-5 11.00 93.00 104.00 OK

Check Details

Version: 2015.9-5
Check: whether package can be installed
Result: ERROR
    Installation failed.
Flavor: r-release-windows-ix86+x86_64