CRAN Package Check Results for Package chngpt

Last updated on 2016-12-07 12:53:38.

Flavor Version Tinstall Tcheck Ttotal Status Flags
r-devel-linux-x86_64-debian-clang 2016.7-31 2.63 53.14 55.78 OK
r-devel-linux-x86_64-debian-gcc 2016.7-31 2.53 54.55 57.08 OK
r-devel-linux-x86_64-fedora-clang 2016.7-31 121.72 OK --no-stop-on-test-error
r-devel-linux-x86_64-fedora-gcc 2016.7-31 118.85 OK --no-stop-on-test-error
r-devel-macos-x86_64-clang 2016.7-31 88.02 OK --no-stop-on-test-error
r-devel-windows-ix86+x86_64 2016.7-31 10.00 115.00 125.00 OK
r-patched-linux-x86_64 2016.7-31 2.42 47.33 49.76 OK
r-patched-solaris-sparc 2016.7-31 607.30 OK
r-patched-solaris-x86 2016.7-31 130.20 OK
r-release-linux-x86_64 2016.7-31 2.48 48.57 51.05 OK
r-release-osx-x86_64-mavericks 2016.7-31 OK
r-release-windows-ix86+x86_64 2016.7-31 6.00 83.00 89.00 OK
r-oldrel-windows-ix86+x86_64 2016.7-9 7.00 63.00 70.00 ERROR

Check Details

Version: 2016.7-9
Check: R code for possible problems
Result: NOTE
    chngpt.test.2: no visible global function definition for 'startsWith'
    sim.chngpt: no visible global function definition for 'startsWith'
    sim.my: no visible global function definition for 'endsWith'
    sim.my: no visible global function definition for 'startsWith'
Flavor: r-oldrel-windows-ix86+x86_64

Version: 2016.7-9
Check: examples
Result: ERROR
    Running examples in 'chngpt-Ex.R' failed
    The error most likely occurred in:
    
    > ### Name: chngpt.test
    > ### Title: Change Point Tests
    > ### Aliases: antoch.test chngpt.test plot.chngpt.test
    >
    > ### ** Examples
    >
    >
    > dat=sim.chngpt("sigmoid4", type="step", n=200, seed=1, beta=1, alpha=-1, x.distr="norm", e.=4)
    Loading required namespace: mvtnorm
    Error in sim.chngpt("sigmoid4", type = "step", n = 200, seed = 1, beta = 1, :
     could not find function "startsWith"
    Execution halted
Flavor: r-oldrel-windows-ix86+x86_64

Version: 2016.7-9
Check: tests
Result: ERROR
    Running the tests in 'tests/doRUnit.R' failed.
    Last 13 lines of output:
    
    
     1 Test Suite :
     chngpt unit testing - 2 test functions, 2 errors, 0 failures
     ERROR in test.chngpt.test: Error in sim.chngpt("sigmoid4", type = "step", n = 250, seed = 1, beta = 0, :
     could not find function "startsWith"
     ERROR in test.chngptm: Error in sim.chngpt("sigmoid2", type = "hinge", n = 250, seed = 1, beta = log(0.4), :
     could not find function "startsWith"
     Error:
    
     unit testing failed (#test failures: 0, #R errors: 2)
    
     Execution halted
Flavor: r-oldrel-windows-ix86+x86_64