CRAN Package Check Results for Package chngpt

Last updated on 2015-05-25 03:47:34.

Flavor Version Tinstall Tcheck Ttotal Status Flags
r-devel-linux-x86_64-debian-clang 2014.12-2 0.64 15.54 16.18 NOTE
r-devel-linux-x86_64-debian-gcc 2014.12-2 0.64 15.45 16.09 NOTE
r-devel-linux-x86_64-fedora-clang 2014.12-2 31.39 NOTE
r-devel-linux-x86_64-fedora-gcc 2014.12-2 29.53 NOTE
r-devel-osx-x86_64-clang 2014.12-2 33.20 NOTE
r-devel-windows-ix86+x86_64 2014.12-2 3.00 34.00 37.00 NOTE
r-patched-linux-x86_64 2014.12-2 0.61 15.70 16.32 NOTE
r-patched-solaris-sparc 2014.12-2 215.60 NOTE
r-patched-solaris-x86 2014.12-2 44.20 NOTE
r-release-linux-x86_64 2014.12-2 0.62 16.29 16.92 NOTE
r-release-osx-x86_64-mavericks 2014.12-2 NOTE
r-release-osx-x86_64-snowleopard 2014.12-2 NOTE
r-release-windows-ix86+x86_64 2014.12-2 3.00 31.00 34.00 NOTE
r-oldrel-windows-ix86+x86_64 2014.12-2 3.00 35.00 38.00 NOTE

Check Details

Version: 2014.12-2
Check: dependencies in R code
Result: NOTE
    'library' or 'require' call to ‘mvtnorm’ in package code.
     Please use :: or requireNamespace() instead.
     See section 'Suggested packages' in the 'Writing R Extensions' manual.
Flavors: r-devel-linux-x86_64-debian-clang, r-devel-linux-x86_64-debian-gcc, r-devel-linux-x86_64-fedora-clang, r-devel-linux-x86_64-fedora-gcc, r-devel-osx-x86_64-clang, r-devel-windows-ix86+x86_64, r-patched-linux-x86_64, r-patched-solaris-sparc, r-patched-solaris-x86, r-release-linux-x86_64, r-release-osx-x86_64-mavericks, r-release-osx-x86_64-snowleopard, r-release-windows-ix86+x86_64, r-oldrel-windows-ix86+x86_64

Version: 2014.12-2
Check: S3 generic/method consistency
Result: NOTE
    Found the following apparent S3 methods exported but not registered:
     coef.chngptm plot.chngpt.test print.chngptm summary.chngptm
     vcov.chngptm
    See section ‘Registering S3 methods’ in the ‘Writing R Extensions’
    manual.
Flavors: r-devel-linux-x86_64-debian-clang, r-devel-linux-x86_64-debian-gcc, r-devel-linux-x86_64-fedora-clang, r-devel-linux-x86_64-fedora-gcc, r-devel-osx-x86_64-clang, r-patched-linux-x86_64, r-patched-solaris-sparc, r-patched-solaris-x86, r-release-linux-x86_64