CRAN Package Check Results for Package chngpt

Last updated on 2017-10-22 20:47:06.

Flavor Version Tinstall Tcheck Ttotal Status Flags
r-devel-linux-x86_64-debian-clang 2017.10-9 6.02 57.12 63.14 OK
r-devel-linux-x86_64-debian-gcc 2017.10-9 7.22 58.06 65.28 OK
r-devel-linux-x86_64-fedora-clang 2017.10-9 142.49 OK
r-devel-linux-x86_64-fedora-gcc 2017.10-9 159.51 OK
r-devel-windows-ix86+x86_64 2017.10-9 19.00 200.00 219.00 OK
r-patched-linux-x86_64 2017.10-9 6.57 57.37 63.94 OK
r-patched-solaris-x86 2017.10-9 5.50 ERROR
r-release-linux-x86_64 2017.10-9 6.62 58.35 64.96 OK
r-release-windows-ix86+x86_64 2017.10-9 31.00 198.00 229.00 OK
r-release-osx-x86_64 2017.10-9 OK
r-oldrel-windows-ix86+x86_64 2017.10-9 18.00 173.00 191.00 OK
r-oldrel-osx-x86_64 2017.10-9 OK

Check Details

Version: 2017.10-9
Check: whether package can be installed
Result: ERROR
    Installation failed.
Flavor: r-patched-solaris-x86