CRAN Package Check Results for Package chngpt

Last updated on 2014-09-21 11:48:11.

Flavor Version Tinstall Tcheck Ttotal Status Flags
r-devel-linux-x86_64-debian-clang 2014.5-29 0.70 16.46 17.16 NOTE
r-devel-linux-x86_64-debian-gcc 2014.5-29 0.66 16.25 16.90 NOTE
r-devel-linux-x86_64-fedora-clang 2014.5-29 33.14 NOTE
r-devel-linux-x86_64-fedora-gcc 2014.5-29 31.24 NOTE
r-devel-osx-x86_64-clang 2014.5-29 37.20 NOTE
r-devel-windows-ix86+x86_64 2014.5-29 3.00 31.00 34.00 NOTE
r-patched-linux-x86_64 2014.5-29 0.74 16.74 17.49 OK
r-patched-solaris-sparc 2014.5-29 235.50 OK
r-patched-solaris-x86 2014.5-29 46.90 OK
r-release-linux-ix86 2014.5-29 1.13 25.09 26.22 OK
r-release-linux-x86_64 2014.5-29 0.73 17.58 18.31 OK
r-release-osx-x86_64-mavericks 2014.5-29 OK
r-release-osx-x86_64-snowleopard 2014.5-29 OK
r-release-windows-ix86+x86_64 2014.5-29 3.00 32.00 35.00 OK
r-oldrel-windows-ix86+x86_64 2014.5-29 3.00 28.00 31.00 OK

Check Details

Version: 2014.5-29
Check: R code for possible problems
Result: NOTE
    chngpt.test: no visible global function definition for ‘myprint’
    chngptm: no visible global function definition for ‘myprint’
    chngptm: no visible global function definition for ‘concatList’
    sim.my: no visible global function definition for ‘endsWith’
    sim.sigmoid: no visible global function definition for ‘rmvnorm’
    summary.chngptm: no visible global function definition for ‘mysapply’
Flavors: r-devel-linux-x86_64-debian-clang, r-devel-linux-x86_64-debian-gcc, r-devel-linux-x86_64-fedora-clang, r-devel-linux-x86_64-fedora-gcc, r-devel-osx-x86_64-clang, r-devel-windows-ix86+x86_64