CRAN Package Check Results for Package choplump

Last updated on 2014-10-02 11:48:03.

Flavor Version Tinstall Tcheck Ttotal Status Flags
r-devel-linux-x86_64-debian-clang 1.0-0.3 0.69 75.74 76.42 NOTE
r-devel-linux-x86_64-debian-gcc 1.0-0.3 0.62 75.71 76.32 NOTE
r-devel-linux-x86_64-fedora-clang 1.0-0.3 176.93 NOTE
r-devel-linux-x86_64-fedora-gcc 1.0-0.3 170.81 NOTE
r-devel-osx-x86_64-clang 1.0-0.3 120.68 NOTE
r-devel-windows-ix86+x86_64 1.0-0.3 3.00 114.00 117.00 NOTE
r-patched-linux-x86_64 1.0-0.3 0.80 85.46 86.26 NOTE
r-patched-solaris-sparc 1.0-0.3 1046.60 NOTE
r-patched-solaris-x86 1.0-0.3 185.40 NOTE
r-release-linux-ix86 1.0-0.3 1.00 100.58 101.58 OK
r-release-linux-x86_64 1.0-0.3 0.61 83.98 84.59 OK
r-release-osx-x86_64-mavericks 1.0-0.3 OK
r-release-osx-x86_64-snowleopard 1.0-0.3 OK
r-release-windows-ix86+x86_64 1.0-0.3 2.00 121.00 123.00 OK
r-oldrel-windows-ix86+x86_64 1.0-0.3 2.00 129.00 131.00 OK

Check Details

Version: 1.0-0.3
Check: files in ‘vignettes’
Result: NOTE
    The following files look like leftovers/mistakes:
     ‘Rplots.pdf’, ‘Rplots.ps’
    Please remove them from your package.
Flavors: r-devel-linux-x86_64-debian-clang, r-devel-linux-x86_64-debian-gcc, r-devel-linux-x86_64-fedora-clang, r-devel-linux-x86_64-fedora-gcc, r-devel-osx-x86_64-clang, r-devel-windows-ix86+x86_64, r-patched-linux-x86_64, r-patched-solaris-sparc, r-patched-solaris-x86