CRAN Package Check Results for Package choplump

Last updated on 2014-09-20 15:49:17.

Flavor Version Tinstall Tcheck Ttotal Status Flags
r-devel-linux-x86_64-debian-clang 1.0-0.3 0.56 92.94 93.50 NOTE
r-devel-linux-x86_64-debian-gcc 1.0-0.3 0.59 75.40 75.99 NOTE
r-devel-linux-x86_64-fedora-clang 1.0-0.3 172.55 NOTE
r-devel-linux-x86_64-fedora-gcc 1.0-0.3 161.71 NOTE
r-devel-osx-x86_64-clang 1.0-0.3 127.47 NOTE
r-devel-windows-ix86+x86_64 1.0-0.3 2.00 122.00 124.00 NOTE
r-patched-linux-x86_64 1.0-0.3 0.79 82.32 83.12 NOTE
r-patched-solaris-sparc 1.0-0.3 1046.60 NOTE
r-patched-solaris-x86 1.0-0.3 181.70 NOTE
r-release-linux-ix86 1.0-0.3 0.99 99.58 100.58 OK
r-release-linux-x86_64 1.0-0.3 0.64 85.58 86.22 OK
r-release-osx-x86_64-mavericks 1.0-0.3 OK
r-release-osx-x86_64-snowleopard 1.0-0.3 OK
r-release-windows-ix86+x86_64 1.0-0.3 2.00 127.00 129.00 OK
r-oldrel-windows-ix86+x86_64 1.0-0.3 3.00 126.00 129.00 OK

Check Details

Version: 1.0-0.3
Check: files in ‘vignettes’
Result: NOTE
    The following files look like leftovers/mistakes:
     ‘Rplots.pdf’, ‘Rplots.ps’
    Please remove them from your package.
Flavors: r-devel-linux-x86_64-debian-clang, r-devel-linux-x86_64-debian-gcc, r-devel-linux-x86_64-fedora-clang, r-devel-linux-x86_64-fedora-gcc, r-devel-osx-x86_64-clang, r-devel-windows-ix86+x86_64, r-patched-linux-x86_64, r-patched-solaris-sparc, r-patched-solaris-x86