CRAN Package Check Results for Package choplump

Last updated on 2018-02-21 13:50:35 CET.

Flavor Version Tinstall Tcheck Ttotal Status Flags
r-devel-linux-x86_64-debian-clang 1.0-0.4 1.44 113.98 115.42 NOTE
r-devel-linux-x86_64-debian-gcc 1.0-0.4 1.05 75.44 76.49 NOTE
r-devel-linux-x86_64-fedora-clang 1.0-0.4 119.78 NOTE
r-devel-linux-x86_64-fedora-gcc 1.0-0.4 117.33 NOTE
r-devel-windows-ix86+x86_64 1.0-0.4 3.00 108.00 111.00 NOTE
r-patched-linux-x86_64 1.0-0.4 0.72 81.29 82.01 NOTE
r-patched-solaris-x86 1.0-0.4 103.90 NOTE
r-release-linux-x86_64 1.0-0.4 0.78 81.85 82.63 NOTE
r-release-windows-ix86+x86_64 1.0-0.4 2.00 118.00 120.00 NOTE
r-release-osx-x86_64 1.0-0.4 NOTE
r-oldrel-windows-ix86+x86_64 1.0-0.4 3.00 121.00 124.00 NOTE
r-oldrel-osx-x86_64 1.0-0.4 NOTE

Check Details

Version: 1.0-0.4
Check: DESCRIPTION meta-information
Result: NOTE
    Malformed Description field: should contain one or more complete sentences.
Flavors: r-devel-linux-x86_64-debian-clang, r-devel-linux-x86_64-debian-gcc, r-devel-linux-x86_64-fedora-clang, r-devel-linux-x86_64-fedora-gcc, r-devel-windows-ix86+x86_64, r-patched-linux-x86_64, r-patched-solaris-x86, r-release-linux-x86_64, r-release-windows-ix86+x86_64, r-release-osx-x86_64, r-oldrel-windows-ix86+x86_64, r-oldrel-osx-x86_64

Version: 1.0-0.4
Check: R code for possible problems
Result: NOTE
    Qh.times.dhyper: no visible global function definition for ‘var’
    Qh.times.dhyper: no visible global function definition for ‘pnorm’
    Qh.times.dhyper: no visible global function definition for ‘dhyper’
    TDiM: no visible global function definition for ‘sd’
    choplump.default: no visible global function definition for
     ‘flush.console’
    choplump.formula: no visible global function definition for ‘terms’
    cm.compact: no visible global function definition for ‘dhyper’
    Undefined global functions or variables:
     dhyper flush.console pnorm sd terms var
    Consider adding
     importFrom("stats", "dhyper", "pnorm", "sd", "terms", "var")
     importFrom("utils", "flush.console")
    to your NAMESPACE file.
Flavors: r-devel-linux-x86_64-debian-clang, r-devel-linux-x86_64-debian-gcc, r-devel-linux-x86_64-fedora-clang, r-devel-linux-x86_64-fedora-gcc, r-devel-windows-ix86+x86_64, r-patched-linux-x86_64, r-patched-solaris-x86, r-release-linux-x86_64, r-release-windows-ix86+x86_64, r-release-osx-x86_64, r-oldrel-windows-ix86+x86_64, r-oldrel-osx-x86_64