CRAN Package Check Results for Package choplump

Last updated on 2015-04-19 09:55:30.

Flavor Version Tinstall Tcheck Ttotal Status Flags
r-devel-linux-x86_64-debian-clang 1.0-0.4 0.60 76.52 77.11 NOTE
r-devel-linux-x86_64-debian-gcc 1.0-0.4 0.58 74.42 75.00 NOTE
r-devel-linux-x86_64-fedora-clang 1.0-0.4 160.96 NOTE
r-devel-linux-x86_64-fedora-gcc 1.0-0.4 156.36 NOTE
r-devel-osx-x86_64-clang 1.0-0.4 139.06 NOTE
r-devel-windows-ix86+x86_64 1.0-0.4 3.00 140.00 143.00 NOTE
r-patched-linux-x86_64 1.0-0.4 0.59 75.23 75.82 NOTE
r-patched-solaris-sparc 1.0-0.4 1094.90 NOTE
r-patched-solaris-x86 1.0-0.4 172.30 NOTE
r-release-linux-x86_64 1.0-0.4 0.59 76.00 76.59 NOTE
r-release-osx-x86_64-mavericks 1.0-0.4 NOTE
r-release-osx-x86_64-snowleopard 1.0-0.4 NOTE
r-release-windows-ix86+x86_64 1.0-0.4 2.00 116.00 118.00 NOTE
r-oldrel-windows-ix86+x86_64 1.0-0.4 2.00 171.00 173.00 OK

Check Details

Version: 1.0-0.4
Check: DESCRIPTION meta-information
Result: NOTE
    Malformed Description field: should contain one or more complete sentences.
Flavors: r-devel-linux-x86_64-debian-clang, r-devel-linux-x86_64-debian-gcc, r-devel-linux-x86_64-fedora-clang, r-devel-linux-x86_64-fedora-gcc, r-devel-osx-x86_64-clang, r-devel-windows-ix86+x86_64, r-patched-linux-x86_64, r-patched-solaris-sparc, r-patched-solaris-x86, r-release-linux-x86_64, r-release-osx-x86_64-mavericks, r-release-osx-x86_64-snowleopard, r-release-windows-ix86+x86_64