CRAN Package Check Results for Package choplump

Last updated on 2015-08-31 08:46:42.

Flavor Version Tinstall Tcheck Ttotal Status Flags
r-devel-linux-x86_64-debian-clang 1.0-0.4 0.58 75.63 76.21 NOTE
r-devel-linux-x86_64-debian-gcc 1.0-0.4 0.56 77.29 77.85 NOTE
r-devel-linux-x86_64-fedora-clang 1.0-0.4 160.03 NOTE
r-devel-linux-x86_64-fedora-gcc 1.0-0.4 151.83 NOTE
r-devel-osx-x86_64-clang 1.0-0.4 125.29 NOTE
r-devel-windows-ix86+x86_64 1.0-0.4 4.00 143.00 147.00 NOTE
r-patched-linux-x86_64 1.0-0.4 0.64 77.11 77.74 NOTE
r-patched-solaris-sparc 1.0-0.4 1081.20 NOTE
r-patched-solaris-x86 1.0-0.4 173.90 NOTE
r-release-linux-x86_64 1.0-0.4 0.59 75.11 75.70 NOTE
r-release-osx-x86_64-mavericks 1.0-0.4 NOTE
r-release-windows-ix86+x86_64 1.0-0.4 4.00 132.00 136.00 NOTE
r-oldrel-windows-ix86+x86_64 1.0-0.4 5.00 135.00 140.00 OK

Check Details

Version: 1.0-0.4
Check: DESCRIPTION meta-information
Result: NOTE
    Malformed Description field: should contain one or more complete sentences.
Flavors: r-devel-linux-x86_64-debian-clang, r-devel-linux-x86_64-debian-gcc, r-devel-linux-x86_64-fedora-clang, r-devel-linux-x86_64-fedora-gcc, r-devel-osx-x86_64-clang, r-devel-windows-ix86+x86_64, r-patched-linux-x86_64, r-patched-solaris-sparc, r-patched-solaris-x86, r-release-linux-x86_64, r-release-osx-x86_64-mavericks, r-release-windows-ix86+x86_64

Version: 1.0-0.4
Check: R code for possible problems
Result: NOTE
    Qh.times.dhyper: no visible global function definition for ‘var’
    Qh.times.dhyper: no visible global function definition for ‘pnorm’
    Qh.times.dhyper: no visible global function definition for ‘dhyper’
    TDiM: no visible global function definition for ‘sd’
    choplump.default: no visible global function definition for
     ‘flush.console’
    choplump.formula: no visible global function definition for ‘terms’
    cm.compact: no visible global function definition for ‘dhyper’
    Undefined global functions or variables:
     dhyper flush.console pnorm sd terms var
    Consider adding
     importFrom("stats", "dhyper", "pnorm", "sd", "terms", "var")
     importFrom("utils", "flush.console")
    to your NAMESPACE.
Flavors: r-devel-linux-x86_64-debian-clang, r-devel-linux-x86_64-debian-gcc, r-devel-linux-x86_64-fedora-clang, r-devel-linux-x86_64-fedora-gcc, r-devel-windows-ix86+x86_64