CRAN Package Check Results for Package choplump

Last updated on 2016-05-25 06:47:09.

Flavor Version Tinstall Tcheck Ttotal Status Flags
r-devel-linux-x86_64-debian-gcc 1.0-0.4 0.66 45.58 46.23 NOTE
r-devel-linux-x86_64-fedora-clang 1.0-0.4 94.39 NOTE
r-devel-linux-x86_64-fedora-gcc 1.0-0.4 89.20 NOTE
r-devel-osx-x86_64-clang 1.0-0.4 94.30 NOTE
r-devel-windows-ix86+x86_64 1.0-0.4 3.00 80.00 83.00 NOTE
r-patched-linux-x86_64 1.0-0.4 0.61 48.06 48.67 NOTE
r-patched-solaris-sparc 1.0-0.4 612.00 NOTE
r-patched-solaris-x86 1.0-0.4 100.40 NOTE
r-release-linux-x86_64 1.0-0.4 0.62 48.40 49.02 NOTE
r-release-osx-x86_64-mavericks 1.0-0.4 NOTE
r-release-windows-ix86+x86_64 1.0-0.4 3.00 80.00 83.00 NOTE
r-oldrel-windows-ix86+x86_64 1.0-0.4 3.00 140.00 143.00 NOTE

Check Details

Version: 1.0-0.4
Check: DESCRIPTION meta-information
Result: NOTE
    Malformed Description field: should contain one or more complete sentences.
Flavors: r-devel-linux-x86_64-debian-gcc, r-devel-linux-x86_64-fedora-clang, r-devel-linux-x86_64-fedora-gcc, r-devel-osx-x86_64-clang, r-devel-windows-ix86+x86_64, r-patched-linux-x86_64, r-patched-solaris-sparc, r-patched-solaris-x86, r-release-linux-x86_64, r-release-osx-x86_64-mavericks, r-release-windows-ix86+x86_64, r-oldrel-windows-ix86+x86_64

Version: 1.0-0.4
Check: R code for possible problems
Result: NOTE
    Qh.times.dhyper: no visible global function definition for ‘var’
    Qh.times.dhyper: no visible global function definition for ‘pnorm’
    Qh.times.dhyper: no visible global function definition for ‘dhyper’
    TDiM: no visible global function definition for ‘sd’
    choplump.default: no visible global function definition for
     ‘flush.console’
    choplump.formula: no visible global function definition for ‘terms’
    cm.compact: no visible global function definition for ‘dhyper’
    Undefined global functions or variables:
     dhyper flush.console pnorm sd terms var
    Consider adding
     importFrom("stats", "dhyper", "pnorm", "sd", "terms", "var")
     importFrom("utils", "flush.console")
    to your NAMESPACE file.
Flavors: r-devel-linux-x86_64-debian-gcc, r-devel-linux-x86_64-fedora-clang, r-devel-linux-x86_64-fedora-gcc, r-devel-osx-x86_64-clang, r-devel-windows-ix86+x86_64, r-patched-linux-x86_64, r-patched-solaris-sparc, r-patched-solaris-x86, r-release-linux-x86_64, r-release-osx-x86_64-mavericks, r-release-windows-ix86+x86_64