CRAN Package Check Results for Package choplump

Last updated on 2014-11-24 18:49:11.

Flavor Version Tinstall Tcheck Ttotal Status Flags
r-devel-linux-x86_64-debian-clang 1.0-0.3 0.71 81.26 81.97 NOTE
r-devel-linux-x86_64-debian-gcc 1.0-0.3 0.62 74.52 75.14 NOTE
r-devel-linux-x86_64-fedora-clang 1.0-0.4 86.68 OK
r-devel-linux-x86_64-fedora-gcc 1.0-0.4 78.75 OK
r-devel-osx-x86_64-clang 1.0-0.4 134.57 OK
r-devel-windows-ix86+x86_64 1.0-0.4 3.00 106.00 109.00 OK
r-patched-linux-x86_64 1.0-0.3 0.65 84.64 85.28 NOTE
r-patched-solaris-sparc 1.0-0.4 1082.60 OK
r-patched-solaris-x86 1.0-0.4 168.10 OK
r-release-linux-ix86 1.0-0.3 1.00 93.80 94.80 NOTE
r-release-linux-x86_64 1.0-0.3 0.66 82.70 83.36 NOTE
r-release-osx-x86_64-mavericks 1.0-0.3 OK
r-release-osx-x86_64-snowleopard 1.0-0.3 OK
r-release-windows-ix86+x86_64 1.0-0.3 3.00 134.00 137.00 NOTE
r-oldrel-windows-ix86+x86_64 1.0-0.3 2.00 135.00 137.00 OK

Check Details

Version: 1.0-0.3
Check: files in ‘vignettes’
Result: NOTE
    The following files look like leftovers/mistakes:
     ‘Rplots.pdf’, ‘Rplots.ps’
    Please remove them from your package.
Flavors: r-devel-linux-x86_64-debian-clang, r-devel-linux-x86_64-debian-gcc, r-patched-linux-x86_64, r-release-linux-ix86, r-release-linux-x86_64, r-release-windows-ix86+x86_64