CRAN Package Check Results for Package choplump

Last updated on 2015-03-26 21:46:51.

Flavor Version Tinstall Tcheck Ttotal Status Flags
r-devel-linux-x86_64-debian-clang 1.0-0.4 0.60 79.52 80.12 NOTE
r-devel-linux-x86_64-debian-gcc 1.0-0.4 0.59 77.78 78.37 NOTE
r-devel-linux-x86_64-fedora-clang 1.0-0.4 163.65 NOTE
r-devel-linux-x86_64-fedora-gcc 1.0-0.4 153.62 NOTE
r-devel-osx-x86_64-clang 1.0-0.4 138.16 NOTE
r-prerel-windows-ix86+x86_64 1.0-0.4 2.00 122.00 124.00 NOTE
r-prerel-linux-x86_64 1.0-0.4 0.63 77.46 78.09 NOTE
r-prerel-solaris-sparc 1.0-0.4 1094.90 NOTE
r-prerel-solaris-x86 1.0-0.4 175.30 NOTE
r-release-linux-x86_64 1.0-0.4 0.72 83.19 83.91 OK
r-release-osx-x86_64-mavericks 1.0-0.4 OK
r-release-osx-x86_64-snowleopard 1.0-0.4 OK
r-release-windows-ix86+x86_64 1.0-0.4 3.00 141.00 144.00 OK
r-oldrel-windows-ix86+x86_64 1.0-0.4 3.00 131.00 134.00 OK

Check Details

Version: 1.0-0.4
Check: DESCRIPTION meta-information
Result: NOTE
    Malformed Description field: should contain one or more complete sentences.
Flavors: r-devel-linux-x86_64-debian-clang, r-devel-linux-x86_64-debian-gcc, r-devel-linux-x86_64-fedora-clang, r-devel-linux-x86_64-fedora-gcc, r-devel-osx-x86_64-clang, r-prerel-windows-ix86+x86_64, r-prerel-linux-x86_64, r-prerel-solaris-sparc, r-prerel-solaris-x86