CRAN Package Check Results for Package choplump

Last updated on 2016-02-10 11:55:08.

Flavor Version Tinstall Tcheck Ttotal Status Flags
r-devel-linux-x86_64-debian-gcc 1.0-0.4 0.69 43.75 44.45 NOTE
r-devel-linux-x86_64-fedora-clang 1.0-0.4 92.21 NOTE
r-devel-linux-x86_64-fedora-gcc 1.0-0.4 89.48 NOTE
r-devel-osx-x86_64-clang 1.0-0.4 94.68 NOTE
r-devel-windows-ix86+x86_64 1.0-0.4 5.00 85.00 90.00 NOTE
r-patched-linux-x86_64 1.0-0.4 0.64 74.68 75.32 NOTE
r-patched-solaris-sparc 1.0-0.4 1057.40 NOTE
r-patched-solaris-x86 1.0-0.4 164.30 NOTE
r-release-linux-x86_64 1.0-0.4 0.67 76.83 77.50 NOTE
r-release-osx-x86_64-mavericks 1.0-0.4 NOTE
r-release-windows-ix86+x86_64 1.0-0.4 5.00 133.00 138.00 NOTE
r-oldrel-windows-ix86+x86_64 1.0-0.4 5.00 136.00 141.00 OK

Check Details

Version: 1.0-0.4
Check: DESCRIPTION meta-information
Result: NOTE
    Malformed Description field: should contain one or more complete sentences.
Flavors: r-devel-linux-x86_64-debian-gcc, r-devel-linux-x86_64-fedora-clang, r-devel-linux-x86_64-fedora-gcc, r-devel-osx-x86_64-clang, r-devel-windows-ix86+x86_64, r-patched-linux-x86_64, r-patched-solaris-sparc, r-patched-solaris-x86, r-release-linux-x86_64, r-release-osx-x86_64-mavericks, r-release-windows-ix86+x86_64

Version: 1.0-0.4
Check: R code for possible problems
Result: NOTE
    Qh.times.dhyper: no visible global function definition for ‘var’
    Qh.times.dhyper: no visible global function definition for ‘pnorm’
    Qh.times.dhyper: no visible global function definition for ‘dhyper’
    TDiM: no visible global function definition for ‘sd’
    choplump.default: no visible global function definition for
     ‘flush.console’
    choplump.formula: no visible global function definition for ‘terms’
    cm.compact: no visible global function definition for ‘dhyper’
    Undefined global functions or variables:
     dhyper flush.console pnorm sd terms var
    Consider adding
     importFrom("stats", "dhyper", "pnorm", "sd", "terms", "var")
     importFrom("utils", "flush.console")
    to your NAMESPACE file.
Flavors: r-devel-linux-x86_64-debian-gcc, r-devel-linux-x86_64-fedora-clang, r-devel-linux-x86_64-fedora-gcc, r-devel-osx-x86_64-clang, r-devel-windows-ix86+x86_64