CRAN Package Check Results for Package choplump

Last updated on 2015-05-25 08:48:21.

Flavor Version Tinstall Tcheck Ttotal Status Flags
r-devel-linux-x86_64-debian-clang 1.0-0.4 0.60 81.79 82.39 NOTE
r-devel-linux-x86_64-debian-gcc 1.0-0.4 0.58 75.28 75.86 NOTE
r-devel-linux-x86_64-fedora-clang 1.0-0.4 162.70 NOTE
r-devel-linux-x86_64-fedora-gcc 1.0-0.4 158.88 NOTE
r-devel-osx-x86_64-clang 1.0-0.4 127.40 NOTE
r-devel-windows-ix86+x86_64 1.0-0.4 3.00 124.00 127.00 NOTE
r-patched-linux-x86_64 1.0-0.4 0.69 74.98 75.66 NOTE
r-patched-solaris-sparc 1.0-0.4 1059.20 NOTE
r-patched-solaris-x86 1.0-0.4 174.60 NOTE
r-release-linux-x86_64 1.0-0.4 0.60 76.70 77.30 NOTE
r-release-osx-x86_64-mavericks 1.0-0.4 NOTE
r-release-osx-x86_64-snowleopard 1.0-0.4 NOTE
r-release-windows-ix86+x86_64 1.0-0.4 3.00 118.00 121.00 NOTE
r-oldrel-windows-ix86+x86_64 1.0-0.4 3.00 117.00 120.00 OK

Check Details

Version: 1.0-0.4
Check: DESCRIPTION meta-information
Result: NOTE
    Malformed Description field: should contain one or more complete sentences.
Flavors: r-devel-linux-x86_64-debian-clang, r-devel-linux-x86_64-debian-gcc, r-devel-linux-x86_64-fedora-clang, r-devel-linux-x86_64-fedora-gcc, r-devel-osx-x86_64-clang, r-devel-windows-ix86+x86_64, r-patched-linux-x86_64, r-patched-solaris-sparc, r-patched-solaris-x86, r-release-linux-x86_64, r-release-osx-x86_64-mavericks, r-release-osx-x86_64-snowleopard, r-release-windows-ix86+x86_64