CRAN Package Check Results for Package choplump

Last updated on 2014-08-29 21:47:35.

Flavor Version Tinstall Tcheck Ttotal Status Flags
r-devel-linux-x86_64-debian-clang 1.0-0.3 0.60 74.91 75.51 NOTE
r-devel-linux-x86_64-debian-gcc 1.0-0.3 0.56 73.50 74.06 NOTE
r-devel-linux-x86_64-fedora-clang 1.0-0.3 176.08 NOTE
r-devel-linux-x86_64-fedora-gcc 1.0-0.3 164.74 NOTE
r-devel-osx-x86_64-clang 1.0-0.3 122.96 NOTE
r-devel-windows-ix86+x86_64 1.0-0.3 2.00 110.00 112.00 NOTE
r-patched-linux-x86_64 1.0-0.3 0.63 80.80 81.43 NOTE
r-patched-solaris-sparc 1.0-0.3 1046.60 NOTE
r-patched-solaris-x86 1.0-0.3 190.40 NOTE
r-release-linux-ix86 1.0-0.3 0.96 99.36 100.32 OK
r-release-linux-x86_64 1.0-0.3 0.66 81.00 81.66 OK
r-release-osx-x86_64-mavericks 1.0-0.3 OK
r-release-osx-x86_64-snowleopard 1.0-0.3 OK
r-release-windows-ix86+x86_64 1.0-0.3 3.00 125.00 128.00 OK
r-oldrel-windows-ix86+x86_64 1.0-0.3 3.00 121.00 124.00 OK

Check Details

Version: 1.0-0.3
Check: files in ‘vignettes’
Result: NOTE
    The following files look like leftovers/mistakes:
     ‘Rplots.pdf’, ‘Rplots.ps’
    Please remove them from your package.
Flavors: r-devel-linux-x86_64-debian-clang, r-devel-linux-x86_64-debian-gcc, r-devel-linux-x86_64-fedora-clang, r-devel-linux-x86_64-fedora-gcc, r-devel-osx-x86_64-clang, r-devel-windows-ix86+x86_64, r-patched-linux-x86_64, r-patched-solaris-sparc, r-patched-solaris-x86