CRAN Package Check Results for Package choplump

Last updated on 2015-07-31 06:46:49.

Flavor Version Tinstall Tcheck Ttotal Status Flags
r-devel-linux-x86_64-debian-clang 1.0-0.4 0.61 75.62 76.22 NOTE
r-devel-linux-x86_64-debian-gcc 1.0-0.4 0.76 78.92 79.69 NOTE
r-devel-linux-x86_64-fedora-clang 1.0-0.4 159.86 NOTE
r-devel-linux-x86_64-fedora-gcc 1.0-0.4 148.38 NOTE
r-devel-osx-x86_64-clang 1.0-0.4 123.65 NOTE
r-devel-windows-ix86+x86_64 1.0-0.4 4.00 122.00 126.00 NOTE
r-patched-linux-x86_64 1.0-0.4 0.58 74.96 75.53 NOTE
r-patched-solaris-sparc 1.0-0.4 1081.20 NOTE
r-patched-solaris-x86 1.0-0.4 173.10 NOTE
r-release-linux-x86_64 1.0-0.4 0.64 74.96 75.61 NOTE
r-release-osx-x86_64-mavericks 1.0-0.4 NOTE
r-release-windows-ix86+x86_64 1.0-0.4 4.00 125.00 129.00 NOTE
r-oldrel-windows-ix86+x86_64 1.0-0.4 5.00 126.00 131.00 OK

Check Details

Version: 1.0-0.4
Check: DESCRIPTION meta-information
Result: NOTE
    Malformed Description field: should contain one or more complete sentences.
Flavors: r-devel-linux-x86_64-debian-clang, r-devel-linux-x86_64-debian-gcc, r-devel-linux-x86_64-fedora-clang, r-devel-linux-x86_64-fedora-gcc, r-devel-osx-x86_64-clang, r-devel-windows-ix86+x86_64, r-patched-linux-x86_64, r-patched-solaris-sparc, r-patched-solaris-x86, r-release-linux-x86_64, r-release-osx-x86_64-mavericks, r-release-windows-ix86+x86_64

Version: 1.0-0.4
Check: R code for possible problems
Result: NOTE
    Qh.times.dhyper: no visible global function definition for ‘var’
    Qh.times.dhyper: no visible global function definition for ‘pnorm’
    Qh.times.dhyper: no visible global function definition for ‘dhyper’
    TDiM: no visible global function definition for ‘sd’
    choplump.default: no visible global function definition for
     ‘flush.console’
    choplump.formula: no visible global function definition for ‘terms’
    cm.compact: no visible global function definition for ‘dhyper’
    Undefined global functions or variables:
     dhyper flush.console pnorm sd terms var
    Consider adding
     importFrom("stats", "dhyper", "pnorm", "sd", "terms", "var")
     importFrom("utils", "flush.console")
    to your NAMESPACE.
Flavors: r-devel-linux-x86_64-debian-clang, r-devel-linux-x86_64-debian-gcc, r-devel-linux-x86_64-fedora-clang, r-devel-linux-x86_64-fedora-gcc, r-devel-windows-ix86+x86_64