CRAN Package Check Results for Package choplump

Last updated on 2017-04-28 17:47:26.

Flavor Version Tinstall Tcheck Ttotal Status Flags
r-devel-linux-x86_64-debian-clang 1.0-0.4 0.70 52.36 53.05 NOTE
r-devel-linux-x86_64-debian-gcc 1.0-0.4 0.66 48.81 49.47 NOTE
r-devel-linux-x86_64-fedora-clang 1.0-0.4 95.04 NOTE --no-stop-on-test-error
r-devel-linux-x86_64-fedora-gcc 1.0-0.4 90.79 NOTE --no-stop-on-test-error
r-devel-windows-ix86+x86_64 1.0-0.4 2.00 118.00 120.00 NOTE
r-patched-linux-x86_64 1.0-0.4 0.68 49.98 50.66 NOTE
r-patched-solaris-sparc 1.0-0.4 598.30 NOTE
r-patched-solaris-x86 1.0-0.4 99.80 NOTE
r-release-linux-x86_64 1.0-0.4 0.67 47.16 47.83 NOTE
r-release-windows-ix86+x86_64 1.0-0.4 7.00 117.00 124.00 NOTE
r-release-osx-x86_64 1.0-0.4 NOTE
r-oldrel-windows-ix86+x86_64 1.0-0.4 5.00 88.00 93.00 NOTE
r-oldrel-osx-x86_64 1.0-0.4 NOTE

Check Details

Version: 1.0-0.4
Check: DESCRIPTION meta-information
Result: NOTE
    Malformed Description field: should contain one or more complete sentences.
Flavors: r-devel-linux-x86_64-debian-clang, r-devel-linux-x86_64-debian-gcc, r-devel-windows-ix86+x86_64, r-patched-linux-x86_64, r-patched-solaris-sparc, r-patched-solaris-x86, r-release-linux-x86_64, r-release-windows-ix86+x86_64, r-release-osx-x86_64, r-oldrel-windows-ix86+x86_64, r-oldrel-osx-x86_64

Version: 1.0-0.4
Check: R code for possible problems
Result: NOTE
    Qh.times.dhyper: no visible global function definition for ‘var’
    Qh.times.dhyper: no visible global function definition for ‘pnorm’
    Qh.times.dhyper: no visible global function definition for ‘dhyper’
    TDiM: no visible global function definition for ‘sd’
    choplump.default: no visible global function definition for
     ‘flush.console’
    choplump.formula: no visible global function definition for ‘terms’
    cm.compact: no visible global function definition for ‘dhyper’
    Undefined global functions or variables:
     dhyper flush.console pnorm sd terms var
    Consider adding
     importFrom("stats", "dhyper", "pnorm", "sd", "terms", "var")
     importFrom("utils", "flush.console")
    to your NAMESPACE file.
Flavors: r-devel-linux-x86_64-debian-clang, r-devel-linux-x86_64-debian-gcc, r-devel-windows-ix86+x86_64, r-patched-linux-x86_64, r-patched-solaris-sparc, r-patched-solaris-x86, r-release-linux-x86_64, r-release-windows-ix86+x86_64, r-release-osx-x86_64, r-oldrel-windows-ix86+x86_64, r-oldrel-osx-x86_64

Version: 1.0-0.4
Flags: --no-stop-on-test-error
Check: DESCRIPTION meta-information
Result: NOTE
    Malformed Description field: should contain one or more complete sentences.
Flavors: r-devel-linux-x86_64-fedora-clang, r-devel-linux-x86_64-fedora-gcc

Version: 1.0-0.4
Flags: --no-stop-on-test-error
Check: R code for possible problems
Result: NOTE
    Qh.times.dhyper: no visible global function definition for ‘var’
    Qh.times.dhyper: no visible global function definition for ‘pnorm’
    Qh.times.dhyper: no visible global function definition for ‘dhyper’
    TDiM: no visible global function definition for ‘sd’
    choplump.default: no visible global function definition for
     ‘flush.console’
    choplump.formula: no visible global function definition for ‘terms’
    cm.compact: no visible global function definition for ‘dhyper’
    Undefined global functions or variables:
     dhyper flush.console pnorm sd terms var
    Consider adding
     importFrom("stats", "dhyper", "pnorm", "sd", "terms", "var")
     importFrom("utils", "flush.console")
    to your NAMESPACE file.
Flavors: r-devel-linux-x86_64-fedora-clang, r-devel-linux-x86_64-fedora-gcc