Last updated on 2022-07-04 00:52:21 CEST.
Flavor | Version | Tinstall | Tcheck | Ttotal | Status | Flags |
---|---|---|---|---|---|---|
r-devel-linux-x86_64-debian-clang | 3.7.0 | 28.13 | 182.23 | 210.36 | OK | |
r-devel-linux-x86_64-debian-gcc | 3.7.0 | 21.36 | 135.47 | 156.83 | OK | |
r-devel-linux-x86_64-fedora-clang | 3.7.0 | 254.27 | NOTE | |||
r-devel-linux-x86_64-fedora-gcc | 3.7.0 | 253.15 | NOTE | |||
r-devel-windows-x86_64 | 3.7.0 | 80.00 | 229.00 | 309.00 | OK | |
r-patched-linux-x86_64 | 3.7.0 | 17.46 | 172.43 | 189.89 | OK | |
r-release-linux-x86_64 | 3.7.0 | 17.72 | 169.67 | 187.39 | OK | |
r-release-macos-arm64 | 3.7.0 | 66.00 | NOTE | |||
r-release-macos-x86_64 | 3.7.0 | 119.00 | NOTE | |||
r-release-windows-x86_64 | 3.7.0 | 59.00 | 218.00 | 277.00 | OK | |
r-oldrel-macos-arm64 | 3.7.0 | 80.00 | NOTE | |||
r-oldrel-macos-x86_64 | 3.7.0 | 144.00 | NOTE | |||
r-oldrel-windows-ix86+x86_64 | 3.7.0 | 66.00 | 221.00 | 287.00 | OK |
Version: 3.7.0
Check: data for non-ASCII characters
Result: NOTE
Note: found 10 marked UTF-8 strings
Flavors: r-devel-linux-x86_64-fedora-clang, r-devel-linux-x86_64-fedora-gcc, r-release-macos-arm64, r-release-macos-x86_64, r-oldrel-macos-arm64, r-oldrel-macos-x86_64