Last updated on 2023-02-05 17:51:15 CET.
Flavor | Version | Tinstall | Tcheck | Ttotal | Status | Flags |
---|---|---|---|---|---|---|
r-devel-linux-x86_64-debian-clang | 1.1.1 | 6.87 | 52.96 | 59.83 | OK | |
r-devel-linux-x86_64-debian-gcc | 1.1.1 | 4.62 | 41.11 | 45.73 | OK | |
r-devel-linux-x86_64-fedora-clang | 1.1.1 | 82.56 | NOTE | |||
r-devel-linux-x86_64-fedora-gcc | 1.1.1 | 71.87 | OK | |||
r-devel-windows-x86_64 | 1.1.1 | 26.00 | 90.00 | 116.00 | NOTE | |
r-patched-linux-x86_64 | 1.1.1 | 6.07 | 53.52 | 59.59 | OK | |
r-release-linux-x86_64 | 1.1.1 | 6.02 | 53.40 | 59.42 | OK | |
r-release-macos-arm64 | 1.1.1 | 27.00 | NOTE | |||
r-release-macos-x86_64 | 1.1.1 | 54.00 | NOTE | |||
r-release-windows-x86_64 | 1.1.1 | 21.00 | 95.00 | 116.00 | NOTE | |
r-oldrel-macos-arm64 | 1.1.1 | 37.00 | NOTE | |||
r-oldrel-macos-x86_64 | 1.1.1 | 52.00 | NOTE | |||
r-oldrel-windows-ix86+x86_64 | 1.1.1 | 14.00 | 80.00 | 94.00 | NOTE |
Version: 1.1.1
Check: installed package size
Result: NOTE
installed size is 18.0Mb
sub-directories of 1Mb or more:
data 17.9Mb
Flavors: r-devel-linux-x86_64-fedora-clang, r-devel-windows-x86_64, r-release-macos-arm64, r-release-macos-x86_64, r-release-windows-x86_64, r-oldrel-macos-arm64, r-oldrel-macos-x86_64, r-oldrel-windows-ix86+x86_64