CRAN Package Check Results for Package chorrrds

Last updated on 2019-10-14 05:46:53 CEST.

Flavor Version Tinstall Tcheck Ttotal Status Flags
r-devel-linux-x86_64-debian-clang 0.1.9.1 7.76 35.92 43.68 OK
r-devel-linux-x86_64-debian-gcc 0.1.9.1 6.85 30.98 37.83 OK
r-devel-linux-x86_64-fedora-clang 0.1.9.1 55.02 NOTE
r-devel-linux-x86_64-fedora-gcc 0.1.9.1 54.06 NOTE
r-devel-windows-ix86+x86_64 0.1.9.1 13.00 45.00 58.00 OK
r-patched-linux-x86_64 0.1.9.1 7.25 36.74 43.99 OK
r-patched-solaris-x86 0.1.9.1 97.20 NOTE
r-release-linux-x86_64 0.1.9.1 7.08 35.41 42.49 OK
r-release-windows-ix86+x86_64 0.1.9.1 18.00 64.00 82.00 OK
r-release-osx-x86_64 0.1.9.1 NOTE
r-oldrel-windows-ix86+x86_64 0.1.9.1 8.00 48.00 56.00 OK
r-oldrel-osx-x86_64 0.1.9.1 NOTE

Check Details

Version: 0.1.9.1
Check: data for non-ASCII characters
Result: NOTE
     Note: found 4004 marked UTF-8 strings
Flavors: r-devel-linux-x86_64-fedora-clang, r-devel-linux-x86_64-fedora-gcc, r-patched-solaris-x86, r-release-osx-x86_64, r-oldrel-osx-x86_64