CRAN Package Check Results for Package chorrrds

Last updated on 2019-07-16 07:50:39 CEST.

Flavor Version Tinstall Tcheck Ttotal Status Flags
r-devel-linux-x86_64-debian-clang 0.1.9.1 6.35 36.25 42.60 OK
r-devel-linux-x86_64-debian-gcc 0.1.9.1 6.55 31.90 38.45 OK
r-devel-linux-x86_64-fedora-clang 0.1.9.1 54.18 NOTE
r-devel-linux-x86_64-fedora-gcc 0.1.9.1 63.32 NOTE
r-devel-windows-ix86+x86_64 0.1.9.1 18.00 67.00 85.00 OK
r-patched-linux-x86_64 0.1.9.1 6.68 37.10 43.78 OK
r-patched-solaris-x86 0.1.9.1 99.00 NOTE
r-release-linux-x86_64 0.1.9.1 7.55 36.80 44.35 OK
r-release-windows-ix86+x86_64 0.1.9.1 12.00 75.00 87.00 OK
r-release-osx-x86_64 0.1.9.1 NOTE
r-oldrel-windows-ix86+x86_64 0.1.9.1 11.00 60.00 71.00 OK
r-oldrel-osx-x86_64 0.1.9.1 NOTE

Check Details

Version: 0.1.9.1
Check: data for non-ASCII characters
Result: NOTE
     Note: found 4004 marked UTF-8 strings
Flavors: r-devel-linux-x86_64-fedora-clang, r-devel-linux-x86_64-fedora-gcc, r-patched-solaris-x86, r-release-osx-x86_64, r-oldrel-osx-x86_64