CRAN Package Check Results for Package chromConverter

Last updated on 2022-09-25 18:51:21 CEST.

Flavor Version Tinstall Tcheck Ttotal Status Flags
r-devel-linux-x86_64-debian-clang 0.2.1 12.67 105.28 117.95 NOTE
r-devel-linux-x86_64-debian-gcc 0.2.1 11.08 78.94 90.02 NOTE
r-devel-linux-x86_64-fedora-clang 0.2.1 153.92 NOTE
r-devel-linux-x86_64-fedora-gcc 0.2.1 149.20 NOTE
r-devel-windows-x86_64 0.2.1 38.00 130.00 168.00 NOTE
r-patched-linux-x86_64 0.2.1 10.13 99.49 109.62 NOTE
r-release-linux-x86_64 0.2.1 10.65 99.54 110.19 NOTE
r-release-macos-arm64 0.2.1 41.00 NOTE
r-release-macos-x86_64 0.2.1 60.00 NOTE
r-release-windows-x86_64 0.2.1 80.00 127.00 207.00 NOTE
r-oldrel-macos-arm64 0.2.1 44.00 NOTE
r-oldrel-macos-x86_64 0.2.1 61.00 NOTE
r-oldrel-windows-ix86+x86_64 0.2.1 27.00 125.00 152.00 NOTE

Check Details

Version: 0.2.1
Check: package dependencies
Result: NOTE
    Package suggested but not available for checking: 'entab'
Flavors: r-devel-linux-x86_64-debian-clang, r-devel-linux-x86_64-debian-gcc, r-devel-linux-x86_64-fedora-clang, r-devel-linux-x86_64-fedora-gcc, r-devel-windows-x86_64, r-patched-linux-x86_64, r-release-linux-x86_64, r-release-macos-arm64, r-release-macos-x86_64, r-release-windows-x86_64, r-oldrel-macos-arm64, r-oldrel-macos-x86_64, r-oldrel-windows-ix86+x86_64

Version: 0.2.1
Check: dependencies in R code
Result: NOTE
    Namespace in Imports field not imported from: ‘readr’
     All declared Imports should be used.
Flavors: r-devel-linux-x86_64-fedora-clang, r-devel-linux-x86_64-fedora-gcc, r-release-macos-arm64, r-release-macos-x86_64, r-oldrel-macos-arm64, r-oldrel-macos-x86_64