CRAN Package Check Results for Package chromer

Last updated on 2019-03-22 07:46:59 CET.

Flavor Version Tinstall Tcheck Ttotal Status Flags
r-devel-linux-x86_64-debian-clang 0.1 3.58 31.54 35.12 NOTE
r-devel-linux-x86_64-debian-gcc 0.1 3.05 25.20 28.25 NOTE
r-devel-linux-x86_64-fedora-clang 0.1 43.54 NOTE
r-devel-linux-x86_64-fedora-gcc 0.1 39.93 NOTE
r-devel-windows-ix86+x86_64 0.1 11.00 63.00 74.00 NOTE
r-patched-linux-x86_64 0.1 2.16 29.21 31.37 NOTE
r-patched-solaris-x86 0.1 66.20 NOTE
r-release-linux-x86_64 0.1 2.30 29.65 31.95 NOTE
r-release-windows-ix86+x86_64 0.1 5.00 63.00 68.00 NOTE
r-release-osx-x86_64 0.1 NOTE
r-oldrel-windows-ix86+x86_64 0.1 10.00 64.00 74.00 NOTE
r-oldrel-osx-x86_64 0.1 NOTE

Check Details

Version: 0.1
Check: DESCRIPTION meta-information
Result: NOTE
    Malformed Description field: should contain one or more complete sentences.
Flavors: r-devel-linux-x86_64-debian-clang, r-devel-linux-x86_64-debian-gcc, r-devel-linux-x86_64-fedora-clang, r-devel-linux-x86_64-fedora-gcc, r-devel-windows-ix86+x86_64, r-patched-linux-x86_64, r-patched-solaris-x86, r-release-linux-x86_64, r-release-windows-ix86+x86_64, r-release-osx-x86_64, r-oldrel-windows-ix86+x86_64, r-oldrel-osx-x86_64

Version: 0.1
Check: R code for possible problems
Result: NOTE
    parse_counts: no visible global function definition for 'na.omit'
    Undefined global functions or variables:
     na.omit
    Consider adding
     importFrom("stats", "na.omit")
    to your NAMESPACE file.
Flavors: r-devel-linux-x86_64-debian-clang, r-devel-linux-x86_64-debian-gcc, r-devel-linux-x86_64-fedora-clang, r-devel-linux-x86_64-fedora-gcc, r-devel-windows-ix86+x86_64, r-patched-linux-x86_64, r-patched-solaris-x86, r-release-linux-x86_64, r-release-windows-ix86+x86_64, r-release-osx-x86_64, r-oldrel-windows-ix86+x86_64, r-oldrel-osx-x86_64