CRAN Package Check Results for Package chromer

Last updated on 2019-05-20 12:48:13 CEST.

Flavor Version Tinstall Tcheck Ttotal Status Flags
r-devel-linux-x86_64-debian-clang 0.1 3.12 32.64 35.76 NOTE
r-devel-linux-x86_64-debian-gcc 0.1 3.17 25.74 28.91 NOTE
r-devel-linux-x86_64-fedora-clang 0.1 43.21 NOTE
r-devel-linux-x86_64-fedora-gcc 0.1 40.77 NOTE
r-devel-windows-ix86+x86_64 0.1 15.00 66.00 81.00 NOTE
r-patched-linux-x86_64 0.1 3.37 32.06 35.43 NOTE
r-patched-solaris-x86 0.1 64.60 NOTE
r-release-linux-x86_64 0.1 3.77 31.96 35.73 NOTE
r-release-windows-ix86+x86_64 0.1 14.00 71.00 85.00 NOTE
r-release-osx-x86_64 0.1 NOTE
r-oldrel-windows-ix86+x86_64 0.1 4.00 44.00 48.00 NOTE
r-oldrel-osx-x86_64 0.1 NOTE

Check Details

Version: 0.1
Check: DESCRIPTION meta-information
Result: NOTE
    Malformed Description field: should contain one or more complete sentences.
Flavors: r-devel-linux-x86_64-debian-clang, r-devel-linux-x86_64-debian-gcc, r-devel-linux-x86_64-fedora-clang, r-devel-linux-x86_64-fedora-gcc, r-devel-windows-ix86+x86_64, r-patched-linux-x86_64, r-patched-solaris-x86, r-release-linux-x86_64, r-release-windows-ix86+x86_64, r-release-osx-x86_64, r-oldrel-windows-ix86+x86_64, r-oldrel-osx-x86_64

Version: 0.1
Check: R code for possible problems
Result: NOTE
    parse_counts: no visible global function definition for 'na.omit'
    Undefined global functions or variables:
     na.omit
    Consider adding
     importFrom("stats", "na.omit")
    to your NAMESPACE file.
Flavors: r-devel-linux-x86_64-debian-clang, r-devel-linux-x86_64-debian-gcc, r-devel-linux-x86_64-fedora-clang, r-devel-linux-x86_64-fedora-gcc, r-devel-windows-ix86+x86_64, r-patched-linux-x86_64, r-patched-solaris-x86, r-release-linux-x86_64, r-release-windows-ix86+x86_64, r-release-osx-x86_64, r-oldrel-windows-ix86+x86_64, r-oldrel-osx-x86_64