CRAN Package Check Results for Package chromoMap

Last updated on 2021-03-01 06:47:01 CET.

Flavor Version Tinstall Tcheck Ttotal Status Flags
r-devel-linux-x86_64-debian-clang 0.3 OK
r-devel-linux-x86_64-debian-gcc 0.3 2.79 43.49 46.28 OK
r-devel-linux-x86_64-fedora-clang 0.3 84.86 NOTE
r-devel-linux-x86_64-fedora-gcc 0.3 76.47 NOTE
r-devel-windows-ix86+x86_64 0.3 5.00 61.00 66.00 OK
r-patched-linux-x86_64 0.3 2.97 57.48 60.45 OK
r-patched-solaris-x86 0.3 60.10 WARN
r-release-linux-x86_64 0.3 3.63 58.38 62.01 OK
r-release-macos-x86_64 0.3 WARN
r-release-windows-ix86+x86_64 0.3 13.00 85.00 98.00 OK
r-oldrel-macos-x86_64 0.3 ERROR
r-oldrel-windows-ix86+x86_64 0.2 5.00 36.00 41.00 OK

Check Details

Version: 0.3
Check: dependencies in R code
Result: NOTE
    Namespace in Imports field not imported from: ‘htmltools’
     All declared Imports should be used.
Flavors: r-devel-linux-x86_64-fedora-clang, r-devel-linux-x86_64-fedora-gcc, r-patched-solaris-x86, r-release-macos-x86_64

Version: 0.3
Check: re-building of vignette outputs
Result: WARN
    Error(s) in re-building vignettes:
     ...
    --- re-building ‘chromoMap.Rmd’ using rmarkdown
    Warning in engine$weave(file, quiet = quiet, encoding = enc) :
     Pandoc (>= 1.12.3) and/or pandoc-citeproc not available. Falling back to R Markdown v1.
    Quitting from lines 197-199 (chromoMap.Rmd)
    Error: processing vignette 'chromoMap.Rmd' failed with diagnostics:
    there is no package called 'webshot'
    --- failed re-building ‘chromoMap.Rmd’
    
    SUMMARY: processing the following file failed:
     ‘chromoMap.Rmd’
    
    Error: Vignette re-building failed.
    Execution halted
Flavor: r-patched-solaris-x86

Version: 0.3
Check: re-building of vignette outputs
Result: WARN
    Error(s) in re-building vignettes:
     ...
    --- re-building ‘chromoMap.Rmd’ using rmarkdown
    Warning in engine$weave(file, quiet = quiet, encoding = enc) :
     Pandoc (>= 1.12.3) and/or pandoc-citeproc not available. Falling back to R Markdown v1.
    Quitting from lines 197-199 (chromoMap.Rmd)
    Error: processing vignette 'chromoMap.Rmd' failed with diagnostics:
    cannot open the connection
    --- failed re-building ‘chromoMap.Rmd’
    
    SUMMARY: processing the following file failed:
     ‘chromoMap.Rmd’
    
    Error: Vignette re-building failed.
    Execution halted
Flavor: r-release-macos-x86_64

Version: 0.3
Check: whether package can be installed
Result: ERROR
    Installation failed.
Flavor: r-oldrel-macos-x86_64