CRAN Package Check Results for Package chromoR

Last updated on 2015-07-30 09:47:20.

Flavor Version Tinstall Tcheck Ttotal Status Flags
r-devel-linux-x86_64-debian-clang 1.0 1.12 21.80 22.92 NOTE
r-devel-linux-x86_64-debian-gcc 1.0 1.10 22.05 23.15 NOTE
r-devel-linux-x86_64-fedora-clang 1.0 45.04 NOTE
r-devel-linux-x86_64-fedora-gcc 1.0 42.42 NOTE
r-devel-osx-x86_64-clang 1.0 41.85 NOTE
r-devel-windows-ix86+x86_64 1.0 7.00 59.00 66.00 NOTE
r-patched-linux-x86_64 1.0 1.22 21.33 22.55 NOTE
r-patched-solaris-sparc 1.0 275.60 NOTE
r-patched-solaris-x86 1.0 55.60 NOTE
r-release-linux-x86_64 1.0 1.17 21.68 22.86 NOTE
r-release-osx-x86_64-mavericks 1.0 NOTE
r-release-windows-ix86+x86_64 1.0 7.00 57.00 64.00 NOTE
r-oldrel-windows-ix86+x86_64 1.0 6.00 43.00 49.00 NOTE

Check Details

Version: 1.0
Check: R code for possible problems
Result: NOTE
    combineToSingleMatrix: no visible global function definition for
     ‘read.table’
    combineToSingleMatrix: no visible global function definition for
     ‘write.table’
    compareCIM: no visible global function definition for ‘sd’
    correctData: no visible global function definition for ‘wd’
    correctData: no visible global function definition for ‘threshold’
    correctData: no visible binding for global variable ‘madmad’
    correctData: no visible global function definition for ‘wr’
    Undefined global functions or variables:
     madmad read.table sd threshold wd wr write.table
    Consider adding
     importFrom("stats", "sd")
     importFrom("utils", "read.table", "write.table")
    to your NAMESPACE.
Flavors: r-devel-linux-x86_64-debian-clang, r-devel-linux-x86_64-debian-gcc, r-devel-linux-x86_64-fedora-clang, r-devel-linux-x86_64-fedora-gcc, r-devel-windows-ix86+x86_64

Version: 1.0
Check: R code for possible problems
Result: NOTE
    correctData: no visible global function definition for ‘wd’
    correctData: no visible global function definition for ‘threshold’
    correctData: no visible binding for global variable ‘madmad’
    correctData: no visible global function definition for ‘wr’
    Undefined global functions or variables:
     madmad threshold wd wr
Flavor: r-devel-osx-x86_64-clang

Version: 1.0
Check: R code for possible problems
Result: NOTE
    correctData: no visible global function definition for ‘wd’
    correctData: no visible global function definition for ‘threshold’
    correctData: no visible binding for global variable ‘madmad’
    correctData: no visible global function definition for ‘wr’
Flavors: r-patched-linux-x86_64, r-patched-solaris-sparc, r-patched-solaris-x86, r-release-linux-x86_64, r-release-osx-x86_64-mavericks, r-release-windows-ix86+x86_64, r-oldrel-windows-ix86+x86_64