CRAN Package Check Results for Package chromoR

Last updated on 2015-04-26 03:47:28.

Flavor Version Tinstall Tcheck Ttotal Status Flags
r-devel-linux-x86_64-debian-clang 1.0 0.99 20.75 21.74 NOTE
r-devel-linux-x86_64-debian-gcc 1.0 0.98 20.48 21.47 NOTE
r-devel-linux-x86_64-fedora-clang 1.0 41.54 NOTE
r-devel-linux-x86_64-fedora-gcc 1.0 40.63 NOTE
r-devel-osx-x86_64-clang 1.0 40.37 NOTE
r-devel-windows-ix86+x86_64 1.0 4.00 33.00 37.00 NOTE
r-patched-linux-x86_64 1.0 0.98 19.62 20.61 NOTE
r-patched-solaris-sparc 1.0 273.70 NOTE
r-patched-solaris-x86 1.0 52.00 NOTE
r-release-linux-x86_64 1.0 0.99 19.58 20.57 NOTE
r-release-osx-x86_64-mavericks 1.0 NOTE
r-release-osx-x86_64-snowleopard 1.0 NOTE
r-release-windows-ix86+x86_64 1.0 3.00 37.00 40.00 NOTE
r-oldrel-windows-ix86+x86_64 1.0 5.00 49.00 54.00 NOTE

Check Details

Version: 1.0
Check: R code for possible problems
Result: NOTE
    correctData: no visible global function definition for 'wd'
    correctData: no visible global function definition for 'threshold'
    correctData: no visible binding for global variable 'madmad'
    correctData: no visible global function definition for 'wr'
Flavors: r-devel-windows-ix86+x86_64, r-release-windows-ix86+x86_64, r-oldrel-windows-ix86+x86_64