CRAN Package Check Results for Package chromoR

Last updated on 2015-05-30 21:46:28.

Flavor Version Tinstall Tcheck Ttotal Status Flags
r-devel-linux-x86_64-debian-clang 1.0 1.15 21.29 22.44 NOTE
r-devel-linux-x86_64-debian-gcc 1.0 1.21 21.44 22.64 NOTE
r-devel-linux-x86_64-fedora-clang 1.0 42.37 NOTE
r-devel-linux-x86_64-fedora-gcc 1.0 41.85 NOTE
r-devel-osx-x86_64-clang 1.0 42.84 NOTE
r-devel-windows-ix86+x86_64 1.0 4.00 37.00 41.00 NOTE
r-patched-linux-x86_64 1.0 1.11 20.78 21.89 NOTE
r-patched-solaris-sparc 1.0 295.30 NOTE
r-patched-solaris-x86 1.0 53.20 NOTE
r-release-linux-x86_64 1.0 1.18 21.84 23.03 NOTE
r-release-osx-x86_64-mavericks 1.0 NOTE
r-release-osx-x86_64-snowleopard 1.0 NOTE
r-release-windows-ix86+x86_64 1.0 5.00 36.00 41.00 NOTE
r-oldrel-windows-ix86+x86_64 1.0 5.00 62.00 67.00 NOTE

Check Details

Version: 1.0
Check: R code for possible problems
Result: NOTE
    correctData: no visible global function definition for ‘wd’
    correctData: no visible global function definition for ‘threshold’
    correctData: no visible binding for global variable ‘madmad’
    correctData: no visible global function definition for ‘wr’
Flavors: r-devel-linux-x86_64-debian-clang, r-devel-linux-x86_64-debian-gcc, r-devel-linux-x86_64-fedora-clang, r-devel-linux-x86_64-fedora-gcc, r-devel-osx-x86_64-clang, r-devel-windows-ix86+x86_64, r-patched-linux-x86_64, r-patched-solaris-sparc, r-patched-solaris-x86, r-release-linux-x86_64, r-release-osx-x86_64-mavericks, r-release-osx-x86_64-snowleopard, r-release-windows-ix86+x86_64, r-oldrel-windows-ix86+x86_64