CRAN Package Check Results for Package chromoR

Last updated on 2017-06-26 16:46:49.

Flavor Version Tinstall Tcheck Ttotal Status Flags
r-devel-linux-x86_64-debian-clang 1.0 1.23 24.52 25.75 NOTE
r-devel-linux-x86_64-debian-gcc 1.0 1.58 24.64 26.22 NOTE
r-devel-linux-x86_64-fedora-clang 1.0 47.22 NOTE
r-devel-linux-x86_64-fedora-gcc 1.0 45.97 NOTE
r-devel-windows-ix86+x86_64 1.0 7.00 92.00 99.00 NOTE
r-patched-linux-x86_64 1.0 1.24 25.24 26.48 NOTE
r-patched-solaris-sparc 1.0 270.00 NOTE
r-patched-solaris-x86 1.0 57.80 NOTE
r-release-linux-x86_64 1.0 1.28 24.54 25.81 NOTE
r-release-windows-ix86+x86_64 1.0 4.00 60.00 64.00 NOTE
r-release-osx-x86_64 1.0 NOTE
r-oldrel-windows-ix86+x86_64 1.0 4.00 54.00 58.00 NOTE
r-oldrel-osx-x86_64 1.0 NOTE

Check Details

Version: 1.0
Check: R code for possible problems
Result: NOTE
    combineToSingleMatrix: no visible global function definition for
     ‘read.table’
    combineToSingleMatrix: no visible global function definition for
     ‘write.table’
    compareCIM: no visible global function definition for ‘sd’
    correctData: no visible global function definition for ‘wd’
    correctData: no visible global function definition for ‘threshold’
    correctData: no visible binding for global variable ‘madmad’
    correctData: no visible global function definition for ‘wr’
    Undefined global functions or variables:
     madmad read.table sd threshold wd wr write.table
    Consider adding
     importFrom("stats", "sd")
     importFrom("utils", "read.table", "write.table")
    to your NAMESPACE file.
Flavors: r-devel-linux-x86_64-debian-clang, r-devel-linux-x86_64-debian-gcc, r-devel-linux-x86_64-fedora-clang, r-devel-linux-x86_64-fedora-gcc, r-devel-windows-ix86+x86_64, r-patched-linux-x86_64, r-patched-solaris-sparc, r-patched-solaris-x86, r-release-linux-x86_64, r-release-windows-ix86+x86_64, r-release-osx-x86_64, r-oldrel-windows-ix86+x86_64, r-oldrel-osx-x86_64