CRAN Package Check Results for Package chromoR

Last updated on 2017-02-28 12:49:08.

Flavor Version Tinstall Tcheck Ttotal Status Flags
r-devel-linux-x86_64-debian-clang 1.0 1.16 25.04 26.20 NOTE
r-devel-linux-x86_64-debian-gcc 1.0 1.17 25.39 26.56 NOTE
r-devel-linux-x86_64-fedora-clang 1.0 48.00 NOTE --no-stop-on-test-error
r-devel-linux-x86_64-fedora-gcc 1.0 45.91 NOTE --no-stop-on-test-error
r-devel-macos-x86_64-clang 1.0 40.54 NOTE --no-stop-on-test-error
r-devel-windows-ix86+x86_64 1.0 4.00 104.00 108.00 NOTE
r-patched-linux-x86_64 1.0 1.16 22.49 23.65 NOTE
r-patched-solaris-sparc 1.0 259.60 NOTE
r-patched-solaris-x86 1.0 50.90 NOTE
r-release-linux-x86_64 1.0 1.16 22.23 23.39 NOTE
r-release-osx-x86_64-mavericks 1.0 NOTE
r-release-windows-ix86+x86_64 1.0 9.00 47.00 56.00 NOTE
r-oldrel-windows-ix86+x86_64 1.0 6.00 57.00 63.00 NOTE

Check Details

Version: 1.0
Check: R code for possible problems
Result: NOTE
    combineToSingleMatrix: no visible global function definition for
     ‘read.table’
    combineToSingleMatrix: no visible global function definition for
     ‘write.table’
    compareCIM: no visible global function definition for ‘sd’
    correctData: no visible global function definition for ‘wd’
    correctData: no visible global function definition for ‘threshold’
    correctData: no visible binding for global variable ‘madmad’
    correctData: no visible global function definition for ‘wr’
    Undefined global functions or variables:
     madmad read.table sd threshold wd wr write.table
    Consider adding
     importFrom("stats", "sd")
     importFrom("utils", "read.table", "write.table")
    to your NAMESPACE file.
Flavors: r-devel-linux-x86_64-debian-clang, r-devel-linux-x86_64-debian-gcc, r-devel-windows-ix86+x86_64, r-patched-linux-x86_64, r-patched-solaris-sparc, r-patched-solaris-x86, r-release-linux-x86_64, r-release-osx-x86_64-mavericks, r-release-windows-ix86+x86_64

Version: 1.0
Flags: --no-stop-on-test-error
Check: R code for possible problems
Result: NOTE
    combineToSingleMatrix: no visible global function definition for
     ‘read.table’
    combineToSingleMatrix: no visible global function definition for
     ‘write.table’
    compareCIM: no visible global function definition for ‘sd’
    correctData: no visible global function definition for ‘wd’
    correctData: no visible global function definition for ‘threshold’
    correctData: no visible binding for global variable ‘madmad’
    correctData: no visible global function definition for ‘wr’
    Undefined global functions or variables:
     madmad read.table sd threshold wd wr write.table
    Consider adding
     importFrom("stats", "sd")
     importFrom("utils", "read.table", "write.table")
    to your NAMESPACE file.
Flavors: r-devel-linux-x86_64-fedora-clang, r-devel-linux-x86_64-fedora-gcc, r-devel-macos-x86_64-clang

Version: 1.0
Check: R code for possible problems
Result: NOTE
    correctData: no visible global function definition for 'wd'
    correctData: no visible global function definition for 'threshold'
    correctData: no visible binding for global variable 'madmad'
    correctData: no visible global function definition for 'wr'
Flavor: r-oldrel-windows-ix86+x86_64