CRAN Package Check Results for Package chromoR

Last updated on 2017-12-16 05:47:43 CET.

Flavor Version Tinstall Tcheck Ttotal Status Flags
r-devel-linux-x86_64-debian-clang 1.0 1.42 39.20 40.62 NOTE
r-devel-linux-x86_64-debian-gcc 1.0 1.36 31.08 32.44 NOTE
r-devel-linux-x86_64-fedora-clang 1.0 47.00 NOTE
r-devel-linux-x86_64-fedora-gcc 1.0 45.38 NOTE
r-devel-windows-ix86+x86_64 1.0 8.00 71.00 79.00 NOTE
r-patched-linux-x86_64 1.0 1.71 41.01 42.72 NOTE
r-patched-solaris-x86 1.0 58.20 NOTE
r-release-linux-x86_64 1.0 1.48 37.97 39.45 NOTE
r-release-windows-ix86+x86_64 1.0 6.00 63.00 69.00 NOTE
r-release-osx-x86_64 1.0 NOTE
r-oldrel-windows-ix86+x86_64 1.0 7.00 57.00 64.00 NOTE
r-oldrel-osx-x86_64 1.0 NOTE

Check Details

Version: 1.0
Check: R code for possible problems
Result: NOTE
    combineToSingleMatrix: no visible global function definition for
     ‘read.table’
    combineToSingleMatrix: no visible global function definition for
     ‘write.table’
    compareCIM: no visible global function definition for ‘sd’
    correctData: no visible global function definition for ‘wd’
    correctData: no visible global function definition for ‘threshold’
    correctData: no visible binding for global variable ‘madmad’
    correctData: no visible global function definition for ‘wr’
    Undefined global functions or variables:
     madmad read.table sd threshold wd wr write.table
    Consider adding
     importFrom("stats", "sd")
     importFrom("utils", "read.table", "write.table")
    to your NAMESPACE file.
Flavors: r-devel-linux-x86_64-debian-clang, r-devel-linux-x86_64-debian-gcc, r-devel-linux-x86_64-fedora-clang, r-devel-linux-x86_64-fedora-gcc, r-devel-windows-ix86+x86_64, r-patched-linux-x86_64, r-patched-solaris-x86, r-release-linux-x86_64, r-release-windows-ix86+x86_64, r-release-osx-x86_64, r-oldrel-windows-ix86+x86_64, r-oldrel-osx-x86_64