CRAN Package Check Results for Package chromoR

Last updated on 2014-10-22 23:48:47.

Flavor Version Tinstall Tcheck Ttotal Status Flags
r-devel-linux-x86_64-debian-clang 1.0 1.18 22.81 23.99 NOTE
r-devel-linux-x86_64-debian-gcc 1.0 1.16 22.44 23.60 NOTE
r-devel-linux-x86_64-fedora-clang 1.0 47.02 NOTE
r-devel-linux-x86_64-fedora-gcc 1.0 46.38 NOTE
r-devel-osx-x86_64-clang 1.0 47.82 NOTE
r-devel-windows-ix86+x86_64 1.0 5.00 40.00 45.00 NOTE
r-patched-linux-x86_64 1.0 1.10 23.05 24.14 NOTE
r-patched-solaris-sparc 1.0 284.40 NOTE
r-patched-solaris-x86 1.0 61.20 NOTE
r-release-linux-ix86 1.0 1.69 32.23 33.92 OK
r-release-linux-x86_64 1.0 1.10 23.32 24.42 OK
r-release-osx-x86_64-mavericks 1.0 OK
r-release-osx-x86_64-snowleopard 1.0 OK
r-release-windows-ix86+x86_64 1.0 5.00 40.00 45.00 OK
r-oldrel-windows-ix86+x86_64 1.0 5.00 43.00 48.00 OK

Check Details

Version: 1.0
Check: R code for possible problems
Result: NOTE
    correctData: no visible global function definition for ‘wd’
    correctData: no visible global function definition for ‘threshold’
    correctData: no visible binding for global variable ‘madmad’
    correctData: no visible global function definition for ‘wr’
Flavors: r-devel-linux-x86_64-debian-clang, r-devel-linux-x86_64-debian-gcc, r-devel-linux-x86_64-fedora-clang, r-devel-linux-x86_64-fedora-gcc, r-devel-osx-x86_64-clang, r-devel-windows-ix86+x86_64, r-patched-linux-x86_64, r-patched-solaris-sparc, r-patched-solaris-x86