CRAN Package Check Results for Package chromoR

Last updated on 2014-09-02 10:51:44.

Flavor Version Tinstall Tcheck Ttotal Status Flags
r-devel-linux-x86_64-debian-clang 1.0 1.18 24.58 25.76 NOTE
r-devel-linux-x86_64-debian-gcc 1.0 1.16 21.05 22.22 NOTE
r-devel-linux-x86_64-fedora-clang 1.0 46.44 NOTE
r-devel-linux-x86_64-fedora-gcc 1.0 43.74 NOTE
r-devel-osx-x86_64-clang 1.0 44.03 NOTE
r-devel-windows-ix86+x86_64 1.0 5.00 35.00 40.00 NOTE
r-patched-linux-x86_64 1.0 1.06 23.30 24.37 OK
r-patched-solaris-sparc 1.0 288.10 OK
r-patched-solaris-x86 1.0 59.10 OK
r-release-linux-ix86 1.0 1.66 32.01 33.66 OK
r-release-linux-x86_64 1.0 1.13 23.84 24.97 OK
r-release-osx-x86_64-mavericks 1.0 OK
r-release-osx-x86_64-snowleopard 1.0 OK
r-release-windows-ix86+x86_64 1.0 5.00 41.00 46.00 OK
r-oldrel-windows-ix86+x86_64 1.0 7.00 41.00 48.00 OK

Check Details

Version: 1.0
Check: R code for possible problems
Result: NOTE
    correctData: no visible global function definition for ‘wd’
    correctData: no visible global function definition for ‘threshold’
    correctData: no visible binding for global variable ‘madmad’
    correctData: no visible global function definition for ‘wr’
Flavors: r-devel-linux-x86_64-debian-clang, r-devel-linux-x86_64-debian-gcc, r-devel-linux-x86_64-fedora-clang, r-devel-linux-x86_64-fedora-gcc, r-devel-osx-x86_64-clang, r-devel-windows-ix86+x86_64