CRAN Package Check Results for Package chromoR

Last updated on 2014-08-23 02:49:52.

Flavor Version Tinstall Tcheck Ttotal Status Flags
r-devel-linux-x86_64-debian-clang 1.0 1.15 21.72 22.87 NOTE
r-devel-linux-x86_64-debian-gcc 1.0 1.06 21.38 22.44 NOTE
r-devel-linux-x86_64-fedora-clang 1.0 46.06 NOTE
r-devel-linux-x86_64-fedora-gcc 1.0 42.43 NOTE
r-devel-osx-x86_64-clang 1.0 45.25 NOTE
r-devel-windows-ix86+x86_64 1.0 5.00 42.00 47.00 OK
r-patched-linux-x86_64 1.0 1.13 25.72 26.86 OK
r-patched-solaris-sparc 1.0 288.10 OK
r-patched-solaris-x86 1.0 58.90 OK
r-release-linux-ix86 1.0 1.65 32.18 33.83 OK
r-release-linux-x86_64 1.0 1.38 22.80 24.18 OK
r-release-osx-x86_64-mavericks 1.0 OK
r-release-osx-x86_64-snowleopard 1.0 OK
r-release-windows-ix86+x86_64 1.0 5.00 42.00 47.00 OK
r-oldrel-windows-ix86+x86_64 1.0 5.00 40.00 45.00 OK

Check Details

Version: 1.0
Check: R code for possible problems
Result: NOTE
    correctData: no visible global function definition for ‘wd’
    correctData: no visible global function definition for ‘threshold’
    correctData: no visible binding for global variable ‘madmad’
    correctData: no visible global function definition for ‘wr’
Flavors: r-devel-linux-x86_64-debian-clang, r-devel-linux-x86_64-debian-gcc, r-devel-linux-x86_64-fedora-clang, r-devel-linux-x86_64-fedora-gcc, r-devel-osx-x86_64-clang