CRAN Package Check Results for Package chromoR

Last updated on 2015-03-01 19:48:00.

Flavor Version Tinstall Tcheck Ttotal Status Flags
r-devel-linux-x86_64-debian-clang 1.0 0.98 21.15 22.14 NOTE
r-devel-linux-x86_64-debian-gcc 1.0 0.99 20.11 21.10 NOTE
r-devel-linux-x86_64-fedora-clang 1.0 43.08 NOTE
r-devel-linux-x86_64-fedora-gcc 1.0 38.25 NOTE
r-devel-osx-x86_64-clang 1.0 41.77 NOTE
r-devel-windows-ix86+x86_64 1.0 3.00 32.00 35.00 NOTE
r-patched-linux-x86_64 1.0 1.27 22.92 24.20 NOTE
r-patched-solaris-sparc 1.0 309.90 NOTE
r-patched-solaris-x86 1.0 60.30 NOTE
r-release-linux-ix86 1.0 2.12 31.02 33.14 NOTE
r-release-linux-x86_64 1.0 1.17 23.70 24.87 NOTE
r-release-osx-x86_64-mavericks 1.0 NOTE
r-release-osx-x86_64-snowleopard 1.0 OK
r-release-windows-ix86+x86_64 1.0 5.00 40.00 45.00 NOTE
r-oldrel-windows-ix86+x86_64 1.0 6.00 66.00 72.00 OK

Check Details

Version: 1.0
Check: R code for possible problems
Result: NOTE
    correctData: no visible global function definition for ‘wd’
    correctData: no visible global function definition for ‘threshold’
    correctData: no visible binding for global variable ‘madmad’
    correctData: no visible global function definition for ‘wr’
Flavors: r-devel-linux-x86_64-debian-clang, r-devel-linux-x86_64-debian-gcc, r-devel-linux-x86_64-fedora-clang, r-devel-linux-x86_64-fedora-gcc, r-devel-osx-x86_64-clang, r-devel-windows-ix86+x86_64, r-patched-linux-x86_64, r-patched-solaris-sparc, r-patched-solaris-x86, r-release-linux-ix86, r-release-linux-x86_64, r-release-osx-x86_64-mavericks, r-release-windows-ix86+x86_64