CRAN Package Check Results for Package chromoR

Last updated on 2015-09-04 19:47:18.

Flavor Version Tinstall Tcheck Ttotal Status Flags
r-devel-linux-x86_64-debian-clang 1.0 1.09 22.09 23.18 NOTE
r-devel-linux-x86_64-debian-gcc 1.0 1.05 21.60 22.65 NOTE
r-devel-linux-x86_64-fedora-clang 1.0 43.61 NOTE
r-devel-linux-x86_64-fedora-gcc 1.0 41.03 NOTE
r-devel-osx-x86_64-clang 1.0 41.25 NOTE
r-devel-windows-ix86+x86_64 1.0 5.00 54.00 59.00 NOTE
r-patched-linux-x86_64 1.0 1.30 22.98 24.28 NOTE
r-patched-solaris-sparc 1.0 275.60 NOTE
r-patched-solaris-x86 1.0 56.10 NOTE
r-release-linux-x86_64 1.0 1.14 22.00 23.13 NOTE
r-release-osx-x86_64-mavericks 1.0 NOTE
r-release-windows-ix86+x86_64 1.0 7.00 39.00 46.00 NOTE
r-oldrel-windows-ix86+x86_64 1.0 8.00 48.00 56.00 NOTE

Check Details

Version: 1.0
Check: R code for possible problems
Result: NOTE
    combineToSingleMatrix: no visible global function definition for
     ‘read.table’
    combineToSingleMatrix: no visible global function definition for
     ‘write.table’
    compareCIM: no visible global function definition for ‘sd’
    correctData: no visible global function definition for ‘wd’
    correctData: no visible global function definition for ‘threshold’
    correctData: no visible binding for global variable ‘madmad’
    correctData: no visible global function definition for ‘wr’
    Undefined global functions or variables:
     madmad read.table sd threshold wd wr write.table
    Consider adding
     importFrom("stats", "sd")
     importFrom("utils", "read.table", "write.table")
    to your NAMESPACE.
Flavors: r-devel-linux-x86_64-debian-clang, r-devel-linux-x86_64-debian-gcc, r-devel-linux-x86_64-fedora-clang, r-devel-linux-x86_64-fedora-gcc, r-devel-windows-ix86+x86_64

Version: 1.0
Check: R code for possible problems
Result: NOTE
    correctData: no visible global function definition for ‘wd’
    correctData: no visible global function definition for ‘threshold’
    correctData: no visible binding for global variable ‘madmad’
    correctData: no visible global function definition for ‘wr’
    Undefined global functions or variables:
     madmad threshold wd wr
Flavor: r-devel-osx-x86_64-clang

Version: 1.0
Check: R code for possible problems
Result: NOTE
    correctData: no visible global function definition for ‘wd’
    correctData: no visible global function definition for ‘threshold’
    correctData: no visible binding for global variable ‘madmad’
    correctData: no visible global function definition for ‘wr’
Flavors: r-patched-linux-x86_64, r-patched-solaris-sparc, r-patched-solaris-x86, r-release-linux-x86_64, r-release-osx-x86_64-mavericks, r-release-windows-ix86+x86_64, r-oldrel-windows-ix86+x86_64