CRAN Package Check Results for Package chromoR

Last updated on 2014-11-28 03:47:30.

Flavor Version Tinstall Tcheck Ttotal Status Flags
r-devel-linux-x86_64-debian-clang 1.0 1.10 22.79 23.88 NOTE
r-devel-linux-x86_64-debian-gcc 1.0 1.07 23.89 24.96 NOTE
r-devel-linux-x86_64-fedora-clang 1.0 49.76 NOTE
r-devel-linux-x86_64-fedora-gcc 1.0 49.39 NOTE
r-devel-osx-x86_64-clang 1.0 46.95 NOTE
r-devel-windows-ix86+x86_64 1.0 5.00 41.00 46.00 NOTE
r-patched-linux-x86_64 1.0 1.18 23.01 24.20 NOTE
r-patched-solaris-sparc 1.0 284.40 NOTE
r-patched-solaris-x86 1.0 59.70 NOTE
r-release-linux-ix86 1.0 1.64 30.74 32.37 NOTE
r-release-linux-x86_64 1.0 1.10 25.28 26.39 NOTE
r-release-osx-x86_64-mavericks 1.0 OK
r-release-osx-x86_64-snowleopard 1.0 OK
r-release-windows-ix86+x86_64 1.0 6.00 40.00 46.00 NOTE
r-oldrel-windows-ix86+x86_64 1.0 6.00 43.00 49.00 OK

Check Details

Version: 1.0
Check: R code for possible problems
Result: NOTE
    correctData: no visible global function definition for ‘wd’
    correctData: no visible global function definition for ‘threshold’
    correctData: no visible binding for global variable ‘madmad’
    correctData: no visible global function definition for ‘wr’
Flavors: r-devel-linux-x86_64-debian-clang, r-devel-linux-x86_64-debian-gcc, r-devel-linux-x86_64-fedora-clang, r-devel-linux-x86_64-fedora-gcc, r-devel-osx-x86_64-clang, r-devel-windows-ix86+x86_64, r-patched-linux-x86_64, r-patched-solaris-sparc, r-patched-solaris-x86, r-release-linux-ix86, r-release-linux-x86_64, r-release-windows-ix86+x86_64