CRAN Package Check Results for Package chromoR

Last updated on 2016-05-25 21:46:31.

Flavor Version Tinstall Tcheck Ttotal Status Flags
r-devel-linux-x86_64-debian-gcc 1.0 1.23 21.99 23.22 NOTE
r-devel-linux-x86_64-fedora-clang 1.0 45.32 NOTE
r-devel-linux-x86_64-fedora-gcc 1.0 40.32 NOTE
r-devel-osx-x86_64-clang 1.0 48.25 NOTE
r-devel-windows-ix86+x86_64 1.0 4.00 46.00 50.00 NOTE
r-patched-linux-x86_64 1.0 1.11 21.64 22.75 NOTE
r-patched-solaris-sparc 1.0 253.60 NOTE
r-patched-solaris-x86 1.0 51.90 NOTE
r-release-linux-x86_64 1.0 1.23 21.92 23.14 NOTE
r-release-osx-x86_64-mavericks 1.0 NOTE
r-release-windows-ix86+x86_64 1.0 5.00 45.00 50.00 NOTE
r-oldrel-windows-ix86+x86_64 1.0 5.00 67.00 72.00 NOTE

Check Details

Version: 1.0
Check: R code for possible problems
Result: NOTE
    combineToSingleMatrix: no visible global function definition for
     ‘read.table’
    combineToSingleMatrix: no visible global function definition for
     ‘write.table’
    compareCIM: no visible global function definition for ‘sd’
    correctData: no visible global function definition for ‘wd’
    correctData: no visible global function definition for ‘threshold’
    correctData: no visible binding for global variable ‘madmad’
    correctData: no visible global function definition for ‘wr’
    Undefined global functions or variables:
     madmad read.table sd threshold wd wr write.table
    Consider adding
     importFrom("stats", "sd")
     importFrom("utils", "read.table", "write.table")
    to your NAMESPACE file.
Flavors: r-devel-linux-x86_64-debian-gcc, r-devel-linux-x86_64-fedora-clang, r-devel-linux-x86_64-fedora-gcc, r-devel-osx-x86_64-clang, r-devel-windows-ix86+x86_64, r-patched-linux-x86_64, r-patched-solaris-sparc, r-patched-solaris-x86, r-release-linux-x86_64, r-release-osx-x86_64-mavericks, r-release-windows-ix86+x86_64

Version: 1.0
Check: R code for possible problems
Result: NOTE
    correctData: no visible global function definition for 'wd'
    correctData: no visible global function definition for 'threshold'
    correctData: no visible binding for global variable 'madmad'
    correctData: no visible global function definition for 'wr'
Flavor: r-oldrel-windows-ix86+x86_64