CRAN Package Check Results for Package chromoR

Last updated on 2014-12-22 13:47:51.

Flavor Version Tinstall Tcheck Ttotal Status Flags
r-devel-linux-x86_64-debian-clang 1.0 1.10 23.04 24.15 NOTE
r-devel-linux-x86_64-debian-gcc 1.0 1.12 22.22 23.33 NOTE
r-devel-linux-x86_64-fedora-clang 1.0 49.47 NOTE
r-devel-linux-x86_64-fedora-gcc 1.0 46.15 NOTE
r-devel-osx-x86_64-clang 1.0 45.94 NOTE
r-devel-windows-ix86+x86_64 1.0 5.00 41.00 46.00 NOTE
r-patched-linux-x86_64 1.0 1.11 23.07 24.18 NOTE
r-patched-solaris-sparc 1.0 309.80 NOTE
r-patched-solaris-x86 1.0 64.00 NOTE
r-release-linux-ix86 1.0 1.67 29.82 31.50 NOTE
r-release-linux-x86_64 1.0 1.10 22.90 24.00 NOTE
r-release-osx-x86_64-mavericks 1.0 OK
r-release-osx-x86_64-snowleopard 1.0 OK
r-release-windows-ix86+x86_64 1.0 5.00 45.00 50.00 NOTE
r-oldrel-windows-ix86+x86_64 1.0 5.00 44.00 49.00 OK

Check Details

Version: 1.0
Check: R code for possible problems
Result: NOTE
    correctData: no visible global function definition for ‘wd’
    correctData: no visible global function definition for ‘threshold’
    correctData: no visible binding for global variable ‘madmad’
    correctData: no visible global function definition for ‘wr’
Flavors: r-devel-linux-x86_64-debian-clang, r-devel-linux-x86_64-debian-gcc, r-devel-linux-x86_64-fedora-clang, r-devel-linux-x86_64-fedora-gcc, r-devel-osx-x86_64-clang, r-devel-windows-ix86+x86_64, r-patched-linux-x86_64, r-patched-solaris-sparc, r-patched-solaris-x86, r-release-linux-ix86, r-release-linux-x86_64, r-release-windows-ix86+x86_64