CRAN Package Check Results for Package chromoR

Last updated on 2017-01-16 21:48:53.

Flavor Version Tinstall Tcheck Ttotal Status Flags
r-devel-linux-x86_64-debian-clang 1.0 1.22 24.55 25.77 NOTE
r-devel-linux-x86_64-debian-gcc 1.0 1.32 24.44 25.76 NOTE
r-devel-linux-x86_64-fedora-clang 1.0 46.10 NOTE --no-stop-on-test-error
r-devel-linux-x86_64-fedora-gcc 1.0 44.91 NOTE --no-stop-on-test-error
r-devel-macos-x86_64-clang 1.0 39.59 NOTE --no-stop-on-test-error
r-devel-windows-ix86+x86_64 1.0 5.00 50.00 55.00 NOTE
r-patched-linux-x86_64 1.0 1.13 21.88 23.01 NOTE
r-patched-solaris-sparc 1.0 259.60 NOTE
r-patched-solaris-x86 1.0 52.10 NOTE
r-release-linux-x86_64 1.0 1.12 21.74 22.86 NOTE
r-release-osx-x86_64-mavericks 1.0 NOTE
r-release-windows-ix86+x86_64 1.0 7.00 59.00 66.00 NOTE
r-oldrel-windows-ix86+x86_64 1.0 6.00 57.00 63.00 NOTE

Check Details

Version: 1.0
Check: R code for possible problems
Result: NOTE
    combineToSingleMatrix: no visible global function definition for
     ‘read.table’
    combineToSingleMatrix: no visible global function definition for
     ‘write.table’
    compareCIM: no visible global function definition for ‘sd’
    correctData: no visible global function definition for ‘wd’
    correctData: no visible global function definition for ‘threshold’
    correctData: no visible binding for global variable ‘madmad’
    correctData: no visible global function definition for ‘wr’
    Undefined global functions or variables:
     madmad read.table sd threshold wd wr write.table
    Consider adding
     importFrom("stats", "sd")
     importFrom("utils", "read.table", "write.table")
    to your NAMESPACE file.
Flavors: r-devel-linux-x86_64-debian-clang, r-devel-linux-x86_64-debian-gcc, r-devel-windows-ix86+x86_64, r-patched-linux-x86_64, r-patched-solaris-sparc, r-patched-solaris-x86, r-release-linux-x86_64, r-release-osx-x86_64-mavericks, r-release-windows-ix86+x86_64

Version: 1.0
Flags: --no-stop-on-test-error
Check: R code for possible problems
Result: NOTE
    combineToSingleMatrix: no visible global function definition for
     ‘read.table’
    combineToSingleMatrix: no visible global function definition for
     ‘write.table’
    compareCIM: no visible global function definition for ‘sd’
    correctData: no visible global function definition for ‘wd’
    correctData: no visible global function definition for ‘threshold’
    correctData: no visible binding for global variable ‘madmad’
    correctData: no visible global function definition for ‘wr’
    Undefined global functions or variables:
     madmad read.table sd threshold wd wr write.table
    Consider adding
     importFrom("stats", "sd")
     importFrom("utils", "read.table", "write.table")
    to your NAMESPACE file.
Flavors: r-devel-linux-x86_64-fedora-clang, r-devel-linux-x86_64-fedora-gcc, r-devel-macos-x86_64-clang

Version: 1.0
Check: R code for possible problems
Result: NOTE
    correctData: no visible global function definition for 'wd'
    correctData: no visible global function definition for 'threshold'
    correctData: no visible binding for global variable 'madmad'
    correctData: no visible global function definition for 'wr'
Flavor: r-oldrel-windows-ix86+x86_64