CRAN Package Check Results for Package chromoR

Last updated on 2018-05-22 05:49:15 CEST.

Flavor Version Tinstall Tcheck Ttotal Status Flags
r-devel-linux-x86_64-debian-clang 1.0 3.45 32.83 36.28 NOTE
r-devel-linux-x86_64-debian-gcc 1.0 2.64 28.96 31.60 NOTE
r-devel-linux-x86_64-fedora-clang 1.0 49.23 NOTE
r-devel-linux-x86_64-fedora-gcc 1.0 48.14 NOTE
r-devel-windows-ix86+x86_64 1.0 7.00 49.00 56.00 NOTE
r-patched-linux-x86_64 1.0 3.95 36.12 40.07 NOTE
r-patched-solaris-x86 1.0 67.30 NOTE
r-release-linux-x86_64 1.0 4.07 36.07 40.14 NOTE
r-release-windows-ix86+x86_64 1.0 6.00 57.00 63.00 NOTE
r-release-osx-x86_64 1.0 NOTE
r-oldrel-windows-ix86+x86_64 1.0 6.00 63.00 69.00 NOTE
r-oldrel-osx-x86_64 1.0 NOTE

Check Details

Version: 1.0
Check: R code for possible problems
Result: NOTE
    combineToSingleMatrix: no visible global function definition for
     ‘read.table’
    combineToSingleMatrix: no visible global function definition for
     ‘write.table’
    compareCIM: no visible global function definition for ‘sd’
    correctData: no visible global function definition for ‘wd’
    correctData: no visible global function definition for ‘threshold’
    correctData: no visible binding for global variable ‘madmad’
    correctData: no visible global function definition for ‘wr’
    Undefined global functions or variables:
     madmad read.table sd threshold wd wr write.table
    Consider adding
     importFrom("stats", "sd")
     importFrom("utils", "read.table", "write.table")
    to your NAMESPACE file.
Flavors: r-devel-linux-x86_64-debian-clang, r-devel-linux-x86_64-debian-gcc, r-devel-linux-x86_64-fedora-clang, r-devel-linux-x86_64-fedora-gcc, r-devel-windows-ix86+x86_64, r-patched-linux-x86_64, r-patched-solaris-x86, r-release-linux-x86_64, r-release-windows-ix86+x86_64, r-release-osx-x86_64, r-oldrel-windows-ix86+x86_64, r-oldrel-osx-x86_64