CRAN Package Check Results for Package chromoR

Last updated on 2017-10-17 14:46:25.

Flavor Version Tinstall Tcheck Ttotal Status Flags
r-devel-linux-x86_64-debian-clang 1.0 1.23 26.84 28.06 NOTE
r-devel-linux-x86_64-debian-gcc 1.0 1.50 29.72 31.22 NOTE
r-devel-linux-x86_64-fedora-clang 1.0 50.74 NOTE
r-devel-linux-x86_64-fedora-gcc 1.0 53.87 NOTE
r-devel-windows-ix86+x86_64 1.0 3.00 45.00 48.00 NOTE
r-patched-linux-x86_64 1.0 1.23 25.44 26.67 NOTE
r-patched-solaris-x86 1.0 59.50 NOTE
r-release-linux-x86_64 1.0 1.20 25.12 26.32 NOTE
r-release-windows-ix86+x86_64 1.0 6.00 44.00 50.00 NOTE
r-release-osx-x86_64 1.0 NOTE
r-oldrel-windows-ix86+x86_64 1.0 6.00 61.00 67.00 NOTE
r-oldrel-osx-x86_64 1.0 NOTE

Check Details

Version: 1.0
Check: R code for possible problems
Result: NOTE
    combineToSingleMatrix: no visible global function definition for
     ‘read.table’
    combineToSingleMatrix: no visible global function definition for
     ‘write.table’
    compareCIM: no visible global function definition for ‘sd’
    correctData: no visible global function definition for ‘wd’
    correctData: no visible global function definition for ‘threshold’
    correctData: no visible binding for global variable ‘madmad’
    correctData: no visible global function definition for ‘wr’
    Undefined global functions or variables:
     madmad read.table sd threshold wd wr write.table
    Consider adding
     importFrom("stats", "sd")
     importFrom("utils", "read.table", "write.table")
    to your NAMESPACE file.
Flavors: r-devel-linux-x86_64-debian-clang, r-devel-linux-x86_64-debian-gcc, r-devel-linux-x86_64-fedora-clang, r-devel-linux-x86_64-fedora-gcc, r-devel-windows-ix86+x86_64, r-patched-linux-x86_64, r-patched-solaris-x86, r-release-linux-x86_64, r-release-windows-ix86+x86_64, r-release-osx-x86_64, r-oldrel-windows-ix86+x86_64, r-oldrel-osx-x86_64