CRAN Package Check Results for Package chron

Last updated on 2014-04-24 15:50:35.

Flavor Version Tinstall Tcheck Ttotal Status Flags
r-devel-linux-x86_64-debian-clang 2.3-45 1.20 16.90 18.10 OK
r-devel-linux-x86_64-debian-gcc 2.3-45 1.14 16.98 18.12 OK
r-devel-linux-x86_64-fedora-clang 2.3-45 34.98 OK
r-devel-linux-x86_64-fedora-gcc 2.3-45 32.60 OK
r-devel-osx-x86_64-clang 2.3-45 31.47 OK
r-devel-osx-x86_64-gcc 2.3-45 NOTE
r-devel-windows-ix86+x86_64 2.3-45 6.00 30.00 36.00 OK
r-patched-linux-x86_64 2.3-45 1.15 16.77 17.92 OK
r-patched-solaris-sparc 2.3-45 198.30 OK
r-patched-solaris-x86 2.3-45 45.40 OK
r-release-linux-ix86 2.3-45 2.00 32.00 34.00 OK
r-release-linux-x86_64 2.3-45 1.15 16.81 17.96 OK
r-release-osx-x86_64-mavericks 2.3-45 WARN
r-release-osx-x86_64-snowleopard 2.3-45 OK
r-release-windows-ix86+x86_64 2.3-45 7.00 29.00 36.00 OK
r-oldrel-windows-ix86+x86_64 2.3-45 7.00 31.00 38.00 OK

Check Details

Version: 2.3-45
Check: package dependencies
Result: NOTE
    Packages suggested but not available for checking: ‘scales’ ‘ggplot2’
    
    Package which this enhances but not available for checking: ‘zoo’
Flavor: r-devel-osx-x86_64-gcc

Version: 2.3-45
Check: Rd cross-references
Result: NOTE
    Packages unavailable to check Rd xrefs: ‘ggplot2’, ‘zoo’
Flavor: r-devel-osx-x86_64-gcc

Version: 2.3-45
Check: PDF version of manual
Result: WARNING
    LaTeX errors when creating PDF version.
    This typically indicates Rd problems.
    LaTeX errors found:
    ! LaTeX Error: File `upquote.sty' not found.
    
    Type X to quit or <RETURN> to proceed,
    or enter new name. (Default extension: sty)
    
    af2e784/Rd2.tex:8: ==> Fatal error occurred, no output PDF file produced!
Flavor: r-release-osx-x86_64-mavericks