CRAN Package Check Results for Package chron

Last updated on 2015-02-01 20:48:30.

Flavor Version Tinstall Tcheck Ttotal Status Flags
r-devel-linux-x86_64-debian-clang 2.3-45 1.14 15.22 16.36 NOTE
r-devel-linux-x86_64-debian-gcc 2.3-45 1.08 15.80 16.87 NOTE
r-devel-linux-x86_64-fedora-clang 2.3-45 30.72 NOTE
r-devel-linux-x86_64-fedora-gcc 2.3-45 28.47 NOTE
r-devel-osx-x86_64-clang 2.3-45 37.14 NOTE
r-devel-windows-ix86+x86_64 2.3-45 14.00 28.00 42.00 OK
r-patched-linux-x86_64 2.3-45 1.12 16.48 17.61 OK
r-patched-solaris-sparc 2.3-45 207.70 OK
r-patched-solaris-x86 2.3-45 45.80 OK
r-release-linux-ix86 2.3-45 1.59 22.34 23.93 OK
r-release-linux-x86_64 2.3-45 1.06 16.36 17.43 OK
r-release-osx-x86_64-mavericks 2.3-45 OK
r-release-osx-x86_64-snowleopard 2.3-45 OK
r-release-windows-ix86+x86_64 2.3-45 8.00 37.00 45.00 OK
r-oldrel-windows-ix86+x86_64 2.3-45 9.00 33.00 42.00 OK

Check Details

Version: 2.3-45
Check: S3 generic/method consistency
Result: NOTE
    Found the following apparent S3 methods exported but not registered:
     seq.dates
    See section ‘Registering S3 methods’ in the ‘Writing R Extensions’
    manual.
Flavors: r-devel-linux-x86_64-debian-clang, r-devel-linux-x86_64-debian-gcc, r-devel-linux-x86_64-fedora-clang, r-devel-linux-x86_64-fedora-gcc, r-devel-osx-x86_64-clang