CRAN Package Check Results for Package chron

Last updated on 2015-03-03 03:48:49.

Flavor Version Tinstall Tcheck Ttotal Status Flags
r-devel-linux-x86_64-debian-clang 2.3-45 1.09 14.89 15.98 NOTE
r-devel-linux-x86_64-debian-gcc 2.3-45 1.01 14.60 15.61 NOTE
r-devel-linux-x86_64-fedora-clang 2.3-45 32.04 NOTE
r-devel-linux-x86_64-fedora-gcc 2.3-45 28.41 NOTE
r-devel-osx-x86_64-clang 2.3-45 32.11 NOTE
r-devel-windows-ix86+x86_64 2.3-45 17.00 37.00 54.00 NOTE
r-patched-linux-x86_64 2.3-45 1.10 16.61 17.72 OK
r-patched-solaris-sparc 2.3-45 207.70 OK
r-patched-solaris-x86 2.3-45 45.30 OK
r-release-linux-ix86 2.3-45 1.96 22.87 24.83 OK
r-release-linux-x86_64 2.3-45 1.21 16.23 17.44 OK
r-release-osx-x86_64-mavericks 2.3-45 OK
r-release-osx-x86_64-snowleopard 2.3-45 OK
r-release-windows-ix86+x86_64 2.3-45 8.00 42.00 50.00 OK
r-oldrel-windows-ix86+x86_64 2.3-45 7.00 31.00 38.00 OK

Check Details

Version: 2.3-45
Check: DESCRIPTION meta-information
Result: NOTE
    Malformed Description field: should contain one or more complete sentences.
Flavors: r-devel-linux-x86_64-debian-clang, r-devel-linux-x86_64-debian-gcc, r-devel-linux-x86_64-fedora-clang, r-devel-linux-x86_64-fedora-gcc, r-devel-osx-x86_64-clang, r-devel-windows-ix86+x86_64

Version: 2.3-45
Check: S3 generic/method consistency
Result: NOTE
    Found the following apparent S3 methods exported but not registered:
     seq.dates
    See section ‘Registering S3 methods’ in the ‘Writing R Extensions’
    manual.
Flavors: r-devel-linux-x86_64-debian-clang, r-devel-linux-x86_64-debian-gcc, r-devel-linux-x86_64-fedora-clang, r-devel-linux-x86_64-fedora-gcc, r-devel-osx-x86_64-clang