CRAN Package Check Results for Package chron

Last updated on 2015-04-21 09:55:25.

Flavor Version Tinstall Tcheck Ttotal Status Flags
r-devel-linux-x86_64-debian-clang 2.3-45 1.10 14.98 16.08 NOTE
r-devel-linux-x86_64-debian-gcc 2.3-45 1.07 15.38 16.45 NOTE
r-devel-linux-x86_64-fedora-clang 2.3-45 30.96 NOTE
r-devel-linux-x86_64-fedora-gcc 2.3-45 28.58 NOTE
r-devel-osx-x86_64-clang 2.3-45 32.33 NOTE
r-devel-windows-ix86+x86_64 2.3-45 11.00 30.00 41.00 NOTE
r-patched-linux-x86_64 2.3-45 1.11 15.06 16.17 NOTE
r-patched-solaris-sparc 2.3-45 209.50 NOTE
r-patched-solaris-x86 2.3-45 40.30 NOTE
r-release-linux-x86_64 2.3-45 1.08 15.37 16.44 NOTE
r-release-osx-x86_64-mavericks 2.3-45 NOTE
r-release-osx-x86_64-snowleopard 2.3-45 NOTE
r-release-windows-ix86+x86_64 2.3-45 5.00 26.00 31.00 NOTE
r-oldrel-windows-ix86+x86_64 2.3-45 5.00 30.00 35.00 OK

Check Details

Version: 2.3-45
Check: DESCRIPTION meta-information
Result: NOTE
    Malformed Description field: should contain one or more complete sentences.
Flavors: r-devel-linux-x86_64-debian-clang, r-devel-linux-x86_64-debian-gcc, r-devel-linux-x86_64-fedora-clang, r-devel-linux-x86_64-fedora-gcc, r-devel-osx-x86_64-clang, r-devel-windows-ix86+x86_64, r-patched-linux-x86_64, r-patched-solaris-sparc, r-patched-solaris-x86, r-release-linux-x86_64, r-release-osx-x86_64-mavericks, r-release-osx-x86_64-snowleopard, r-release-windows-ix86+x86_64

Version: 2.3-45
Check: S3 generic/method consistency
Result: NOTE
    Found the following apparent S3 methods exported but not registered:
     seq.dates
    See section ‘Registering S3 methods’ in the ‘Writing R Extensions’
    manual.
Flavors: r-devel-linux-x86_64-debian-clang, r-devel-linux-x86_64-debian-gcc, r-devel-linux-x86_64-fedora-clang, r-devel-linux-x86_64-fedora-gcc, r-devel-osx-x86_64-clang, r-patched-linux-x86_64, r-release-linux-x86_64

Version: 2.3-45
Check: package dependencies
Result: NOTE
    Packages suggested but not available for checking: ‘scales’ ‘ggplot2’
    
    Package which this enhances but not available for checking: ‘zoo’
Flavor: r-release-osx-x86_64-snowleopard

Version: 2.3-45
Check: Rd cross-references
Result: NOTE
    Packages unavailable to check Rd xrefs: ‘ggplot2’, ‘zoo’
Flavor: r-release-osx-x86_64-snowleopard