Last updated on 2023-05-29 05:00:07 CEST.
Flavor | Version | Tinstall | Tcheck | Ttotal | Status | Flags |
---|---|---|---|---|---|---|
r-devel-linux-x86_64-debian-clang | 0.3 | 6.13 | 71.07 | 77.20 | OK | |
r-devel-linux-x86_64-debian-gcc | 0.3 | 4.82 | 52.88 | 57.70 | OK | |
r-devel-linux-x86_64-fedora-clang | 0.3 | 99.88 | NOTE | |||
r-devel-linux-x86_64-fedora-gcc | 0.3 | 101.14 | NOTE | |||
r-devel-windows-x86_64 | 0.3 | 6.00 | 79.00 | 85.00 | OK | |
r-patched-linux-x86_64 | 0.3 | 6.66 | 65.98 | 72.64 | OK | |
r-release-linux-x86_64 | 0.3 | 4.85 | 66.93 | 71.78 | OK | |
r-release-macos-arm64 | 0.3 | 37.00 | OK | |||
r-release-macos-x86_64 | 0.3 | 50.00 | OK | |||
r-release-windows-x86_64 | 0.3 | 9.00 | 91.00 | 100.00 | OK | |
r-oldrel-macos-arm64 | 0.3 | 32.00 | NOTE | |||
r-oldrel-macos-x86_64 | 0.3 | 51.00 | NOTE | |||
r-oldrel-windows-x86_64 | 0.3 | 8.00 | 90.00 | 98.00 | OK |
Version: 0.3
Check: dependencies in R code
Result: NOTE
Namespaces in Imports field not imported from:
‘DT’ ‘dplyr’ ‘prettydoc’ ‘rmdformats’ ‘skimr’
All declared Imports should be used.
Flavors: r-devel-linux-x86_64-fedora-clang, r-devel-linux-x86_64-fedora-gcc, r-oldrel-macos-arm64, r-oldrel-macos-x86_64