Last updated on 2022-07-06 05:53:58 CEST.
Flavor | Version | Tinstall | Tcheck | Ttotal | Status | Flags |
---|---|---|---|---|---|---|
r-devel-linux-x86_64-debian-clang | 0.3 | 5.20 | 70.82 | 76.02 | OK | |
r-devel-linux-x86_64-debian-gcc | 0.3 | 4.38 | 51.77 | 56.15 | OK | |
r-devel-linux-x86_64-fedora-clang | 0.3 | 99.08 | NOTE | |||
r-devel-linux-x86_64-fedora-gcc | 0.3 | 96.84 | NOTE | |||
r-devel-windows-x86_64 | 0.3 | 34.00 | 102.00 | 136.00 | OK | |
r-patched-linux-x86_64 | 0.3 | 5.65 | 64.91 | 70.56 | OK | |
r-release-linux-x86_64 | 0.3 | 5.93 | 65.69 | 71.62 | OK | |
r-release-macos-arm64 | 0.3 | 32.00 | NOTE | |||
r-release-macos-x86_64 | 0.3 | 51.00 | NOTE | |||
r-release-windows-x86_64 | 0.3 | 31.00 | 120.00 | 151.00 | OK | |
r-oldrel-macos-arm64 | 0.3 | 32.00 | NOTE | |||
r-oldrel-macos-x86_64 | 0.3 | 51.00 | NOTE | |||
r-oldrel-windows-ix86+x86_64 | 0.3 | 13.00 | 98.00 | 111.00 | OK |
Version: 0.3
Check: dependencies in R code
Result: NOTE
Namespaces in Imports field not imported from:
‘DT’ ‘dplyr’ ‘prettydoc’ ‘rmdformats’ ‘skimr’
All declared Imports should be used.
Flavors: r-devel-linux-x86_64-fedora-clang, r-devel-linux-x86_64-fedora-gcc, r-release-macos-arm64, r-release-macos-x86_64, r-oldrel-macos-arm64, r-oldrel-macos-x86_64