CRAN Package Check Results for Package chronochrt

Last updated on 2022-01-24 14:54:13 CET.

Flavor Version Tinstall Tcheck Ttotal Status Flags
r-devel-linux-x86_64-debian-clang 0.1.0 4.99 87.60 92.59 OK
r-devel-linux-x86_64-debian-gcc 0.1.0 3.66 66.02 69.68 OK
r-devel-linux-x86_64-fedora-clang 0.1.0 113.90 NOTE
r-devel-linux-x86_64-fedora-gcc 0.1.0 100.58 NOTE
r-devel-windows-x86_64-new-UL 0.1.0 53.00 122.00 175.00 OK
r-devel-windows-x86_64-new-TK 0.1.0 NOTE
r-patched-linux-x86_64 0.1.0 6.33 84.39 90.72 OK
r-release-linux-x86_64 0.1.0 5.39 83.99 89.38 OK
r-release-macos-arm64 0.1.0 NOTE
r-release-macos-x86_64 0.1.0 NOTE
r-release-windows-ix86+x86_64 0.1.0 12.00 106.00 118.00 OK
r-oldrel-macos-x86_64 0.1.0 NOTE
r-oldrel-windows-ix86+x86_64 0.1.0 13.00 103.00 116.00 OK

Check Details

Version: 0.1.0
Check: dependencies in R code
Result: NOTE
    Namespaces in Imports field not imported from:
     ‘dplyr’ ‘magick’ ‘tidyr’
     All declared Imports should be used.
Flavors: r-devel-linux-x86_64-fedora-clang, r-devel-linux-x86_64-fedora-gcc, r-devel-windows-x86_64-new-TK, r-release-macos-arm64, r-release-macos-x86_64, r-oldrel-macos-x86_64