CRAN Package Check Results for Package ciTools

Last updated on 2022-09-30 00:49:11 CEST.

Flavor Version Tinstall Tcheck Ttotal Status Flags
r-devel-linux-x86_64-debian-clang 0.6.1 13.89 302.95 316.84 NOTE
r-devel-linux-x86_64-debian-gcc 0.6.1 11.44 228.41 239.85 NOTE
r-devel-linux-x86_64-fedora-clang 0.6.1 396.83 NOTE
r-devel-linux-x86_64-fedora-gcc 0.6.1 376.89 NOTE
r-devel-windows-x86_64 0.6.1 191.00 331.00 522.00 NOTE
r-patched-linux-x86_64 0.6.1 13.58 278.52 292.10 NOTE
r-release-linux-x86_64 0.6.1 14.91 276.18 291.09 NOTE
r-release-macos-arm64 0.6.1 130.00 NOTE
r-release-macos-x86_64 0.6.1 233.00 NOTE
r-release-windows-x86_64 0.6.1 46.00 332.00 378.00 NOTE
r-oldrel-macos-arm64 0.6.1 175.00 NOTE
r-oldrel-macos-x86_64 0.6.1 275.00 NOTE
r-oldrel-windows-ix86+x86_64 0.6.1 34.00 338.00 372.00 NOTE

Check Details

Version: 0.6.1
Check: LazyData
Result: NOTE
     'LazyData' is specified without a 'data' directory
Flavors: r-devel-linux-x86_64-debian-clang, r-devel-linux-x86_64-debian-gcc, r-devel-linux-x86_64-fedora-clang, r-devel-linux-x86_64-fedora-gcc, r-devel-windows-x86_64, r-patched-linux-x86_64, r-release-linux-x86_64, r-release-macos-arm64, r-release-macos-x86_64, r-release-windows-x86_64, r-oldrel-macos-arm64, r-oldrel-macos-x86_64, r-oldrel-windows-ix86+x86_64