CRAN Package Check Results for Package cifti

Last updated on 2022-08-13 08:53:28 CEST.

Flavor Version Tinstall Tcheck Ttotal Status Flags
r-devel-linux-x86_64-debian-clang 0.4.5 7.16 61.76 68.92 NOTE
r-devel-linux-x86_64-debian-gcc 0.4.5 5.02 47.30 52.32 NOTE
r-devel-linux-x86_64-fedora-clang 0.4.5 93.22 NOTE
r-devel-linux-x86_64-fedora-gcc 0.4.5 94.20 NOTE
r-devel-windows-x86_64 0.4.5 20.00 87.00 107.00 NOTE
r-patched-linux-x86_64 0.4.5 6.83 61.05 67.88 NOTE
r-release-linux-x86_64 0.4.5 6.32 60.42 66.74 NOTE
r-release-macos-arm64 0.4.5 27.00 NOTE
r-release-macos-x86_64 0.4.5 41.00 NOTE
r-release-windows-x86_64 0.4.5 25.00 88.00 113.00 NOTE
r-oldrel-macos-arm64 0.4.5 33.00 NOTE
r-oldrel-macos-x86_64 0.4.5 48.00 NOTE
r-oldrel-windows-ix86+x86_64 0.4.5 14.00 79.00 93.00 NOTE

Check Details

Version: 0.4.5
Check: LazyData
Result: NOTE
     'LazyData' is specified without a 'data' directory
Flavors: r-devel-linux-x86_64-debian-clang, r-devel-linux-x86_64-debian-gcc, r-devel-linux-x86_64-fedora-clang, r-devel-linux-x86_64-fedora-gcc, r-devel-windows-x86_64, r-patched-linux-x86_64, r-release-linux-x86_64, r-release-macos-arm64, r-release-macos-x86_64, r-release-windows-x86_64, r-oldrel-macos-arm64, r-oldrel-macos-x86_64, r-oldrel-windows-ix86+x86_64