CRAN Package Check Results for Package ciftiTools

Last updated on 2022-01-25 16:50:14 CET.

Flavor Version Tinstall Tcheck Ttotal Status Flags
r-devel-linux-x86_64-debian-clang 0.7.0 18.25 105.65 123.90 OK
r-devel-linux-x86_64-debian-gcc 0.7.0 16.87 86.28 103.15 OK
r-devel-linux-x86_64-fedora-clang 0.7.0 153.17 NOTE
r-devel-linux-x86_64-fedora-gcc 0.7.0 141.26 OK
r-devel-windows-x86_64-new-UL 0.7.0 239.00 124.00 363.00 NOTE
r-devel-windows-x86_64-new-TK 0.7.0 NOTE
r-patched-linux-x86_64 0.7.0 21.15 101.54 122.69 OK
r-release-linux-x86_64 0.7.0 17.17 98.29 115.46 OK
r-release-macos-arm64 0.7.0 NOTE
r-release-macos-x86_64 0.7.0 NOTE
r-release-windows-ix86+x86_64 0.7.0 33.00 115.00 148.00 NOTE
r-oldrel-macos-x86_64 0.7.0 NOTE
r-oldrel-windows-ix86+x86_64 0.7.0 34.00 115.00 149.00 NOTE

Check Details

Version: 0.7.0
Check: installed package size
Result: NOTE
     installed size is 6.4Mb
     sub-directories of 1Mb or more:
     R 1.7Mb
     extdata 4.3Mb
Flavors: r-devel-linux-x86_64-fedora-clang, r-devel-windows-x86_64-new-UL, r-release-macos-arm64, r-release-macos-x86_64, r-release-windows-ix86+x86_64, r-oldrel-macos-x86_64, r-oldrel-windows-ix86+x86_64

Version: 0.7.0
Check: package dependencies
Result: NOTE
    Package suggested but not available for checking: 'ggpubr'
Flavor: r-devel-windows-x86_64-new-TK