CRAN Package Check Results for Package cimis

Last updated on 2014-04-16 15:49:24.

Flavor Version Tinstall Tcheck Ttotal Status Flags
r-devel-linux-x86_64-debian-clang 0.1-7 1.49 27.13 28.62 NOTE
r-devel-linux-x86_64-debian-gcc 0.1-7 1.48 31.14 32.63 NOTE
r-devel-linux-x86_64-fedora-clang 0.1-7 46.05 NOTE
r-devel-linux-x86_64-fedora-gcc 0.1-7 44.57 NOTE
r-devel-macosx-x86_64-clang 0.1-7 49.51 NOTE
r-devel-macosx-x86_64-gcc 0.1-7 ERROR
r-devel-windows-ix86+x86_64 0.1-7 4.00 49.00 53.00 NOTE
r-patched-linux-x86_64 0.1-7 1.51 26.23 27.74 NOTE
r-patched-solaris-sparc 0.1-7 260.20 NOTE
r-patched-solaris-x86 0.1-7 61.00 NOTE
r-release-linux-ix86 0.1-7 3.00 43.00 46.00 NOTE
r-release-linux-x86_64 0.1-7 1.49 26.33 27.82 NOTE
r-release-windows-ix86+x86_64 0.1-7 9.00 49.00 58.00 NOTE
r-oldrel-windows-ix86+x86_64 0.1-7 4.00 39.00 43.00 NOTE

Check Details

Version: 0.1-7
Check: R code for possible problems
Result: NOTE
    cimisannual: warning in list.files(getwd(), full = TRUE, pattern =
     shortfile): partial argument match of 'full' to 'full.names'
    cimismonthly: warning in list.files(getwd(), full = TRUE, pattern =
     shortfile): partial argument match of 'full' to 'full.names'
Flavors: r-devel-linux-x86_64-debian-clang, r-devel-linux-x86_64-debian-gcc, r-devel-linux-x86_64-fedora-clang, r-devel-linux-x86_64-fedora-gcc, r-devel-macosx-x86_64-clang, r-devel-windows-ix86+x86_64, r-patched-linux-x86_64, r-patched-solaris-sparc, r-patched-solaris-x86, r-release-linux-ix86, r-release-linux-x86_64, r-release-windows-ix86+x86_64, r-oldrel-windows-ix86+x86_64

Version: 0.1-7
Check: top-level files
Result: NOTE
    Non-standard files/directories found at top level:
     ‘changelog’ ‘stnlist.rda.ignore.rda’
Flavors: r-devel-linux-x86_64-fedora-clang, r-devel-linux-x86_64-fedora-gcc

Version: 0.1-7
Check: package dependencies
Result: ERROR
    Package required but not available: ‘XML’
    
    See the information on DESCRIPTION files in the chapter ‘Creating R
    packages’ of the ‘Writing R Extensions’ manual.
Flavor: r-devel-macosx-x86_64-gcc