CRAN Package Check Results for Package cinaR

Last updated on 2021-04-17 00:48:04 CEST.

Flavor Version Tinstall Tcheck Ttotal Status Flags
r-devel-linux-x86_64-debian-clang 0.2.1 4.64 138.70 143.34 OK
r-devel-linux-x86_64-debian-gcc 0.2.1 3.69 108.61 112.30 OK
r-devel-linux-x86_64-fedora-clang 0.2.1 189.00 OK
r-devel-linux-x86_64-fedora-gcc 0.2.1 183.01 OK
r-devel-windows-ix86+x86_64 0.2.1 18.00 100.00 118.00 WARN
r-devel-windows-x86_64-gcc10-UCRT 0.2.1 OK
r-patched-linux-x86_64 0.2.1 6.23 131.05 137.28 OK
r-patched-solaris-x86 0.2.1 254.50 OK
r-release-linux-x86_64 0.2.1 6.94 133.82 140.76 OK
r-release-macos-x86_64 0.2.1 ERROR
r-release-windows-ix86+x86_64 0.2.1 17.00 160.00 177.00 OK
r-oldrel-macos-x86_64 0.2.1 ERROR
r-oldrel-windows-ix86+x86_64 0.2.1 10.00 152.00 162.00 OK

Check Details

Version: 0.2.1
Check: re-building of vignette outputs
Result: WARN
    Error(s) in re-building vignettes:
    --- re-building 'cinaR.Rmd' using rmarkdown
    >> Experiment type: ATAC-Seq
    >> Matrix is filtered!
    Quitting from lines 53-55 (cinaR.Rmd)
    Error: processing vignette 'cinaR.Rmd' failed with diagnostics:
    Package "TxDb.Mmusculus.UCSC.mm10.knownGene" needed for this
     function to work. Please install it.
    --- failed re-building 'cinaR.Rmd'
    
    SUMMARY: processing the following file failed:
     'cinaR.Rmd'
    
    Error: Vignette re-building failed.
    Execution halted
Flavor: r-devel-windows-ix86+x86_64

Version: 0.2.1
Check: package dependencies
Result: ERROR
    Packages required but not available:
     'ChIPseeker', 'fgsea', 'TxDb.Hsapiens.UCSC.hg38.knownGene'
    
    See section ‘The DESCRIPTION file’ in the ‘Writing R Extensions’
    manual.
Flavor: r-release-macos-x86_64

Version: 0.2.1
Check: package dependencies
Result: ERROR
    Packages required but not available:
     'ChIPseeker', 'TxDb.Hsapiens.UCSC.hg38.knownGene',
     'TxDb.Hsapiens.UCSC.hg19.knownGene',
     'TxDb.Mmusculus.UCSC.mm10.knownGene'
    
    See section ‘The DESCRIPTION file’ in the ‘Writing R Extensions’
    manual.
Flavor: r-oldrel-macos-x86_64