CRAN Package Check Results for Package circlize

Last updated on 2019-07-19 12:55:19 CEST.

Flavor Version Tinstall Tcheck Ttotal Status Flags
r-devel-linux-x86_64-debian-clang 0.4.6 11.05 75.29 86.34 OK
r-devel-linux-x86_64-debian-gcc 0.4.6 8.84 58.52 67.36 OK
r-devel-linux-x86_64-fedora-clang 0.4.6 101.10 OK
r-devel-linux-x86_64-fedora-gcc 0.4.6 106.64 OK
r-devel-windows-ix86+x86_64 0.4.6 23.00 93.00 116.00 OK
r-patched-linux-x86_64 0.4.6 12.35 75.04 87.39 OK
r-patched-solaris-x86 0.4.6 141.20 OK
r-release-linux-x86_64 0.4.6 9.48 75.13 84.61 OK
r-release-windows-ix86+x86_64 0.4.6 17.00 89.00 106.00 OK
r-release-osx-x86_64 0.4.6 NOTE
r-oldrel-windows-ix86+x86_64 0.4.6 16.00 112.00 128.00 OK
r-oldrel-osx-x86_64 0.4.6 OK

Check Details

Version: 0.4.6
Check: package dependencies
Result: NOTE
    Package suggested but not available for checking: ‘ComplexHeatmap’
Flavor: r-release-osx-x86_64