CRAN Package Check Results for Package circlize

Last updated on 2015-03-01 19:48:00.

Flavor Version Tinstall Tcheck Ttotal Status Flags
r-devel-linux-x86_64-debian-clang 0.2.3 1.48 531.84 533.31 OK
r-devel-linux-x86_64-debian-gcc 0.2.3 1.56 511.58 513.14 OK
r-devel-linux-x86_64-fedora-clang 0.2.3 1129.23 OK
r-devel-linux-x86_64-fedora-gcc 0.2.3 1035.21 OK
r-devel-osx-x86_64-clang 0.2.3 911.76 OK
r-devel-windows-ix86+x86_64 0.2.3 6.00 807.00 813.00 OK
r-patched-linux-x86_64 0.2.3 2.11 657.87 659.98 OK
r-patched-solaris-sparc 0.2.3 6939.90 NOTE
r-patched-solaris-x86 0.2.3 1228.40 NOTE
r-release-linux-ix86 0.2.3 2.78 899.44 902.23 OK
r-release-linux-x86_64 0.2.3 1.55 820.99 822.54 OK
r-release-osx-x86_64-mavericks 0.2.3 OK
r-release-osx-x86_64-snowleopard 0.2.3 OK
r-release-windows-ix86+x86_64 0.2.3 6.00 1242.00 1248.00 OK
r-oldrel-windows-ix86+x86_64 0.2.3 6.00 1167.00 1173.00 OK

Check Details

Version: 0.2.3
Check: installed package size
Result: NOTE
     installed size is 5.2Mb
     sub-directories of 1Mb or more:
     doc 4.6Mb
Flavors: r-patched-solaris-sparc, r-patched-solaris-x86