CRAN Package Check Results for Package circlize

Last updated on 2019-10-23 17:49:54 CEST.

Flavor Version Tinstall Tcheck Ttotal Status Flags
r-devel-linux-x86_64-debian-clang 0.4.8 11.38 74.66 86.04 OK
r-devel-linux-x86_64-debian-gcc 0.4.8 9.88 58.99 68.87 OK
r-devel-linux-x86_64-fedora-clang 0.4.8 101.07 OK
r-devel-linux-x86_64-fedora-gcc 0.4.8 99.79 OK
r-devel-windows-ix86+x86_64 0.4.8 16.00 95.00 111.00 OK
r-patched-linux-x86_64 0.4.8 11.39 73.88 85.27 OK
r-patched-solaris-x86 0.4.8 126.50 OK
r-release-linux-x86_64 0.4.8 10.49 75.50 85.99 OK
r-release-windows-ix86+x86_64 0.4.8 23.00 90.00 113.00 OK
r-release-osx-x86_64 0.4.8 NOTE
r-oldrel-windows-ix86+x86_64 0.4.8 23.00 110.00 133.00 OK
r-oldrel-osx-x86_64 0.4.8 OK

Check Details

Version: 0.4.8
Check: package dependencies
Result: NOTE
    Package suggested but not available for checking: ‘ComplexHeatmap’
Flavor: r-release-osx-x86_64