CRAN Package Check Results for Package circlize

Last updated on 2014-12-17 21:46:48.

Flavor Version Tinstall Tcheck Ttotal Status Flags
r-devel-linux-x86_64-debian-clang 0.2.0 1.57 328.96 330.53 NOTE
r-devel-linux-x86_64-debian-gcc 0.2.0 1.45 330.20 331.65 NOTE
r-devel-linux-x86_64-fedora-clang 0.2.0 685.84 NOTE
r-devel-linux-x86_64-fedora-gcc 0.2.0 615.29 NOTE
r-devel-osx-x86_64-clang 0.2.0 575.61 NOTE
r-devel-windows-ix86+x86_64 0.2.0 10.00 472.00 482.00 NOTE
r-patched-linux-x86_64 0.2.0 1.56 380.73 382.28 NOTE
r-patched-solaris-sparc 0.2.0 4102.90 NOTE
r-patched-solaris-x86 0.2.0 723.90 NOTE
r-release-linux-ix86 0.2.0 2.09 404.98 407.07 NOTE
r-release-linux-x86_64 0.2.0 1.56 378.10 379.66 NOTE
r-release-osx-x86_64-mavericks 0.2.0 NOTE
r-release-osx-x86_64-snowleopard 0.2.0 NOTE
r-release-windows-ix86+x86_64 0.2.0 6.00 571.00 577.00 NOTE
r-oldrel-windows-ix86+x86_64 0.2.0 6.00 521.00 527.00 NOTE

Check Details

Version: 0.2.0
Check: installed package size
Result: NOTE
     installed size is 5.0Mb
     sub-directories of 1Mb or more:
     doc 4.6Mb
Flavors: r-devel-linux-x86_64-debian-clang, r-devel-linux-x86_64-debian-gcc, r-devel-linux-x86_64-fedora-clang, r-devel-linux-x86_64-fedora-gcc, r-devel-osx-x86_64-clang, r-devel-windows-ix86+x86_64, r-patched-linux-x86_64, r-patched-solaris-sparc, r-patched-solaris-x86, r-release-linux-ix86, r-release-linux-x86_64, r-release-osx-x86_64-mavericks, r-release-osx-x86_64-snowleopard, r-release-windows-ix86+x86_64, r-oldrel-windows-ix86+x86_64