CRAN Package Check Results for Package circlize

Last updated on 2017-05-30 08:48:32.

Flavor Version Tinstall Tcheck Ttotal Status Flags
r-devel-linux-x86_64-debian-clang 0.3.10 1.90 220.44 222.34 OK
r-devel-linux-x86_64-debian-gcc 0.3.10 1.78 226.29 228.07 OK
r-devel-linux-x86_64-fedora-clang 0.4.0 62.91 NOTE
r-devel-linux-x86_64-fedora-gcc 0.4.0 103.67 NOTE
r-devel-windows-ix86+x86_64 0.4.0 11.00 157.00 168.00 OK
r-patched-linux-x86_64 0.3.10 1.88 227.27 229.15 OK
r-patched-solaris-sparc 0.4.0 631.90 OK
r-patched-solaris-x86 0.4.0 112.30 OK
r-release-linux-x86_64 0.3.10 1.79 221.28 223.07 OK
r-release-windows-ix86+x86_64 0.3.10 8.00 506.00 514.00 OK
r-release-osx-x86_64 0.3.10 OK
r-oldrel-windows-ix86+x86_64 0.3.10 5.00 371.00 376.00 OK
r-oldrel-osx-x86_64 0.3.10 OK

Check Details

Version: 0.4.0
Check: package dependencies
Result: NOTE
    Package suggested but not available for checking: ‘ComplexHeatmap’
Flavors: r-devel-linux-x86_64-fedora-clang, r-devel-linux-x86_64-fedora-gcc