CRAN Package Check Results for Package circlize

Last updated on 2015-04-27 03:47:16.

Flavor Version Tinstall Tcheck Ttotal Status Flags
r-devel-linux-x86_64-debian-clang 0.2.4 1.62 316.59 318.21 OK
r-devel-linux-x86_64-debian-gcc 0.2.4 1.56 304.54 306.10 OK
r-devel-linux-x86_64-fedora-clang 0.2.4 644.55 OK
r-devel-linux-x86_64-fedora-gcc 0.2.4 592.86 OK
r-devel-osx-x86_64-clang 0.2.4 477.17 OK
r-devel-windows-ix86+x86_64 0.2.4 7.00 458.00 465.00 OK
r-patched-linux-x86_64 0.2.4 1.66 302.14 303.80 OK
r-patched-solaris-sparc 0.2.4 6206.60 NOTE
r-patched-solaris-x86 0.2.4 600.60 NOTE
r-release-linux-x86_64 0.2.4 1.47 306.41 307.88 OK
r-release-osx-x86_64-mavericks 0.2.4 OK
r-release-osx-x86_64-snowleopard 0.2.4 ERROR
r-release-windows-ix86+x86_64 0.2.4 6.00 439.00 445.00 OK
r-oldrel-windows-ix86+x86_64 0.2.4 4.00 870.00 874.00 OK

Check Details

Version: 0.2.4
Check: installed package size
Result: NOTE
     installed size is 5.2Mb
     sub-directories of 1Mb or more:
     doc 4.6Mb
Flavors: r-patched-solaris-sparc, r-patched-solaris-x86

Version: 0.2.4
Check: package dependencies
Result: ERROR
    Package required and available but unsuitable version: ‘GlobalOptions’
    
    Package suggested but not available for checking: ‘knitr’
    
    VignetteBuilder package required for checking but not installed: ‘knitr’
    
    Files named as vignettes but with no recognized vignette engine:
     ‘inst/doc/circlize.Rnw’
     ‘inst/doc/circular_phylogenetic_tree.Rnw’
     ‘inst/doc/circular_visualization_of_matrix.Rnw’
     ‘inst/doc/draw_ideogram.Rnw’
     ‘inst/doc/genomic_plot.Rnw’
     ‘inst/doc/interesting_graphics.Rnw’
    (Is a VignetteBuilder field missing?)
    
    See section ‘The DESCRIPTION file’ in the ‘Writing R Extensions’
    manual.
Flavor: r-release-osx-x86_64-snowleopard