CRAN Package Check Results for Package circlize

Last updated on 2017-07-28 01:50:52.

Flavor Version Tinstall Tcheck Ttotal Status Flags
r-devel-linux-x86_64-debian-clang 0.4.1 1.99 93.58 95.57 OK
r-devel-linux-x86_64-debian-gcc 0.4.1 1.78 92.60 94.38 OK
r-devel-linux-x86_64-fedora-clang 0.4.1 114.63 NOTE
r-devel-linux-x86_64-fedora-gcc 0.4.1 112.17 NOTE
r-devel-windows-ix86+x86_64 0.4.1 5.00 129.00 134.00 OK
r-patched-linux-x86_64 0.4.1 1.95 93.50 95.45 OK
r-patched-solaris-x86 0.4.1 140.70 OK
r-release-linux-x86_64 0.4.1 1.98 92.80 94.78 OK
r-release-windows-ix86+x86_64 0.4.1 8.00 180.00 188.00 OK
r-release-osx-x86_64 0.4.1 NOTE
r-oldrel-windows-ix86+x86_64 0.4.1 6.00 134.00 140.00 OK
r-oldrel-osx-x86_64 0.4.1 OK

Check Details

Version: 0.4.1
Check: package dependencies
Result: NOTE
    Package suggested but not available for checking: ‘ComplexHeatmap’
Flavors: r-devel-linux-x86_64-fedora-clang, r-devel-linux-x86_64-fedora-gcc, r-release-osx-x86_64