CRAN Package Check Results for Package circlize

Last updated on 2015-06-29 23:46:45.

Flavor Version Tinstall Tcheck Ttotal Status Flags
r-devel-linux-x86_64-debian-clang 0.2.4 1.49 305.80 307.29 NOTE
r-devel-linux-x86_64-debian-gcc 0.2.4 1.44 298.26 299.71 NOTE
r-devel-linux-x86_64-fedora-clang 0.2.4 626.05 OK
r-devel-linux-x86_64-fedora-gcc 0.2.4 568.70 OK
r-devel-osx-x86_64-clang 0.2.4 509.46 OK
r-devel-windows-ix86+x86_64 0.2.4 9.00 479.00 488.00 NOTE
r-patched-linux-x86_64 0.2.4 1.43 290.65 292.08 OK
r-patched-solaris-sparc 0.2.4 3652.80 NOTE
r-patched-solaris-x86 0.2.4 612.50 NOTE
r-release-linux-x86_64 0.2.4 1.43 285.36 286.80 OK
r-release-osx-x86_64-mavericks 0.2.4 OK
r-release-windows-ix86+x86_64 0.2.4 9.00 448.00 457.00 OK
r-oldrel-windows-ix86+x86_64 0.2.4 10.00 576.00 586.00 OK

Check Details

Version: 0.2.4
Check: R code for possible problems
Result: NOTE
    .get_color: no visible global function definition for ‘rgb’
    chordDiagram: no visible global function definition for ‘par’
    chordDiagram: no visible global function definition for ‘col2rgb’
    chordDiagram: no visible global function definition for ‘rgb’
    circos.axis: no visible global function definition for ‘par’
    circos.clear: no visible global function definition for ‘par’
    circos.createPlotRegion: no visible global function definition for
     ‘par’
    circos.dendrogram : lines_par: no visible global function definition
     for ‘par’
    circos.genomicDensity: no visible global function definition for ‘par’
    circos.genomicInitialize : <anonymous>: no visible global function
     definition for ‘par’
    circos.genomicLines: no visible global function definition for ‘par’
    circos.genomicLink: no visible global function definition for ‘par’
    circos.genomicPoints: no visible global function definition for ‘par’
    circos.genomicPoints: no visible global function definition for ‘runif’
    circos.genomicPosTransformLines: no visible global function definition
     for ‘par’
    circos.genomicRainfall: no visible global function definition for ‘par’
    circos.genomicRect: no visible global function definition for ‘par’
    circos.genomicText: no visible global function definition for ‘par’
    circos.initialize: no visible global function definition for ‘par’
    circos.initialize: no visible global function definition for ‘plot’
    circos.lines: no visible global function definition for ‘par’
    circos.lines: no visible global function definition for ‘lines’
    circos.link: no visible global function definition for ‘par’
    circos.link: no visible global function definition for ‘lines’
    circos.link: no visible global function definition for ‘polygon’
    circos.points: no visible global function definition for ‘par’
    circos.points: no visible global function definition for ‘points’
    circos.polygon: no visible global function definition for ‘par’
    circos.polygon: no visible global function definition for ‘polygon’
    circos.rect: no visible global function definition for ‘par’
    circos.text: no visible global function definition for ‘par’
    circos.text: no visible binding for global variable ‘strwidth’
    circos.text: no visible binding for global variable ‘strheight’
    circos.text: no visible global function definition for ‘text’
    circos.trackHist: no visible global function definition for ‘par’
    circos.trackHist: no visible global function definition for ‘hist’
    circos.trackLines: no visible global function definition for ‘par’
    circos.trackPlotRegion: no visible global function definition for ‘par’
    circos.trackPoints: no visible global function definition for ‘par’
    circos.trackText: no visible global function definition for ‘par’
    circos.updatePlotRegion: no visible global function definition for
     ‘par’
    colorRamp2: no visible global function definition for ‘col2rgb’
    cytoband.col: no visible global function definition for ‘rgb’
    draw.sector: no visible global function definition for ‘par’
    draw.sector: no visible global function definition for ‘polygon’
    draw.sector: no visible global function definition for ‘lines’
    generateRandomBed : <anonymous>: no visible global function definition
     for ‘rnorm’
    highlight.sector: no visible global function definition for ‘par’
    linesWithArrows: no visible global function definition for ‘lines’
    linesWithArrows: no visible global function definition for ‘arrows’
    parsePreAllocateTracksValue: no visible global function definition for
     ‘par’
    posTransform.text: no visible global function definition for ‘par’
    posTransform.text: no visible global function definition for
     ‘strheight’
    rand_color: no visible global function definition for ‘rgb’
    rand_color: no visible global function definition for ‘runif’
    read.chromInfo: no visible global function definition for
     ‘download.file’
    read.chromInfo: no visible global function definition for ‘read.table’
    read.cytoband: no visible global function definition for
     ‘download.file’
    read.cytoband: no visible global function definition for ‘read.table’
Flavors: r-devel-linux-x86_64-debian-clang, r-devel-linux-x86_64-debian-gcc, r-devel-windows-ix86+x86_64

Version: 0.2.4
Check: installed package size
Result: NOTE
     installed size is 5.2Mb
     sub-directories of 1Mb or more:
     doc 4.6Mb
Flavors: r-patched-solaris-sparc, r-patched-solaris-x86