CRAN Package Check Results for Package circlize

Last updated on 2017-11-23 11:52:04 CET.

Flavor Version Tinstall Tcheck Ttotal Status Flags
r-devel-linux-x86_64-debian-clang 0.4.2 1.81 84.11 85.92 OK
r-devel-linux-x86_64-debian-gcc 0.4.2 1.98 113.80 115.77 OK
r-devel-linux-x86_64-fedora-clang 0.4.2 97.35 OK
r-devel-linux-x86_64-fedora-gcc 0.4.2 94.96 OK
r-devel-windows-ix86+x86_64 0.4.2 6.00 126.00 132.00 OK
r-patched-linux-x86_64 0.4.2 2.56 134.59 137.15 OK
r-patched-solaris-x86 0.4.2 107.30 OK
r-release-linux-x86_64 0.4.2 2.30 53.78 56.08 OK
r-release-windows-ix86+x86_64 0.4.2 6.00 94.00 100.00 OK
r-release-osx-x86_64 0.4.2 NOTE
r-oldrel-windows-ix86+x86_64 0.4.2 7.00 113.00 120.00 OK
r-oldrel-osx-x86_64 0.4.2 OK

Check Details

Version: 0.4.2
Check: package dependencies
Result: NOTE
    Package suggested but not available for checking: ‘ComplexHeatmap’
Flavor: r-release-osx-x86_64