CRAN Package Check Results for Package circlize

Last updated on 2015-01-30 09:54:16.

Flavor Version Tinstall Tcheck Ttotal Status Flags
r-devel-linux-x86_64-debian-clang 0.2.1 1.72 560.33 562.05 OK
r-devel-linux-x86_64-debian-gcc 0.2.1 1.84 524.60 526.44 OK
r-devel-linux-x86_64-fedora-clang 0.2.2 528.81 OK
r-devel-linux-x86_64-fedora-gcc 0.2.2 502.66 OK
r-devel-osx-x86_64-clang 0.2.2 426.31 OK
r-devel-windows-ix86+x86_64 0.2.1 9.00 892.00 901.00 OK
r-patched-linux-x86_64 0.2.1 1.63 667.20 668.84 OK
r-patched-solaris-sparc 0.2.1 4140.90 NOTE
r-patched-solaris-x86 0.2.2 1100.00 NOTE
r-release-linux-ix86 0.2.1 2.06 411.47 413.53 OK
r-release-linux-x86_64 0.2.1 1.52 386.80 388.32 OK
r-release-osx-x86_64-mavericks 0.2.1 OK
r-release-osx-x86_64-snowleopard 0.2.1 OK
r-release-windows-ix86+x86_64 0.2.1 5.00 25.00 30.00 ERROR
r-oldrel-windows-ix86+x86_64 0.2.2 7.00 829.00 836.00 OK

Check Details

Version: 0.2.1
Check: installed package size
Result: NOTE
     installed size is 5.0Mb
     sub-directories of 1Mb or more:
     doc 4.5Mb
Flavor: r-patched-solaris-sparc

Version: 0.2.2
Check: installed package size
Result: NOTE
     installed size is 5.1Mb
     sub-directories of 1Mb or more:
     doc 4.5Mb
Flavor: r-patched-solaris-x86

Version: 0.2.1
Check: whether the package can be loaded with stated dependencies
Result: WARN
    Error : .onLoad failed in loadNamespace() for 'circlize', details:
     call: opt$refresh
     error: could not find function "loadMethod"
    Error: package or namespace load failed for 'circlize'
    Execution halted
    
    It looks like this package (or one of its dependent packages) has an
    unstated dependence on a standard package. All dependencies must be
    declared in DESCRIPTION.
    See the information on DESCRIPTION files in the chapter 'Creating R
    packages' of the 'Writing R Extensions' manual.
Flavor: r-release-windows-ix86+x86_64

Version: 0.2.1
Check: whether the package can be unloaded cleanly
Result: WARN
    Error : .onLoad failed in loadNamespace() for 'circlize', details:
     call: opt$refresh
     error: could not find function "loadMethod"
    Error: package or namespace load failed for 'circlize'
    Execution halted
Flavor: r-release-windows-ix86+x86_64

Version: 0.2.1
Check: whether the namespace can be loaded with stated dependencies
Result: WARN
    Error: .onLoad failed in loadNamespace() for 'circlize', details:
     call: opt$refresh
     error: could not find function "loadMethod"
    Execution halted
    
    A namespace must be able to be loaded with just the base namespace
    loaded: otherwise if the namespace gets loaded by a saved object, the
    session will be unable to start.
    
    Probably some imports need to be declared in the NAMESPACE file.
Flavor: r-release-windows-ix86+x86_64

Version: 0.2.1
Check: dependencies in R code
Result: NOTE
    Error: package or namespace load failed for 'circlize'
    Call sequence:
    2: stop(gettextf("package or namespace load failed for %s", sQuote(package)),
     call. = FALSE, domain = NA)
    1: library(package, lib.loc = lib.loc, character.only = TRUE, verbose = FALSE)
    Execution halted
    See the information on DESCRIPTION files in the chapter 'Creating R
    packages' of the 'Writing R Extensions' manual.
Flavor: r-release-windows-ix86+x86_64

Version: 0.2.1
Check: S3 generic/method consistency
Result: WARN
    Error: package or namespace load failed for 'circlize'
    Call sequence:
    2: stop(gettextf("package or namespace load failed for %s", sQuote(package)),
     call. = FALSE, domain = NA)
    1: library(package, lib.loc = lib.loc, character.only = TRUE, verbose = FALSE)
    Execution halted
    See section 'Generic functions and methods' of the 'Writing R
    Extensions' manual.
Flavor: r-release-windows-ix86+x86_64

Version: 0.2.1
Check: replacement functions
Result: WARN
    Error: package or namespace load failed for 'circlize'
    Call sequence:
    2: stop(gettextf("package or namespace load failed for %s", sQuote(package)),
     call. = FALSE, domain = NA)
    1: library(package, lib.loc = lib.loc, character.only = TRUE, verbose = FALSE)
    Execution halted
    The argument of a replacement function which corresponds to the right
    hand side must be named 'value'.
Flavor: r-release-windows-ix86+x86_64

Version: 0.2.1
Check: foreign function calls
Result: NOTE
    Error: package or namespace load failed for 'circlize'
    Call sequence:
    2: stop(gettextf("package or namespace load failed for %s", sQuote(package)),
     call. = FALSE, domain = NA)
    1: library(package, lib.loc = lib.loc, character.only = TRUE, verbose = FALSE)
    Execution halted
    See the chapter 'System and foreign language interfaces' of the
    'Writing R Extensions' manual.
Flavor: r-release-windows-ix86+x86_64

Version: 0.2.1
Check: for missing documentation entries
Result: ERROR
    Error: package or namespace load failed for 'circlize'
    Call sequence:
    2: stop(gettextf("package or namespace load failed for %s", sQuote(package)),
     call. = FALSE, domain = NA)
    1: library(package, lib.loc = lib.loc, character.only = TRUE, verbose = FALSE)
    Execution halted
Flavor: r-release-windows-ix86+x86_64