CRAN Package Check Results for Package circlize

Last updated on 2015-05-25 23:47:19.

Flavor Version Tinstall Tcheck Ttotal Status Flags
r-devel-linux-x86_64-debian-clang 0.2.4 1.49 320.48 321.97 OK
r-devel-linux-x86_64-debian-gcc 0.2.4 1.44 301.42 302.87 OK
r-devel-linux-x86_64-fedora-clang 0.2.4 641.21 OK
r-devel-linux-x86_64-fedora-gcc 0.2.4 589.78 OK
r-devel-osx-x86_64-clang 0.2.4 474.52 OK
r-devel-windows-ix86+x86_64 0.2.4 6.00 466.00 472.00 OK
r-patched-linux-x86_64 0.2.4 1.65 283.49 285.14 OK
r-patched-solaris-sparc 0.2.4 3652.80 NOTE
r-patched-solaris-x86 0.2.4 604.70 NOTE
r-release-linux-x86_64 0.2.4 2.11 291.39 293.50 OK
r-release-osx-x86_64-mavericks 0.2.4 OK
r-release-osx-x86_64-snowleopard 0.2.4 ERROR
r-release-windows-ix86+x86_64 0.2.4 8.00 471.00 479.00 OK
r-oldrel-windows-ix86+x86_64 0.2.4 6.00 474.00 480.00 OK

Check Details

Version: 0.2.4
Check: installed package size
Result: NOTE
     installed size is 5.2Mb
     sub-directories of 1Mb or more:
     doc 4.6Mb
Flavors: r-patched-solaris-sparc, r-patched-solaris-x86

Version: 0.2.4
Check: package dependencies
Result: ERROR
    Package required and available but unsuitable version: ‘GlobalOptions’
    
    Package suggested but not available for checking: ‘knitr’
    
    VignetteBuilder package required for checking but not installed: ‘knitr’
    
    Files named as vignettes but with no recognized vignette engine:
     ‘inst/doc/circlize.Rnw’
     ‘inst/doc/circular_phylogenetic_tree.Rnw’
     ‘inst/doc/circular_visualization_of_matrix.Rnw’
     ‘inst/doc/draw_ideogram.Rnw’
     ‘inst/doc/genomic_plot.Rnw’
     ‘inst/doc/interesting_graphics.Rnw’
    (Is a VignetteBuilder field missing?)
    
    See section ‘The DESCRIPTION file’ in the ‘Writing R Extensions’
    manual.
Flavor: r-release-osx-x86_64-snowleopard