CRAN Package Check Results for Package circlize

Last updated on 2015-07-30 17:47:05.

Flavor Version Tinstall Tcheck Ttotal Status Flags
r-devel-linux-x86_64-debian-clang 0.2.5 1.56 272.38 273.93 NOTE
r-devel-linux-x86_64-debian-gcc 0.2.5 1.48 267.60 269.08 NOTE
r-devel-linux-x86_64-fedora-clang 0.2.5 552.10 NOTE
r-devel-linux-x86_64-fedora-gcc 0.2.5 518.03 NOTE
r-devel-osx-x86_64-clang 0.2.5 425.15 OK
r-devel-windows-ix86+x86_64 0.2.5 7.00 422.00 429.00 OK
r-patched-linux-x86_64 0.2.5 1.51 263.76 265.27 NOTE
r-patched-solaris-sparc 0.2.5 3236.10 NOTE
r-patched-solaris-x86 0.2.5 531.50 NOTE
r-release-linux-x86_64 0.2.5 1.61 258.75 260.36 NOTE
r-release-osx-x86_64-mavericks 0.2.5 OK
r-release-windows-ix86+x86_64 0.2.5 9.00 410.00 419.00 OK
r-oldrel-windows-ix86+x86_64 0.2.5 8.00 489.00 497.00 OK

Check Details

Version: 0.2.5
Check: installed package size
Result: NOTE
     installed size is 5.0Mb
     sub-directories of 1Mb or more:
     doc 4.5Mb
Flavors: r-devel-linux-x86_64-debian-clang, r-devel-linux-x86_64-debian-gcc, r-devel-linux-x86_64-fedora-clang, r-devel-linux-x86_64-fedora-gcc, r-patched-linux-x86_64, r-patched-solaris-sparc, r-patched-solaris-x86, r-release-linux-x86_64