CRAN Package Check Results for Package circlize

Last updated on 2015-08-28 12:47:47.

Flavor Version Tinstall Tcheck Ttotal Status Flags
r-devel-linux-x86_64-debian-clang 0.3.1 1.57 220.28 221.84 NOTE
r-devel-linux-x86_64-debian-gcc 0.3.1 1.53 213.64 215.17 NOTE
r-devel-linux-x86_64-fedora-clang 0.3.1 433.24 NOTE
r-devel-linux-x86_64-fedora-gcc 0.3.1 409.56 NOTE
r-devel-osx-x86_64-clang 0.3.1 348.94 OK
r-devel-windows-ix86+x86_64 0.3.1 14.00 334.00 348.00 NOTE
r-patched-linux-x86_64 0.3.1 1.60 212.43 214.03 OK
r-patched-solaris-sparc 0.3.1 2395.40 OK
r-patched-solaris-x86 0.3.1 393.80 OK
r-release-linux-x86_64 0.3.1 1.71 214.03 215.74 OK
r-release-osx-x86_64-mavericks 0.3.1 OK
r-release-windows-ix86+x86_64 0.3.1 9.00 372.00 381.00 OK
r-oldrel-windows-ix86+x86_64 0.3.1 9.00 408.00 417.00 OK

Check Details

Version: 0.3.1
Check: R code for possible problems
Result: NOTE
    .get_color: no visible global function definition for ‘as’
    Undefined global functions or variables:
     as
    Consider adding
     importFrom("methods", "as")
    to your NAMESPACE (and ensure that your DESCRIPTION Imports field
    contains 'methods').
Flavors: r-devel-linux-x86_64-debian-clang, r-devel-linux-x86_64-debian-gcc, r-devel-linux-x86_64-fedora-clang, r-devel-linux-x86_64-fedora-gcc, r-devel-windows-ix86+x86_64