CRAN Package Check Results for Package circlize

Last updated on 2018-04-19 10:46:37 CEST.

Flavor Version Tinstall Tcheck Ttotal Status Flags
r-devel-linux-x86_64-debian-clang 0.4.3 10.22 67.99 78.21 OK
r-devel-linux-x86_64-debian-gcc 0.4.3 8.17 62.08 70.25 OK
r-devel-linux-x86_64-fedora-clang 0.4.3 108.26 OK
r-devel-linux-x86_64-fedora-gcc 0.4.3 105.17 OK
r-devel-windows-ix86+x86_64 0.4.3 18.00 123.00 141.00 OK
r-devel-osx-x86_64 0.4.3 NOTE
r-patched-linux-x86_64 0.4.3 7.88 79.12 87.00 OK
r-patched-solaris-x86 0.4.3 136.00 OK
r-release-linux-x86_64 0.4.3 3.04 85.58 88.62 OK
r-release-windows-ix86+x86_64 0.4.3 6.00 128.00 134.00 OK
r-release-osx-x86_64 0.4.3 NOTE
r-oldrel-windows-ix86+x86_64 0.4.3 7.00 126.00 133.00 OK

Check Details

Version: 0.4.3
Check: package dependencies
Result: NOTE
    Package suggested but not available for checking: ‘ComplexHeatmap’
Flavors: r-devel-osx-x86_64, r-release-osx-x86_64