CRAN Package Check Results for Package circlize

Last updated on 2018-02-23 18:47:26 CET.

Flavor Version Tinstall Tcheck Ttotal Status Flags
r-devel-linux-x86_64-debian-clang 0.4.3 7.61 81.17 88.78 OK
r-devel-linux-x86_64-debian-gcc 0.4.3 8.27 61.60 69.87 OK
r-devel-linux-x86_64-fedora-clang 0.4.3 109.22 NOTE
r-devel-linux-x86_64-fedora-gcc 0.4.3 106.23 NOTE
r-devel-windows-ix86+x86_64 0.4.3 20.00 118.00 138.00 OK
r-patched-linux-x86_64 0.4.3 2.92 86.58 89.50 OK
r-patched-solaris-x86 0.4.3 118.60 OK
r-release-linux-x86_64 0.4.3 2.23 88.56 90.79 OK
r-release-windows-ix86+x86_64 0.4.3 7.00 121.00 128.00 OK
r-release-osx-x86_64 0.4.3 NOTE
r-oldrel-windows-ix86+x86_64 0.4.3 6.00 90.00 96.00 OK
r-oldrel-osx-x86_64 0.4.3 OK

Check Details

Version: 0.4.3
Check: package dependencies
Result: NOTE
    Package suggested but not available for checking: ‘ComplexHeatmap’
Flavors: r-devel-linux-x86_64-fedora-clang, r-devel-linux-x86_64-fedora-gcc, r-release-osx-x86_64