CRAN Package Check Results for Package circlize

Last updated on 2017-09-24 00:50:57.

Flavor Version Tinstall Tcheck Ttotal Status Flags
r-devel-linux-x86_64-debian-clang 0.4.1 2.04 61.69 63.73 OK
r-devel-linux-x86_64-debian-gcc 0.4.1 2.00 59.40 61.40 OK
r-devel-linux-x86_64-fedora-clang 0.4.1 117.32 OK
r-devel-linux-x86_64-fedora-gcc 0.4.1 115.49 OK
r-devel-windows-ix86+x86_64 0.4.1 6.00 125.00 131.00 OK
r-patched-linux-x86_64 0.4.1 1.84 60.39 62.23 OK
r-patched-solaris-x86 0.4.1 138.40 OK
r-release-linux-x86_64 0.4.1 1.88 59.79 61.67 OK
r-release-windows-ix86+x86_64 0.4.1 6.00 125.00 131.00 OK
r-release-osx-x86_64 0.4.1 NOTE
r-oldrel-windows-ix86+x86_64 0.4.1 6.00 120.00 126.00 OK
r-oldrel-osx-x86_64 0.4.1 OK

Check Details

Version: 0.4.1
Check: package dependencies
Result: NOTE
    Package suggested but not available for checking: ‘ComplexHeatmap’
Flavor: r-release-osx-x86_64