CRAN Package Check Results for Package circular

Last updated on 2017-12-13 07:48:17 CET.

Flavor Version Tinstall Tcheck Ttotal Status Flags
r-devel-linux-x86_64-debian-clang 0.4-93 3.98 78.31 82.29 OK
r-devel-linux-x86_64-debian-gcc 0.4-93 3.05 61.34 64.39 OK
r-devel-linux-x86_64-fedora-clang 0.4-93 88.39 OK
r-devel-linux-x86_64-fedora-gcc 0.4-93 88.84 OK
r-devel-windows-ix86+x86_64 0.4-93 20.00 111.00 131.00 OK
r-patched-linux-x86_64 0.4-93 3.35 79.17 82.52 OK
r-patched-solaris-x86 0.4-93 107.90 OK
r-release-linux-x86_64 0.4-93 3.83 79.07 82.90 OK
r-release-windows-ix86+x86_64 0.4-93 16.00 144.00 160.00 OK
r-release-osx-x86_64 0.4-93 OK
r-oldrel-windows-ix86+x86_64 0.4-93 25.00 119.00 144.00 NOTE
r-oldrel-osx-x86_64 0.4-93 NOTE

Check Details

Version: 0.4-93
Check: R code for possible problems
Result: NOTE
    regularize.values: possible error in xy.coords(x, y, setLab = FALSE):
     unused argument (setLab = FALSE)
Flavors: r-oldrel-windows-ix86+x86_64, r-oldrel-osx-x86_64