CRAN Package Check Results for Package circular

Last updated on 2015-04-19 11:51:02.

Flavor Version Tinstall Tcheck Ttotal Status Flags
r-devel-linux-x86_64-debian-clang 0.4-7 2.72 43.18 45.90 NOTE
r-devel-linux-x86_64-debian-gcc 0.4-7 2.68 38.94 41.62 NOTE
r-devel-linux-x86_64-fedora-clang 0.4-7 80.19 NOTE
r-devel-linux-x86_64-fedora-gcc 0.4-7 77.55 NOTE
r-devel-osx-x86_64-clang 0.4-7 76.31 NOTE
r-devel-windows-ix86+x86_64 0.4-7 25.00 70.00 95.00 NOTE
r-patched-linux-x86_64 0.4-7 2.72 39.89 42.61 NOTE
r-patched-solaris-sparc 0.4-7 498.30 NOTE
r-patched-solaris-x86 0.4-7 95.50 NOTE
r-release-linux-x86_64 0.4-7 2.78 39.36 42.14 NOTE
r-release-osx-x86_64-mavericks 0.4-7 NOTE
r-release-osx-x86_64-snowleopard 0.4-7 NOTE
r-release-windows-ix86+x86_64 0.4-7 11.00 75.00 86.00 NOTE
r-oldrel-windows-ix86+x86_64 0.4-7 13.00 95.00 108.00 NOTE

Check Details

Version: 0.4-7
Check: S3 generic/method consistency
Result: NOTE
    Found the following apparent S3 methods exported but not registered:
     as.data.frame.circular lines.edf modal.region.circular
     modal.region.default plot.edf plot.function.circular
    See section ‘Registering S3 methods’ in the ‘Writing R Extensions’
    manual.
Flavors: r-devel-linux-x86_64-debian-clang, r-devel-linux-x86_64-debian-gcc, r-devel-linux-x86_64-fedora-clang, r-devel-linux-x86_64-fedora-gcc, r-devel-osx-x86_64-clang, r-patched-linux-x86_64, r-release-linux-x86_64

Version: 0.4-7
Check: foreign function calls
Result: NOTE
    Call with DUP:
     .C("R_distance", x = as.double(x), nr = N, nc = ncol(x), d = double(N *
     (N - 1)/2), diag = as.integer(FALSE), method = as.integer(method),
     DUP = FALSE, NAOK = TRUE, PACKAGE = "circular")
    DUP is no longer supported and will be ignored.
Flavors: r-devel-linux-x86_64-debian-clang, r-devel-linux-x86_64-debian-gcc, r-devel-linux-x86_64-fedora-clang, r-devel-linux-x86_64-fedora-gcc, r-devel-osx-x86_64-clang, r-devel-windows-ix86+x86_64, r-patched-linux-x86_64, r-patched-solaris-sparc, r-patched-solaris-x86, r-release-linux-x86_64, r-release-osx-x86_64-mavericks, r-release-osx-x86_64-snowleopard, r-release-windows-ix86+x86_64

Version: 0.4-7
Check: R code for possible problems
Result: NOTE
    print.rao.spacing.test: no visible binding for global variable
     ‘rao.table’
Flavors: r-devel-linux-x86_64-debian-clang, r-devel-linux-x86_64-debian-gcc, r-devel-linux-x86_64-fedora-clang, r-devel-linux-x86_64-fedora-gcc, r-devel-osx-x86_64-clang, r-devel-windows-ix86+x86_64, r-patched-linux-x86_64, r-patched-solaris-sparc, r-patched-solaris-x86, r-release-linux-x86_64, r-release-osx-x86_64-mavericks, r-release-osx-x86_64-snowleopard, r-release-windows-ix86+x86_64, r-oldrel-windows-ix86+x86_64

Version: 0.4-7
Check: foreign function calls
Result: NOTE
    Call with DUP != TRUE:
     .C("R_distance", x = as.double(x), nr = N, nc = ncol(x), d = double(N *
     (N - 1)/2), diag = as.integer(FALSE), method = as.integer(method),
     DUP = FALSE, NAOK = TRUE, PACKAGE = "circular")
    DUP = FALSE is deprecated and will be disabled in future versions of R.
Flavor: r-oldrel-windows-ix86+x86_64