CRAN Package Check Results for Package circular

Last updated on 2017-10-19 11:47:24.

Flavor Version Tinstall Tcheck Ttotal Status Flags
r-devel-linux-x86_64-debian-clang 0.4-93 2.94 47.99 50.93 OK
r-devel-linux-x86_64-debian-gcc 0.4-93 6.65 49.32 55.96 OK
r-devel-linux-x86_64-fedora-clang 0.4-93 95.24 OK
r-devel-linux-x86_64-fedora-gcc 0.4-93 102.70 OK
r-devel-windows-ix86+x86_64 0.4-93 17.00 116.00 133.00 OK
r-patched-linux-x86_64 0.4-93 2.87 49.17 52.05 OK
r-patched-solaris-x86 0.4-93 108.00 OK
r-release-linux-x86_64 0.4-93 2.97 47.87 50.84 OK
r-release-windows-ix86+x86_64 0.4-93 26.00 99.00 125.00 OK
r-release-osx-x86_64 0.4-93 OK
r-oldrel-windows-ix86+x86_64 0.4-93 25.00 115.00 140.00 NOTE
r-oldrel-osx-x86_64 0.4-93 NOTE

Check Details

Version: 0.4-93
Check: R code for possible problems
Result: NOTE
    regularize.values: possible error in xy.coords(x, y, setLab = FALSE):
     unused argument (setLab = FALSE)
Flavors: r-oldrel-windows-ix86+x86_64, r-oldrel-osx-x86_64