CRAN Package Check Results for Package circular

Last updated on 2014-12-22 03:48:51.

Flavor Version Tinstall Tcheck Ttotal Status Flags
r-devel-linux-x86_64-debian-clang 0.4-7 3.10 41.66 44.76 NOTE
r-devel-linux-x86_64-debian-gcc 0.4-7 2.59 41.67 44.26 NOTE
r-devel-linux-x86_64-fedora-clang 0.4-7 86.49 NOTE
r-devel-linux-x86_64-fedora-gcc 0.4-7 80.39 NOTE
r-devel-osx-x86_64-clang 0.4-7 75.27 NOTE
r-devel-windows-ix86+x86_64 0.4-7 18.00 78.00 96.00 NOTE
r-patched-linux-x86_64 0.4-7 2.81 42.64 45.46 NOTE
r-patched-solaris-sparc 0.4-7 505.10 NOTE
r-patched-solaris-x86 0.4-7 102.00 NOTE
r-release-linux-ix86 0.4-7 3.77 51.65 55.42 NOTE
r-release-linux-x86_64 0.4-7 2.73 43.83 46.56 NOTE
r-release-osx-x86_64-mavericks 0.4-7 NOTE
r-release-osx-x86_64-snowleopard 0.4-7 OK
r-release-windows-ix86+x86_64 0.4-7 19.00 78.00 97.00 NOTE
r-oldrel-windows-ix86+x86_64 0.4-7 18.00 81.00 99.00 OK

Check Details

Version: 0.4-7
Check: foreign function calls
Result: NOTE
    Call with DUP:
     .C("R_distance", x = as.double(x), nr = N, nc = ncol(x), d = double(N *
     (N - 1)/2), diag = as.integer(FALSE), method = as.integer(method),
     DUP = FALSE, NAOK = TRUE, PACKAGE = "circular")
    DUP is no longer supported and will be ignored.
Flavors: r-devel-linux-x86_64-debian-clang, r-devel-linux-x86_64-debian-gcc, r-devel-linux-x86_64-fedora-clang, r-devel-linux-x86_64-fedora-gcc, r-devel-osx-x86_64-clang, r-devel-windows-ix86+x86_64

Version: 0.4-7
Check: R code for possible problems
Result: NOTE
    print.rao.spacing.test: no visible binding for global variable
     ‘rao.table’
Flavors: r-devel-linux-x86_64-debian-clang, r-devel-linux-x86_64-debian-gcc, r-devel-linux-x86_64-fedora-clang, r-devel-linux-x86_64-fedora-gcc, r-devel-osx-x86_64-clang, r-devel-windows-ix86+x86_64, r-patched-linux-x86_64, r-patched-solaris-sparc, r-patched-solaris-x86, r-release-linux-ix86, r-release-linux-x86_64, r-release-windows-ix86+x86_64

Version: 0.4-7
Check: foreign function calls
Result: NOTE
    Call with DUP != TRUE:
     .C("R_distance", x = as.double(x), nr = N, nc = ncol(x), d = double(N *
     (N - 1)/2), diag = as.integer(FALSE), method = as.integer(method),
     DUP = FALSE, NAOK = TRUE, PACKAGE = "circular")
    DUP = FALSE is deprecated and will be disabled in future versions of R.
Flavors: r-patched-linux-x86_64, r-patched-solaris-sparc, r-patched-solaris-x86, r-release-linux-ix86, r-release-linux-x86_64, r-release-windows-ix86+x86_64

Version: 0.4-7
Check: foreign function calls
Result: NOTE
    Call with DUP = FALSE:
     .C("R_distance", x = as.double(x), nr = N, nc = ncol(x), d = double(N *
     (N - 1)/2), diag = as.integer(FALSE), method = as.integer(method),
     DUP = FALSE, NAOK = TRUE, PACKAGE = "circular")
    DUP = FALSE is deprecated and may be disabled in future versions of R.
Flavor: r-release-osx-x86_64-mavericks