CRAN Package Check Results for Package circular

Last updated on 2017-08-16 20:47:53.

Flavor Version Tinstall Tcheck Ttotal Status Flags
r-devel-linux-x86_64-debian-clang 0.4-93 3.48 47.83 51.30 OK
r-devel-linux-x86_64-debian-gcc 0.4-93 3.00 46.31 49.30 OK
r-devel-linux-x86_64-fedora-clang 0.4-93 95.12 OK
r-devel-linux-x86_64-fedora-gcc 0.4-93 92.55 OK
r-devel-windows-ix86+x86_64 0.4-93 18.00 105.00 123.00 OK
r-patched-linux-x86_64 0.4-93 2.99 47.73 50.72 OK
r-patched-solaris-x86 0.4-93 111.50 OK
r-release-linux-x86_64 0.4-93 2.99 48.29 51.28 OK
r-release-windows-ix86+x86_64 0.4-93 18.00 128.00 146.00 OK
r-release-osx-x86_64 0.4-93 OK
r-oldrel-windows-ix86+x86_64 0.4-93 27.00 91.00 118.00 NOTE
r-oldrel-osx-x86_64 0.4-93 NOTE

Check Details

Version: 0.4-93
Check: R code for possible problems
Result: NOTE
    regularize.values: possible error in xy.coords(x, y, setLab = FALSE):
     unused argument (setLab = FALSE)
Flavors: r-oldrel-windows-ix86+x86_64, r-oldrel-osx-x86_64