CRAN Package Check Results for Package circular

Last updated on 2018-02-25 21:55:50 CET.

Flavor Version Tinstall Tcheck Ttotal Status Flags
r-devel-linux-x86_64-debian-clang 0.4-93 12.40 69.45 81.85 OK
r-devel-linux-x86_64-debian-gcc 0.4-93 7.60 53.02 60.62 OK
r-devel-linux-x86_64-fedora-clang 0.4-93 97.56 OK
r-devel-linux-x86_64-fedora-gcc 0.4-93 96.93 OK
r-devel-windows-ix86+x86_64 0.4-93 37.00 121.00 158.00 OK
r-patched-linux-x86_64 0.4-93 3.84 77.47 81.31 OK
r-patched-solaris-x86 0.4-93 106.70 OK
r-release-linux-x86_64 0.4-93 4.12 77.43 81.55 OK
r-release-windows-ix86+x86_64 0.4-93 18.00 139.00 157.00 OK
r-release-osx-x86_64 0.4-93 OK
r-oldrel-windows-ix86+x86_64 0.4-93 16.00 91.00 107.00 NOTE
r-oldrel-osx-x86_64 0.4-93 NOTE

Check Details

Version: 0.4-93
Check: R code for possible problems
Result: NOTE
    regularize.values: possible error in xy.coords(x, y, setLab = FALSE):
     unused argument (setLab = FALSE)
Flavors: r-oldrel-windows-ix86+x86_64, r-oldrel-osx-x86_64