CRAN Package Check Results for Package circumplex

Last updated on 2020-07-04 12:48:38 CEST.

Flavor Version Tinstall Tcheck Ttotal Status Flags
r-devel-linux-x86_64-debian-clang 0.3.6 45.00 193.02 238.02 OK
r-devel-linux-x86_64-debian-gcc 0.3.6 32.43 141.76 174.19 OK
r-devel-linux-x86_64-fedora-clang 0.3.6 301.75 OK
r-devel-linux-x86_64-fedora-gcc 0.3.6 279.97 OK
r-devel-windows-ix86+x86_64 0.3.6 124.00 377.00 501.00 OK
r-patched-linux-x86_64 0.3.6 38.03 184.41 222.44 OK
r-patched-solaris-x86 0.3.6 384.40 OK
r-release-linux-x86_64 0.3.6 36.09 189.12 225.21 OK
r-release-osx-x86_64 0.3.6 OK
r-release-windows-ix86+x86_64 0.3.6 95.00 264.00 359.00 OK
r-oldrel-osx-x86_64 0.3.6 ERROR
r-oldrel-windows-ix86+x86_64 0.3.6 121.00 357.00 478.00 OK

Check Details

Version: 0.3.6
Check: package dependencies
Result: ERROR
    Packages required and available but unsuitable versions: 'Rcpp', 'Rcpp'
    
    See section ‘The DESCRIPTION file’ in the ‘Writing R Extensions’
    manual.
Flavor: r-oldrel-osx-x86_64