CRAN Package Check Results for Package cit

Last updated on 2024-02-28 19:49:31 CET.

Flavor Version Tinstall Tcheck Ttotal Status Flags
r-devel-linux-x86_64-debian-clang 2.3.1 14.45 35.50 49.95 NOTE
r-devel-linux-x86_64-debian-gcc 2.3.1 11.43 26.88 38.31 NOTE
r-devel-linux-x86_64-fedora-clang 2.3.1 71.31 NOTE
r-devel-linux-x86_64-fedora-gcc 2.3.1 62.91 NOTE
r-devel-windows-x86_64 2.3.1 16.00 70.00 86.00 NOTE
r-patched-linux-x86_64 2.3.1 15.26 34.86 50.12 NOTE
r-release-linux-x86_64 2.3.1 14.89 34.73 49.62 NOTE
r-release-macos-arm64 2.3.1 23.00 NOTE
r-release-macos-x86_64 2.3.1 39.00 NOTE
r-release-windows-x86_64 2.3.1 15.00 78.00 93.00 NOTE
r-oldrel-macos-arm64 2.3.1 24.00 OK
r-oldrel-windows-x86_64 2.3.1 21.00 80.00 101.00 OK

Check Details

Version: 2.3.1
Check: C++ specification
Result: NOTE Specified C++11: please drop specification unless essential Flavors: r-devel-linux-x86_64-debian-clang, r-devel-linux-x86_64-debian-gcc, r-devel-linux-x86_64-fedora-clang, r-devel-linux-x86_64-fedora-gcc, r-devel-windows-x86_64, r-patched-linux-x86_64, r-release-linux-x86_64, r-release-macos-arm64, r-release-macos-x86_64, r-release-windows-x86_64