CRAN Package Check Results for Package cjoint

Last updated on 2024-02-23 11:53:19 CET.

Flavor Version Tinstall Tcheck Ttotal Status Flags
r-devel-linux-x86_64-debian-clang 2.1.1 OK
r-devel-linux-x86_64-debian-gcc 2.1.1 14.74 117.66 132.40 OK
r-devel-linux-x86_64-fedora-clang 2.1.1 228.53 NOTE
r-devel-linux-x86_64-fedora-gcc 2.1.1 211.43 NOTE
r-devel-windows-x86_64 2.1.1 16.00 135.00 151.00 OK
r-patched-linux-x86_64 2.1.1 13.27 155.15 168.42 OK
r-release-linux-x86_64 2.1.1 14.18 152.57 166.75 OK
r-release-macos-arm64 2.1.1 70.00 OK
r-release-macos-x86_64 2.1.1 151.00 OK
r-release-windows-x86_64 2.1.1 21.00 165.00 186.00 OK
r-oldrel-macos-arm64 2.1.1 73.00 OK
r-oldrel-windows-x86_64 2.1.1 22.00 166.00 188.00 OK

Check Details

Version: 2.1.1
Check: data for non-ASCII characters
Result: NOTE Note: found 29 marked UTF-8 strings Flavors: r-devel-linux-x86_64-fedora-clang, r-devel-linux-x86_64-fedora-gcc