CRAN Package Check Results for Package clValid

Last updated on 2015-03-01 16:46:50.

Flavor Version Tinstall Tcheck Ttotal Status Flags
r-devel-linux-x86_64-debian-clang 0.6-6 0.97 90.22 91.19 NOTE
r-devel-linux-x86_64-debian-gcc 0.6-6 0.95 92.37 93.32 NOTE
r-devel-linux-x86_64-fedora-clang 0.6-6 188.17 NOTE
r-devel-linux-x86_64-fedora-gcc 0.6-6 177.47 NOTE
r-devel-osx-x86_64-clang 0.6-6 152.40 NOTE
r-devel-windows-ix86+x86_64 0.6-6 4.00 63.00 67.00 NOTE
r-patched-linux-x86_64 0.6-6 1.13 100.96 102.08 NOTE
r-patched-solaris-sparc 0.6-6 1259.00 NOTE
r-patched-solaris-x86 0.6-6 226.20 NOTE
r-release-linux-ix86 0.6-6 1.49 122.43 123.92 NOTE
r-release-linux-x86_64 0.6-6 1.10 99.86 100.96 NOTE
r-release-osx-x86_64-mavericks 0.6-6 NOTE
r-release-osx-x86_64-snowleopard 0.6-6 NOTE
r-release-windows-ix86+x86_64 0.6-6 5.00 76.00 81.00 NOTE
r-oldrel-windows-ix86+x86_64 0.6-6 5.00 72.00 77.00 NOTE

Check Details

Version: 0.6-6
Check: dependencies in R code
Result: NOTE
    'library' or 'require' calls in package code:
     ‘Biobase’ ‘GO.db’ ‘annotate’ ‘kohonen’ ‘mclust’
     Please use :: or requireNamespace() instead.
     See section 'Suggested packages' in the 'Writing R Extensions' manual.
Flavors: r-devel-linux-x86_64-debian-clang, r-devel-linux-x86_64-debian-gcc, r-devel-linux-x86_64-fedora-clang, r-devel-linux-x86_64-fedora-gcc, r-devel-osx-x86_64-clang, r-devel-windows-ix86+x86_64, r-patched-linux-x86_64, r-patched-solaris-sparc, r-patched-solaris-x86

Version: 0.6-6
Check: R code for possible problems
Result: NOTE
    BHI: no visible global function definition for ‘getGO’
    BHI: no visible binding for global variable ‘dropECode’
    BSI: no visible global function definition for ‘getGO’
    BSI: no visible binding for global variable ‘dropECode’
    vClusters: no visible global function definition for ‘Mclust’
    vClusters: no visible global function definition for ‘som’
Flavors: r-devel-linux-x86_64-debian-clang, r-devel-linux-x86_64-debian-gcc, r-devel-linux-x86_64-fedora-clang, r-devel-linux-x86_64-fedora-gcc, r-devel-osx-x86_64-clang, r-devel-windows-ix86+x86_64, r-patched-linux-x86_64, r-patched-solaris-sparc, r-patched-solaris-x86, r-release-linux-ix86, r-release-linux-x86_64, r-release-osx-x86_64-mavericks, r-release-windows-ix86+x86_64

Version: 0.6-6
Check: package dependencies
Result: NOTE
    Package suggested but not available for checking: 'moe430a.db'
Flavors: r-devel-windows-ix86+x86_64, r-release-windows-ix86+x86_64, r-oldrel-windows-ix86+x86_64

Version: 0.6-6
Check: re-building of vignette outputs
Result: NOTE
    Error in re-building vignettes:
     ...
     toHTML
    
    
    Attaching package: 'annotate'
    
    The following object is masked from 'package:GenomeInfoDb':
    
     organism
    
    Loading required package: GO.db
    Loading required package: DBI
    
    Loading required package: moe430a.db
    Warning in library(package, lib.loc = lib.loc, character.only = TRUE, logical.return = TRUE, :
     there is no package called 'moe430a.db'
    Loading required package: RankAggreg
    Warning: running command '"D:\compiler\texmf\miktex\bin\texi2dvi.exe" --quiet --pdf "clValid.tex" --max-iterations=20 -I "D:/RCompile/recent/R/share/texmf/tex/latex" -I "D:/RCompile/recent/R/share/texmf/bibtex/bst"' had status 1
    Error: running 'texi2dvi' on 'clValid.tex' failed
    
    LaTeX errors:
    !pdfTeX error: pdflatex.EXE (file d:/RCompile/CRANpkg/local/3.2/clValid.Rcheck/
    vign_test/clValid/vignettes/clValid-022.pdf): PDF inclusion: required page does
     not exist <0>
     ==> Fatal error occurred, no output PDF file produced!
    Execution halted
Flavor: r-devel-windows-ix86+x86_64

Version: 0.6-6
Check: package dependencies
Result: NOTE
    Packages suggested but not available for checking: ‘annotate’ ‘moe430a.db’
Flavor: r-release-osx-x86_64-mavericks

Version: 0.6-6
Check: re-building of vignette outputs
Result: NOTE
    Error in re-building vignettes:
     ...
     Filter, Find, Map, Position, Reduce, anyDuplicated, append,
     as.data.frame, as.vector, cbind, colnames, do.call, duplicated,
     eval, evalq, get, intersect, is.unsorted, lapply, mapply, match,
     mget, order, paste, pmax, pmax.int, pmin, pmin.int, rank, rbind,
     rep.int, rownames, sapply, setdiff, sort, table, tapply, union,
     unique, unlist
    
    Welcome to Bioconductor
    
     Vignettes contain introductory material; view with
     'browseVignettes()'. To cite Bioconductor, see
     'citation("Biobase")', and for packages 'citation("pkgname")'.
    
    Loading required package: annotate
    Warning in library(package, lib.loc = lib.loc, character.only = TRUE, logical.return = TRUE, :
     there is no package called ‘annotate’
    Loading required package: RankAggreg
    Error in texi2dvi(file = file, pdf = TRUE, clean = clean, quiet = quiet, :
     Running 'texi2dvi' on 'clValid.tex' failed.
    LaTeX errors:
    !pdfTeX error: pdflatex (file ./clValid-022.pdf): PDF inclusion: required page
    does not exist <0>
     ==> Fatal error occurred, no output PDF file produced!
    Calls: buildVignettes -> texi2pdf -> texi2dvi
    Execution halted
Flavor: r-release-osx-x86_64-mavericks

Version: 0.6-6
Check: package dependencies
Result: NOTE
    Packages suggested but not available for checking:
     ‘Biobase’ ‘annotate’ ‘GO.db’ ‘moe430a.db’
Flavor: r-release-osx-x86_64-snowleopard

Version: 0.6-6
Check: R code for possible problems
Result: NOTE
    BHI: no visible global function definition for ‘getGO’
    BHI: no visible binding for global variable ‘dropECode’
    BSI: no visible global function definition for ‘getGO’
    BSI: no visible binding for global variable ‘dropECode’
Flavor: r-release-osx-x86_64-snowleopard

Version: 0.6-6
Check: Rd cross-references
Result: NOTE
    Package unavailable to check Rd xrefs: ‘Biobase’
Flavor: r-release-osx-x86_64-snowleopard

Version: 0.6-6
Check: re-building of vignette outputs
Result: NOTE
    Error in re-building vignettes:
     ...
    Loading required package: cluster
    Read 7 items
    Loading required package: Biobase
    Warning in library(package, lib.loc = lib.loc, character.only = TRUE, logical.return = TRUE, :
     there is no package called ‘Biobase’
    Loading required package: RankAggreg
    Loading required package: gtools
    Error in texi2dvi(file = file, pdf = TRUE, clean = clean, quiet = quiet, :
     Running 'texi2dvi' on 'clValid.tex' failed.
    LaTeX errors:
    !pdfTeX error: pdflatex (file ./clValid-022.pdf): PDF inclusion: required page
    does not exist <0>
     ==> Fatal error occurred, no output PDF file produced!
    Calls: buildVignettes -> texi2pdf -> texi2dvi
    Execution halted
Flavor: r-release-osx-x86_64-snowleopard

Version: 0.6-6
Check: re-building of vignette outputs
Result: NOTE
    Error in re-building vignettes:
     ...
     toHTML
    
    
    Attaching package: 'annotate'
    
    The following object is masked from 'package:GenomeInfoDb':
    
     organism
    
    Loading required package: GO.db
    Loading required package: DBI
    
    Loading required package: moe430a.db
    Warning in library(package, lib.loc = lib.loc, character.only = TRUE, logical.return = TRUE, :
     there is no package called 'moe430a.db'
    Loading required package: RankAggreg
    Warning: running command '"D:\compiler\texmf\miktex\bin\texi2dvi.exe" --quiet --pdf "clValid.tex" --max-iterations=20 -I "D:/RCompile/recent/R-3.1.2/share/texmf/tex/latex" -I "D:/RCompile/recent/R-3.1.2/share/texmf/bibtex/bst"' had status 1
    Error: running 'texi2dvi' on 'clValid.tex' failed
    
    LaTeX errors:
    !pdfTeX error: pdflatex.EXE (file d:/RCompile/CRANpkg/local/3.1/clValid.Rcheck/
    vign_test/clValid/vignettes/clValid-022.pdf): PDF inclusion: required page does
     not exist <0>
     ==> Fatal error occurred, no output PDF file produced!
    Execution halted
Flavor: r-release-windows-ix86+x86_64

Version: 0.6-6
Check: R code for possible problems
Result: NOTE
    Error : .onLoad failed in loadNamespace() for 'GO.db', details:
     call: match.arg(synchronous, c("off", "normal", "full"))
     error: 'arg' must be NULL or a character vector
Flavor: r-oldrel-windows-ix86+x86_64

Version: 0.6-6
Check: re-building of vignette outputs
Result: NOTE
    Error in re-building vignettes:
     ...
     unlist
    
    Welcome to Bioconductor
    
     Vignettes contain introductory material; view with
     'browseVignettes()'. To cite Bioconductor, see
     'citation("Biobase")', and for packages 'citation("pkgname")'.
    
    Loading required package: annotate
    Loading required package: AnnotationDbi
    Loading required package: GO.db
    Loading required package: DBI
    Error : .onLoad failed in loadNamespace() for 'GO.db', details:
     call: match.arg(synchronous, c("off", "normal", "full"))
     error: 'arg' must be NULL or a character vector
    Loading required package: RankAggreg
    Warning: running command '"D:\compiler\texmf\miktex\bin\texi2dvi.exe" --quiet --pdf "clValid.tex" -I "D:/Rcompile/recent/R-3.0.3/share/texmf/tex/latex" -I "D:/Rcompile/recent/R-3.0.3/share/texmf/bibtex/bst"' had status 1
    Error: running 'texi2dvi' on 'clValid.tex' failed
    
    LaTeX errors:
    !pdfTeX error: pdflatex.EXE (file d:/RCompile/CRANpkg/local/3.0/clValid.Rcheck/
    vign_test/clValid/vignettes/clValid-022.pdf): PDF inclusion: required page does
     not exist <0>
     ==> Fatal error occurred, no output PDF file produced!
    Execution halted
Flavor: r-oldrel-windows-ix86+x86_64