CRAN Package Check Results for Package clValid

Last updated on 2016-05-29 23:47:31.

Flavor Version Tinstall Tcheck Ttotal Status Flags
r-devel-linux-x86_64-debian-gcc 0.6-6 1.03 61.31 62.34 NOTE
r-devel-linux-x86_64-fedora-clang 0.6-6 134.26 NOTE
r-devel-linux-x86_64-fedora-gcc 0.6-6 122.41 NOTE
r-devel-osx-x86_64-clang 0.6-6 130.12 NOTE
r-devel-windows-ix86+x86_64 0.6-6 4.00 57.00 61.00 WARN
r-patched-linux-x86_64 0.6-6 0.96 61.28 62.23 NOTE
r-patched-solaris-sparc 0.6-6 740.60 NOTE
r-patched-solaris-x86 0.6-6 141.20 NOTE
r-release-linux-x86_64 0.6-6 1.02 61.66 62.67 NOTE
r-release-osx-x86_64-mavericks 0.6-6 NOTE
r-release-windows-ix86+x86_64 0.6-6 5.00 67.00 72.00 WARN
r-oldrel-windows-ix86+x86_64 0.6-6 4.00 72.00 76.00 NOTE

Check Details

Version: 0.6-6
Check: dependencies in R code
Result: NOTE
    'library' or 'require' calls in package code:
     ‘Biobase’ ‘GO.db’ ‘annotate’ ‘kohonen’ ‘mclust’
     Please use :: or requireNamespace() instead.
     See section 'Suggested packages' in the 'Writing R Extensions' manual.
Flavors: r-devel-linux-x86_64-debian-gcc, r-devel-linux-x86_64-fedora-clang, r-devel-linux-x86_64-fedora-gcc, r-devel-osx-x86_64-clang, r-devel-windows-ix86+x86_64, r-patched-linux-x86_64, r-patched-solaris-sparc, r-patched-solaris-x86, r-release-linux-x86_64, r-release-osx-x86_64-mavericks, r-release-windows-ix86+x86_64, r-oldrel-windows-ix86+x86_64

Version: 0.6-6
Check: R code for possible problems
Result: NOTE
    BHI: no visible global function definition for ‘getGO’
    BHI: no visible binding for global variable ‘dropECode’
    BSI: no visible global function definition for ‘xtabs’
    BSI: no visible global function definition for ‘getGO’
    BSI: no visible binding for global variable ‘dropECode’
    clValid: no visible global function definition for ‘as.dist’
    clValid: no visible global function definition for ‘cor’
    clValid: no visible global function definition for ‘dist’
    connectivity: no visible global function definition for ‘dist’
    dist.fn: no visible global function definition for ‘cor’
    dunn: no visible global function definition for ‘dist’
    mysilhouette: no visible global function definition for ‘dist’
    plot.sota: no visible global function definition for ‘par’
    plot.sota: no visible global function definition for ‘legend’
    plot.sota: no visible global function definition for ‘lines’
    stability: no visible global function definition for ‘xtabs’
    stability: no visible global function definition for ‘dist’
    vClusters: no visible global function definition for ‘hclust’
    vClusters: no visible global function definition for ‘cutree’
    vClusters: no visible global function definition for ‘kmeans’
    vClusters: no visible global function definition for ‘Mclust’
    vClusters: no visible global function definition for ‘som’
    vClusters: no visible global function definition for ‘as.dist’
    vClusters: no visible global function definition for ‘cor’
    vClusters: no visible global function definition for ‘dist’
    plot,clValid-missing: no visible global function definition for ‘par’
    plot,clValid-missing: no visible global function definition for
     ‘dev.interactive’
    plot,clValid-missing: no visible global function definition for
     ‘matplot’
    plot,clValid-missing: no visible global function definition for ‘axis’
    summary,clValid: no visible global function definition for ‘ftable’
    Undefined global functions or variables:
     Mclust as.dist axis cor cutree dev.interactive dist dropECode ftable
     getGO hclust kmeans legend lines matplot par som xtabs
    Consider adding
     importFrom("grDevices", "dev.interactive")
     importFrom("graphics", "axis", "legend", "lines", "matplot", "par")
     importFrom("stats", "as.dist", "cor", "cutree", "dist", "ftable",
     "hclust", "kmeans", "xtabs")
    to your NAMESPACE file.
Flavors: r-devel-linux-x86_64-debian-gcc, r-devel-linux-x86_64-fedora-clang, r-devel-linux-x86_64-fedora-gcc, r-devel-osx-x86_64-clang, r-devel-windows-ix86+x86_64, r-patched-linux-x86_64, r-patched-solaris-sparc, r-patched-solaris-x86, r-release-linux-x86_64, r-release-osx-x86_64-mavericks, r-release-windows-ix86+x86_64

Version: 0.6-6
Check: package dependencies
Result: NOTE
    Package suggested but not available for checking: 'moe430a.db'
Flavors: r-devel-windows-ix86+x86_64, r-release-osx-x86_64-mavericks, r-release-windows-ix86+x86_64, r-oldrel-windows-ix86+x86_64

Version: 0.6-6
Check: re-building of vignette outputs
Result: WARN
    Error in re-building vignettes:
     ...
    
     colMeans, colSums, expand.grid, rowMeans, rowSums
    
    Loading required package: XML
    
    Attaching package: 'XML'
    
    The following object is masked from 'package:tools':
    
     toHTML
    
    Loading required package: GO.db
    
    Loading required package: moe430a.db
    Warning in library(package, lib.loc = lib.loc, character.only = TRUE, logical.return = TRUE, :
     there is no package called 'moe430a.db'
    Loading required package: RankAggreg
    Warning: running command '"D:\compiler\texmf\miktex\bin\texify.exe" --quiet --pdf "clValid.tex" --max-iterations=20 -I "D:/RCompile/recent/R/share/texmf/tex/latex" -I "D:/RCompile/recent/R/share/texmf/bibtex/bst"' had status 1
    Error: running 'texi2dvi' on 'clValid.tex' failed
    
    LaTeX errors:
    !pdfTeX error: pdflatex.EXE (file ./clValid-022.pdf): PDF inclusion: required p
    age does not exist <0>
     ==> Fatal error occurred, no output PDF file produced!
    Execution halted
Flavor: r-devel-windows-ix86+x86_64

Version: 0.6-6
Check: re-building of vignette outputs
Result: NOTE
    Error in re-building vignettes:
     ...
    
     colMeans, colSums, expand.grid, rowMeans, rowSums
    
    Loading required package: XML
    
    Attaching package: ‘XML’
    
    The following object is masked from ‘package:tools’:
    
     toHTML
    
    Loading required package: GO.db
    
    Loading required package: moe430a.db
    Warning in library(package, lib.loc = lib.loc, character.only = TRUE, logical.return = TRUE, :
     there is no package called ‘moe430a.db’
    Loading required package: RankAggreg
    Error in texi2dvi(file = file, pdf = TRUE, clean = clean, quiet = quiet, :
     Running 'texi2dvi' on 'clValid.tex' failed.
    LaTeX errors:
    !pdfTeX error: pdflatex (file ./clValid-022.pdf): PDF inclusion: required page
    does not exist <0>
     ==> Fatal error occurred, no output PDF file produced!
    Calls: buildVignettes -> texi2pdf -> texi2dvi
    Execution halted
Flavor: r-release-osx-x86_64-mavericks

Version: 0.6-6
Check: re-building of vignette outputs
Result: WARN
    Error in re-building vignettes:
     ...
    
     colMeans, colSums, expand.grid, rowMeans, rowSums
    
    Loading required package: XML
    
    Attaching package: 'XML'
    
    The following object is masked from 'package:tools':
    
     toHTML
    
    Loading required package: GO.db
    
    Loading required package: moe430a.db
    Warning in library(package, lib.loc = lib.loc, character.only = TRUE, logical.return = TRUE, :
     there is no package called 'moe430a.db'
    Loading required package: RankAggreg
    Warning: running command '"D:\compiler\texmf\miktex\bin\texify.exe" --quiet --pdf "clValid.tex" --max-iterations=20 -I "D:/RCompile/recent/R-3.3.0/share/texmf/tex/latex" -I "D:/RCompile/recent/R-3.3.0/share/texmf/bibtex/bst"' had status 1
    Error: running 'texi2dvi' on 'clValid.tex' failed
    
    LaTeX errors:
    !pdfTeX error: pdflatex.EXE (file ./clValid-022.pdf): PDF inclusion: required p
    age does not exist <0>
     ==> Fatal error occurred, no output PDF file produced!
    Execution halted
Flavor: r-release-windows-ix86+x86_64

Version: 0.6-6
Check: R code for possible problems
Result: NOTE
    BHI: no visible global function definition for 'getGO'
    BHI: no visible binding for global variable 'dropECode'
    BSI: no visible global function definition for 'getGO'
    BSI: no visible binding for global variable 'dropECode'
    vClusters: no visible global function definition for 'Mclust'
    vClusters: no visible global function definition for 'som'
Flavor: r-oldrel-windows-ix86+x86_64

Version: 0.6-6
Check: re-building of vignette outputs
Result: NOTE
    Error in re-building vignettes:
     ...
    Loading required package: IRanges
    Loading required package: S4Vectors
    Loading required package: XML
    
    Attaching package: 'XML'
    
    The following object is masked from 'package:tools':
    
     toHTML
    
    Loading required package: GO.db
    Loading required package: DBI
    
    Loading required package: moe430a.db
    Warning in library(package, lib.loc = lib.loc, character.only = TRUE, logical.return = TRUE, :
     there is no package called 'moe430a.db'
    Loading required package: RankAggreg
    Warning: running command '"D:\compiler\texmf\miktex\bin\texify.exe" --quiet --pdf "clValid.tex" --max-iterations=20 -I "D:/RCompile/recent/R-3.2.5/share/texmf/tex/latex" -I "D:/RCompile/recent/R-3.2.5/share/texmf/bibtex/bst"' had status 1
    Error: running 'texi2dvi' on 'clValid.tex' failed
    
    LaTeX errors:
    !pdfTeX error: pdflatex.EXE (file ./clValid-022.pdf): PDF inclusion: required p
    age does not exist <0>
     ==> Fatal error occurred, no output PDF file produced!
    Execution halted
Flavor: r-oldrel-windows-ix86+x86_64